000
CDUS44 KSHV 210831
CLISHV


CLIMATE REPORT
NATIONAL WEATHER SERVICE SHREVEPORT, LA
230 AM CST SUN DEC 21 2014


...................................

...THE SHREVEPORT CLIMATE SUMMARY FOR DECEMBER 20 2014...

CLIMATE NORMAL PERIOD 1981 TO 2010
CLIMATE RECORD PERIOD 1874 TO 2014


WEATHER ITEM   OBSERVED TIME   RECORD YEAR NORMAL DEPARTURE LAST
                VALUE   (LST)  VALUE       VALUE  FROM      YEAR
                                                  NORMAL
..................................................................
TEMPERATURE (F)
 YESTERDAY
  MAXIMUM         47    459 PM  80    1967  58    -11       74
  MINIMUM         37   1158 PM  14    1901  37      0       65
  AVERAGE         42                        47     -5       70

PRECIPITATION (IN)
  YESTERDAY        0.00          2.81 1970   0.16  -0.16      T
  MONTH TO DATE    2.85                      3.19  -0.34     2.19
  SINCE DEC 1      2.85                      3.19  -0.34     2.19
  SINCE JAN 1     40.32                     49.83  -9.51    50.66

SNOWFALL (IN)
  YESTERDAY        0.0
  MONTH TO DATE    0.0
  SINCE DEC 1      0.0
  SINCE JUL 1      T
  SNOW DEPTH       0

DEGREE DAYS
 HEATING
  YESTERDAY       23                        18      5        0
  MONTH TO DATE  242                       327    -85      343
  SINCE DEC 1    242                       327    -85      343
  SINCE JUL 1    646                       698    -52      754

 COOLING
  YESTERDAY        0                         0      0        5
  MONTH TO DATE    2                         0      2       11
  SINCE DEC 1      2                         0      2       11
  SINCE JAN 1   2498                      2474     24     2717
..................................................................


WIND (MPH)
  HIGHEST WIND SPEED    12   HIGHEST WIND DIRECTION     E (70)
  HIGHEST GUST SPEED    14   HIGHEST GUST DIRECTION    NE (60)
  AVERAGE WIND SPEED     4.8


SKY COVER
  POSSIBLE SUNSHINE  MM
  AVERAGE SKY COVER 0.8


WEATHER CONDITIONS
 THE FOLLOWING WEATHER WAS RECORDED YESTERDAY.
  FOG
  FOG W/VISIBILITY <= 1/4 MILE
  HAZE


RELATIVE HUMIDITY (PERCENT)
 HIGHEST   100           800 PM
 LOWEST     86           200 AM
 AVERAGE    93

..........................................................


THE SHREVEPORT CLIMATE NORMALS FOR TODAY
                         NORMAL    RECORD    YEAR
 MAXIMUM TEMPERATURE (F)   57        82      2010
 MINIMUM TEMPERATURE (F)   37        18      1973


SUNRISE AND SUNSET
DECEMBER 21 2014......SUNRISE   713 AM CST   SUNSET   514 PM CST
DECEMBER 22 2014......SUNRISE   713 AM CST   SUNSET   514 PM CST


-  INDICATES NEGATIVE NUMBERS.
R  INDICATES RECORD WAS SET OR TIED.
MM INDICATES DATA IS MISSING.
T  INDICATES TRACE AMOUNT.




$$
