000
CDUS44 KSHV 232151
CLISHV


CLIMATE REPORT
NATIONAL WEATHER SERVICE SHREVEPORT, LA
451 PM CDT MON OCT 23 2017


...................................

...THE SHREVEPORT CLIMATE SUMMARY FOR OCTOBER 23 2017...
VALID TODAY AS OF 0400 PM LOCAL TIME.

CLIMATE NORMAL PERIOD 1981 TO 2010
CLIMATE RECORD PERIOD 1874 TO 2017


WEATHER ITEM   OBSERVED TIME   RECORD YEAR NORMAL DEPARTURE LAST
                VALUE   (LST)  VALUE       VALUE  FROM      YEAR
                                                  NORMAL
..................................................................
TEMPERATURE (F)
 TODAY
  MAXIMUM         79    259 PM  92    1939  76      3       79
  MINIMUM         46    635 AM  35    1952  52     -6       46
  AVERAGE         63                        64     -1       63

PRECIPITATION (IN)
  TODAY            0.00          3.48 1986   0.18  -0.18     0.00
  MONTH TO DATE    0.80                      3.62  -2.82     0.98
  SINCE DEC 1     34.04                     45.54 -11.50    54.40
  SINCE JAN 1     30.90                     40.77  -9.87    51.51

SNOWFALL (IN)
  TODAY            0.0
  MONTH TO DATE    0.0
  SINCE SEP 1      0.0
  SINCE JUL 1      0.0
  SNOW DEPTH       0

DEGREE DAYS
 HEATING
  TODAY            2                         4     -2        2
  MONTH TO DATE    8                        45    -37       11
  SINCE SEP 1      8                        51    -43       11
  SINCE JUL 1      8                        51    -43       11

 COOLING
  TODAY            0                         3     -3        0
  MONTH TO DATE  186                       107     79      197
  SINCE SEP 1    562                       470     92      678
  SINCE JAN 1   2669                      2432    237     2919
..................................................................


WIND (MPH)
  HIGHEST WIND SPEED    12   HIGHEST WIND DIRECTION     W (270)
  HIGHEST GUST SPEED    18   HIGHEST GUST DIRECTION    NW (300)
  AVERAGE WIND SPEED     5.3


SKY COVER
  POSSIBLE SUNSHINE  MM
  AVERAGE SKY COVER 0.0


WEATHER CONDITIONS
 THE FOLLOWING WEATHER WAS RECORDED TODAY.
  NO SIGNIFICANT WEATHER WAS OBSERVED.


RELATIVE HUMIDITY (PERCENT)
 HIGHEST   100           500 AM
 LOWEST     23           300 PM
 AVERAGE    62

..........................................................


THE SHREVEPORT CLIMATE NORMALS FOR TOMORROW
                         NORMAL    RECORD    YEAR
 MAXIMUM TEMPERATURE (F)   76        89      1893
 MINIMUM TEMPERATURE (F)   52        35      1917


SUNRISE AND SUNSET
OCTOBER 23 2017.......SUNRISE   725 AM CDT   SUNSET   633 PM CDT
OCTOBER 24 2017.......SUNRISE   726 AM CDT   SUNSET   632 PM CDT


-  INDICATES NEGATIVE NUMBERS.
R  INDICATES RECORD WAS SET OR TIED.
MM INDICATES DATA IS MISSING.
T  INDICATES TRACE AMOUNT.




$$
