000
CDUS44 KSHV 220900
CLISHV


CLIMATE REPORT
NATIONAL WEATHER SERVICE SHREVEPORT, LA
300 AM CST SUN JAN 22 2017


...................................

...THE SHREVEPORT CLIMATE SUMMARY FOR JANUARY 21 2017...

CLIMATE NORMAL PERIOD 1981 TO 2010
CLIMATE RECORD PERIOD 1874 TO 2017


WEATHER ITEM   OBSERVED TIME   RECORD YEAR NORMAL DEPARTURE LAST
                VALUE   (LST)  VALUE       VALUE  FROM      YEAR
                                                  NORMAL
..................................................................
TEMPERATURE (F)
 YESTERDAY
  MAXIMUM         73    431 PM  81    1911  58     15       46
  MINIMUM         53    734 AM  10    1985  36     17       36
  AVERAGE         63                        47     16       41

PRECIPITATION (IN)
  YESTERDAY        0.00          2.11 1906   0.14  -0.14     1.32
  MONTH TO DATE    2.51                      2.73  -0.22     2.87
  SINCE DEC 1      5.65                      7.50  -1.85     5.76
  SINCE JAN 1      2.51                      2.73  -0.22     2.87

SNOWFALL (IN)
  YESTERDAY        0.0
  MONTH TO DATE    0.0
  SINCE DEC 1      0.0
  SINCE JUL 1      0.0
  SNOW DEPTH       0

DEGREE DAYS
 HEATING
  YESTERDAY        2                        18    -16       24
  MONTH TO DATE  215                       395   -180      394
  SINCE DEC 1    615                       926   -311      694
  SINCE JUL 1    769                      1297   -528      871

 COOLING
  YESTERDAY        0                         0      0        0
  MONTH TO DATE   21                         0     21        0
  SINCE DEC 1     46                         7     39       36
  SINCE JAN 1     21                         0     21        0
..................................................................


WIND (MPH)
  HIGHEST WIND SPEED    17   HIGHEST WIND DIRECTION     W (250)
  HIGHEST GUST SPEED    21   HIGHEST GUST DIRECTION     S (160)
  AVERAGE WIND SPEED     7.8


SKY COVER
  POSSIBLE SUNSHINE  MM
  AVERAGE SKY COVER 0.6


WEATHER CONDITIONS
 THE FOLLOWING WEATHER WAS RECORDED YESTERDAY.
  FOG


RELATIVE HUMIDITY (PERCENT)
 HIGHEST   100           100 AM
 LOWEST     73           200 PM
 AVERAGE    87

..........................................................


THE SHREVEPORT CLIMATE NORMALS FOR TODAY
                         NORMAL    RECORD    YEAR
 MAXIMUM TEMPERATURE (F)   58        80      2012
                                             1943
 MINIMUM TEMPERATURE (F)   36         8      1930


SUNRISE AND SUNSET
JANUARY 22 2017.......SUNRISE   715 AM CST   SUNSET   539 PM CST
JANUARY 23 2017.......SUNRISE   714 AM CST   SUNSET   540 PM CST


-  INDICATES NEGATIVE NUMBERS.
R  INDICATES RECORD WAS SET OR TIED.
MM INDICATES DATA IS MISSING.
T  INDICATES TRACE AMOUNT.




$$
