000
CDUS44 KSHV 170836
CLISHV


CLIMATE REPORT
NATIONAL WEATHER SERVICE SHREVEPORT, LA
335 AM CDT WED SEP 17 2014


...................................

...THE SHREVEPORT CLIMATE SUMMARY FOR SEPTEMBER 16 2014...

CLIMATE NORMAL PERIOD 1981 TO 2010
CLIMATE RECORD PERIOD 1874 TO 2014


WEATHER ITEM   OBSERVED TIME   RECORD YEAR NORMAL DEPARTURE LAST
                VALUE   (LST)  VALUE       VALUE  FROM      YEAR
                                                  NORMAL
..................................................................
TEMPERATURE (F)
 YESTERDAY
  MAXIMUM         93        MM 103    1980  88      5       96
  MINIMUM         73        MM  47    1881  66      7       71
  AVERAGE         83                        77      6       84

PRECIPITATION (IN)
  YESTERDAY        0.00          1.15 1949   0.10  -0.10     0.00
  MONTH TO DATE    1.21                      1.64  -0.43     0.06
  SINCE DEC 1     32.18                     40.40  -8.22    32.68
  SINCE JAN 1     27.20                     35.63  -8.43    27.02

SNOWFALL (IN)
  YESTERDAY        0.0
  MONTH TO DATE    0.0
  SINCE SEP 1      0.0
  SINCE JUL 1      0.0
  SNOW DEPTH       0

DEGREE DAYS
 HEATING
  YESTERDAY        0                         0      0        0
  MONTH TO DATE    0                         0      0        0
  SINCE SEP 1      0                         0      0        0
  SINCE JUL 1      0                         0      0        0

 COOLING
  YESTERDAY       18                        12      6       19
  MONTH TO DATE  260                       229     31      326
  SINCE SEP 1    260                       229     31      326
  SINCE JAN 1   2152                      2191    -39     2371
..................................................................


WIND (MPH)
  HIGHEST WIND SPEED    10   HIGHEST WIND DIRECTION    NE (40)
  HIGHEST GUST SPEED    MM   HIGHEST GUST DIRECTION    MM
  AVERAGE WIND SPEED     4.2


SKY COVER
  POSSIBLE SUNSHINE  MM
  AVERAGE SKY COVER 0.8


WEATHER CONDITIONS
 THE FOLLOWING WEATHER WAS RECORDED YESTERDAY.
  NO SIGNIFICANT WEATHER WAS OBSERVED.


RELATIVE HUMIDITY (PERCENT)
 HIGHEST    87           200 AM
 LOWEST     44           200 PM
 AVERAGE    66

..........................................................


THE SHREVEPORT CLIMATE NORMALS FOR TODAY
                         NORMAL    RECORD    YEAR
 MAXIMUM TEMPERATURE (F)   88        99      2010
 MINIMUM TEMPERATURE (F)   65        49      1903


SUNRISE AND SUNSET
SEPTEMBER 17 2014.....SUNRISE   700 AM CDT   SUNSET   719 PM CDT
SEPTEMBER 18 2014.....SUNRISE   701 AM CDT   SUNSET   717 PM CDT


-  INDICATES NEGATIVE NUMBERS.
R  INDICATES RECORD WAS SET OR TIED.
MM INDICATES DATA IS MISSING.
T  INDICATES TRACE AMOUNT.




$$
