000
CDUS44 KSHV 220739
CLISHV


CLIMATE REPORT
NATIONAL WEATHER SERVICE SHREVEPORT, LA
236 AM CDT WED OCT 22 2014


...................................

...THE SHREVEPORT CLIMATE SUMMARY FOR OCTOBER 21 2014...

CLIMATE NORMAL PERIOD 1981 TO 2010
CLIMATE RECORD PERIOD 1874 TO 2014


WEATHER ITEM   OBSERVED TIME   RECORD YEAR NORMAL DEPARTURE LAST
                VALUE   (LST)  VALUE       VALUE  FROM      YEAR
                                                  NORMAL
..................................................................
TEMPERATURE (F)
 YESTERDAY
  MAXIMUM         82    350 PM  91    1941  77      5       76
                                      1934
  MINIMUM         54    632 AM  31    1976  53      1       50
  AVERAGE         68                        65      3       63

PRECIPITATION (IN)
  YESTERDAY        0.00          2.68 1949   0.18  -0.18     0.00
  MONTH TO DATE    5.71                      3.26   2.45     3.90
  SINCE DEC 1     37.89                     45.18  -7.29    45.83
  SINCE JAN 1     32.91                     40.41  -7.50    40.17

SNOWFALL (IN)
  YESTERDAY        0.0
  MONTH TO DATE    T
  SINCE SEP 1      T
  SINCE JUL 1      T
  SNOW DEPTH       0

DEGREE DAYS
 HEATING
  YESTERDAY        0                         3     -3        2
  MONTH TO DATE    6                        38    -32       24
  SINCE SEP 1      6                        44    -38       24
  SINCE JUL 1      6                        44    -38       24

 COOLING
  YESTERDAY        3                         3      0        0
  MONTH TO DATE  128                       101     27      117
  SINCE SEP 1    568                       464    104      633
  SINCE JAN 1   2460                      2426     34     2678
..................................................................


WIND (MPH)
  HIGHEST WIND SPEED     9   HIGHEST WIND DIRECTION     N (10)
  HIGHEST GUST SPEED    12   HIGHEST GUST DIRECTION     N (10)
  AVERAGE WIND SPEED     2.1


SKY COVER
  POSSIBLE SUNSHINE  MM
  AVERAGE SKY COVER 0.1


WEATHER CONDITIONS
 THE FOLLOWING WEATHER WAS RECORDED YESTERDAY.
  NO SIGNIFICANT WEATHER WAS OBSERVED.


RELATIVE HUMIDITY (PERCENT)
 HIGHEST    97          1100 PM
 LOWEST     47           300 PM
 AVERAGE    72

..........................................................


THE SHREVEPORT CLIMATE NORMALS FOR TODAY
                         NORMAL    RECORD    YEAR
 MAXIMUM TEMPERATURE (F)   76        94      1939
 MINIMUM TEMPERATURE (F)   53        38      1911
                                             1898
                                             1885


SUNRISE AND SUNSET
OCTOBER 22 2014.......SUNRISE   724 AM CDT   SUNSET   635 PM CDT
OCTOBER 23 2014.......SUNRISE   725 AM CDT   SUNSET   633 PM CDT


-  INDICATES NEGATIVE NUMBERS.
R  INDICATES RECORD WAS SET OR TIED.
MM INDICATES DATA IS MISSING.
T  INDICATES TRACE AMOUNT.




$$
