000
CDUS44 KSHV 252249
CLISHV


CLIMATE REPORT
NATIONAL WEATHER SERVICE SHREVEPORT, LA
448 PM CST TUE NOV 25 2014


...................................

...THE SHREVEPORT CLIMATE SUMMARY FOR NOVEMBER 25 2014...
VALID TODAY AS OF 0400 PM LOCAL TIME.

CLIMATE NORMAL PERIOD 1981 TO 2010
CLIMATE RECORD PERIOD 1874 TO 2014


WEATHER ITEM   OBSERVED TIME   RECORD YEAR NORMAL DEPARTURE LAST
                VALUE   (LST)  VALUE       VALUE  FROM      YEAR
                                                  NORMAL
..................................................................
TEMPERATURE (F)
 TODAY
  MAXIMUM         60    359 PM  83    1967  64     -4       37
  MINIMUM         34    454 AM  23    1950  42     -8       33
                                      1881
  AVERAGE         47                        53     -6       35

PRECIPITATION (IN)
  TODAY            0.00          2.54 1987   0.14  -0.14     1.19
  MONTH TO DATE    4.43                      3.75   0.68     4.97
  SINCE DEC 1     42.45                     50.63  -8.18    53.92
  SINCE JAN 1     37.47                     45.86  -8.39    48.26

SNOWFALL (IN)
  TODAY            0.0
  MONTH TO DATE    T
  SINCE SEP 1      T
  SINCE JUL 1      T
  SNOW DEPTH       0

DEGREE DAYS
 HEATING
  TODAY           18                        12      6       30
  MONTH TO DATE  340                       218    122      253
  SINCE SEP 1    363                       304     59      291
  SINCE JUL 1    363                       304     59      291

 COOLING
  TODAY            0                         0      0        0
  MONTH TO DATE    4                        23    -19       14
  SINCE SEP 1    597                       510     87      661
  SINCE JAN 1   2489                      2472     17     2706
..................................................................


WIND (MPH)
  HIGHEST WIND SPEED    10   HIGHEST WIND DIRECTION    NE (30)
  HIGHEST GUST SPEED    13   HIGHEST GUST DIRECTION     N (360)
  AVERAGE WIND SPEED     4.2


SKY COVER
  POSSIBLE SUNSHINE  MM
  AVERAGE SKY COVER 0.4


WEATHER CONDITIONS
 THE FOLLOWING WEATHER WAS RECORDED TODAY.
  NO SIGNIFICANT WEATHER WAS OBSERVED.


RELATIVE HUMIDITY (PERCENT)
 HIGHEST    85           600 AM
 LOWEST     24           100 PM
 AVERAGE    55

..........................................................


THE SHREVEPORT CLIMATE NORMALS FOR TOMORROW
                         NORMAL    RECORD    YEAR
 MAXIMUM TEMPERATURE (F)   64        85      1965
 MINIMUM TEMPERATURE (F)   42        26      1975


SUNRISE AND SUNSET
NOVEMBER 25 2014......SUNRISE   654 AM CST   SUNSET   511 PM CST
NOVEMBER 26 2014......SUNRISE   655 AM CST   SUNSET   510 PM CST


-  INDICATES NEGATIVE NUMBERS.
R  INDICATES RECORD WAS SET OR TIED.
MM INDICATES DATA IS MISSING.
T  INDICATES TRACE AMOUNT.




$$

20
