000
CDUS44 KSHV 160841
CLISHV


CLIMATE REPORT
NATIONAL WEATHER SERVICE SHREVEPORT, LA
241 AM CST TUE JAN 16 2018


...................................

...THE SHREVEPORT CLIMATE SUMMARY FOR JANUARY 15 2018...

CLIMATE NORMAL PERIOD 1981 TO 2010
CLIMATE RECORD PERIOD 1874 TO 2018


WEATHER ITEM   OBSERVED TIME   RECORD YEAR NORMAL DEPARTURE LAST
                VALUE   (LST)  VALUE       VALUE  FROM      YEAR
                                                  NORMAL
..................................................................
TEMPERATURE (F)
 YESTERDAY
  MAXIMUM         63    317 PM  80    1952  57      6       73
                                      1950
  MINIMUM         25    730 AM  15    1888  36    -11       52
  AVERAGE         44                        46     -2       63

PRECIPITATION (IN)
  YESTERDAY        T             4.27 1885   0.14  -0.14     0.01
  MONTH TO DATE    1.25                      1.91  -0.66     0.48
  SINCE DEC 1      5.37                      6.68  -1.31     3.62
  SINCE JAN 1      1.25                      1.91  -0.66     0.48

SNOWFALL (IN)
  YESTERDAY       MM
  MONTH TO DATE    T
  SINCE DEC 1      T
  SINCE JUL 1      T
  SNOW DEPTH       0

DEGREE DAYS
 HEATING
  YESTERDAY       21                        19      2        2
  MONTH TO DATE  374                       285     89      186
  SINCE DEC 1    882                       816     66      586
  SINCE JUL 1   1155                      1187    -32      740

 COOLING
  YESTERDAY        0                         0      0        0
  MONTH TO DATE    0                         0      0       18
  SINCE DEC 1      3                         7     -4       43
  SINCE JAN 1      0                         0      0       18
..................................................................


WIND (MPH)
  HIGHEST WIND SPEED    23   HIGHEST WIND DIRECTION     N (360)
  HIGHEST GUST SPEED    27   HIGHEST GUST DIRECTION     N (360)
  AVERAGE WIND SPEED     6.8


SKY COVER
  POSSIBLE SUNSHINE  MM
  AVERAGE SKY COVER 0.4


WEATHER CONDITIONS
 THE FOLLOWING WEATHER WAS RECORDED YESTERDAY.
  RAIN
  LIGHT RAIN
  LIGHT SNOW
  FOG


RELATIVE HUMIDITY (PERCENT)
 HIGHEST    92           700 AM
 LOWEST     43          1200 PM
 AVERAGE    68

..........................................................


THE SHREVEPORT CLIMATE NORMALS FOR TODAY
                         NORMAL    RECORD    YEAR
 MAXIMUM TEMPERATURE (F)   57        81      1943
 MINIMUM TEMPERATURE (F)   36        17      1992
                                             1972


SUNRISE AND SUNSET
JANUARY 16 2018.......SUNRISE   717 AM CST   SUNSET   534 PM CST
JANUARY 17 2018.......SUNRISE   717 AM CST   SUNSET   535 PM CST


-  INDICATES NEGATIVE NUMBERS.
R  INDICATES RECORD WAS SET OR TIED.
MM INDICATES DATA IS MISSING.
T  INDICATES TRACE AMOUNT.




$$
