021
CDUS46 KMFR 060044
CLISIY


CLIMATE REPORT
NATIONAL WEATHER SERVICE MEDFORD, OR
443 PM PST FRI FEB 5 2016


...................................

...THE MONTAGUE CA CLIMATE SUMMARY FOR FEBRUARY 5 2016...
VALID TODAY AS OF 0400 PM LOCAL TIME.

CLIMATE NORMAL PERIOD 1981 TO 2010
CLIMATE RECORD PERIOD 1948 TO 2016


WEATHER ITEM   OBSERVED TIME   RECORD YEAR NORMAL DEPARTURE LAST
                VALUE   (LST)  VALUE       VALUE  FROM      YEAR
                                                  NORMAL
..................................................................
TEMPERATURE (F)
 TODAY
  MAXIMUM         49    348 PM  68    1995  48      1       55
  MINIMUM         24    520 AM  -2    1989  27     -3       46
  AVERAGE         37                        37      0       51

PRECIPITATION (IN)
  TODAY            0.00          0.62 1991   0.07  -0.07     0.51
  MONTH TO DATE    0.01                      0.30  -0.29     1.36
  SINCE OCT 1      8.67                      9.33  -0.66     7.98
  SINCE JAN 1      3.58                      2.50   1.08     2.07

SNOWFALL (IN)
  TODAY           MM                        MM     MM       MM
  MONTH TO DATE   MM                        MM     MM       MM
  SINCE JUL 1     MM                        MM     MM       MM
  SNOW DEPTH      MM

DEGREE DAYS
 HEATING
  TODAY           28                        28      0       14
  MONTH TO DATE  148                       141      7       88
  SINCE DEC 1   1841                      1987   -146     1631
  SINCE JUL 1   2924                      3293   -369     2636

 COOLING
  TODAY            0                         0      0        0
  MONTH TO DATE    0                         0      0        0
  SINCE DEC 1      0                         0      0        0
  SINCE JAN 1      0                         0      0        0
..................................................................


WIND (MPH)
  HIGHEST WIND SPEED     8   HIGHEST WIND DIRECTION     W (270)
  HIGHEST GUST SPEED     9   HIGHEST GUST DIRECTION     W (270)
  AVERAGE WIND SPEED     1.9


SKY COVER
  POSSIBLE SUNSHINE  MM
  AVERAGE SKY COVER 0.4


WEATHER CONDITIONS
 THE FOLLOWING WEATHER WAS RECORDED TODAY.
  FOG
  FOG W/VISIBILITY <= 1/4 MILE


RELATIVE HUMIDITY (PERCENT)
 HIGHEST   100           600 AM
 LOWEST     56           300 PM

..........................................................


THE MONTAGUE CA CLIMATE NORMALS FOR TOMORROW
                         NORMAL    RECORD    YEAR
 MAXIMUM TEMPERATURE (F)   48        69      1963
 MINIMUM TEMPERATURE (F)   27        -2      1989


SUNRISE AND SUNSET
FEBRUARY  5 2016......SUNRISE   718 AM PST   SUNSET   530 PM PST
FEBRUARY  6 2016......SUNRISE   717 AM PST   SUNSET   531 PM PST


-  INDICATES NEGATIVE NUMBERS.
R  INDICATES RECORD WAS SET OR TIED.
MM INDICATES DATA IS MISSING.
T  INDICATES TRACE AMOUNT.




$$
