000
CDUS46 KMFR 220836
CLISIY


CLIMATE REPORT
NATIONAL WEATHER SERVICE MEDFORD, OR
1235 AM PST WED FEB 22 2017


...................................

...THE MONTAGUE CA CLIMATE SUMMARY FOR FEBRUARY 21 2017...

CLIMATE NORMAL PERIOD 1981 TO 2010
CLIMATE RECORD PERIOD 1948 TO 2017


WEATHER ITEM   OBSERVED TIME   RECORD YEAR NORMAL DEPARTURE LAST
                VALUE   (LST)  VALUE       VALUE  FROM      YEAR
                                                  NORMAL
..................................................................
TEMPERATURE (F)
 YESTERDAY
  MAXIMUM         51    234 PM  69    1995  53     -2       49
  MINIMUM         34    857 PM  17    2006  29      5       26
  AVERAGE         43                        40      3       38

PRECIPITATION (IN)
  YESTERDAY        0.07          1.52 1982   0.08  -0.01     0.01
  MONTH TO DATE    2.65                      1.47   1.18     1.09
  SINCE OCT 1     12.49                     10.50   1.99     9.75
  SINCE JAN 1      4.28                      3.67   0.61     4.66

SNOWFALL (IN)
  YESTERDAY       MM                        MM     MM       MM
  MONTH TO DATE   MM                        MM     MM       MM
  SINCE JUL 1     MM                        MM     MM       MM
  SNOW DEPTH      MM

DEGREE DAYS
 HEATING
  YESTERDAY       22                        24     -2       27
  MONTH TO DATE  461                       559    -98      471
  SINCE DEC 1   2538                      2405    133     2164
  SINCE JUL 1   3668                      3711    -43     3247

 COOLING
  YESTERDAY        0                         0      0        0
  MONTH TO DATE    0                         0      0        0
  SINCE DEC 1      0                         0      0        0
  SINCE JAN 1      0                         0      0        0
..................................................................


WIND (MPH)
  HIGHEST WIND SPEED    37   HIGHEST WIND DIRECTION     S (190)
  HIGHEST GUST SPEED    46   HIGHEST GUST DIRECTION     S (180)
  AVERAGE WIND SPEED    10.4


SKY COVER
  POSSIBLE SUNSHINE  MM
  AVERAGE SKY COVER 0.5


WEATHER CONDITIONS
 THE FOLLOWING WEATHER WAS RECORDED YESTERDAY.
  LIGHT RAIN
  FOG


RELATIVE HUMIDITY (PERCENT)
 HIGHEST    89          1200 AM
 LOWEST     46           200 PM

..........................................................


THE MONTAGUE CA CLIMATE NORMALS FOR TODAY
                         NORMAL    RECORD    YEAR
 MAXIMUM TEMPERATURE (F)   53        69      1995
 MINIMUM TEMPERATURE (F)   29        19      2010
                                             2006


SUNRISE AND SUNSET
FEBRUARY 22 2017......SUNRISE   655 AM PST   SUNSET   552 PM PST
FEBRUARY 23 2017......SUNRISE   653 AM PST   SUNSET   553 PM PST


-  INDICATES NEGATIVE NUMBERS.
R  INDICATES RECORD WAS SET OR TIED.
MM INDICATES DATA IS MISSING.
T  INDICATES TRACE AMOUNT.




$$
