000
CDUS46 KMFR 270835
CLISIY


CLIMATE REPORT
NATIONAL WEATHER SERVICE MEDFORD, OR
135 AM PDT FRI MAY 27 2016


...................................

...THE MONTAGUE CA CLIMATE SUMMARY FOR MAY 26 2016...

CLIMATE NORMAL PERIOD 1981 TO 2010
CLIMATE RECORD PERIOD 1948 TO 2016


WEATHER ITEM   OBSERVED TIME   RECORD YEAR NORMAL DEPARTURE LAST
                VALUE   (LST)  VALUE       VALUE  FROM      YEAR
                                                  NORMAL
..................................................................
TEMPERATURE (F)
 YESTERDAY
  MAXIMUM         77    255 PM  93    1983  75      2       81
  MINIMUM         38    341 AM  31    1989  42     -4       45
  AVERAGE         58                        58      0       63

PRECIPITATION (IN)
  YESTERDAY        T             0.52 1971   0.02  -0.02     0.00
  MONTH TO DATE    0.78                      1.31  -0.53     0.92
  SINCE OCT 1     13.89                     16.22  -2.33    11.96
  SINCE JAN 1      8.80                      9.39  -0.59     6.05

SNOWFALL (IN)
  YESTERDAY       MM                        MM     MM       MM
  MONTH TO DATE   MM                        MM     MM       MM
  SINCE JUL 1     MM                        MM     MM       MM
  SNOW DEPTH      MM

DEGREE DAYS
 HEATING
  YESTERDAY        7                         7      0        2
  MONTH TO DATE  189                       256    -67      216
  SINCE MAR 1   1133                      1477   -344     1196
  SINCE JUL 1   4550                      5354   -804     4338

 COOLING
  YESTERDAY        0                         1     -1        0
  MONTH TO DATE    1                        11    -10        0
  SINCE MAR 1      1                        11    -10        0
  SINCE JAN 1      1                        11    -10        0
..................................................................


WIND (MPH)
  HIGHEST WIND SPEED    23   HIGHEST WIND DIRECTION     N (10)
  HIGHEST GUST SPEED    29   HIGHEST GUST DIRECTION     N (10)
  AVERAGE WIND SPEED     8.7


SKY COVER
  POSSIBLE SUNSHINE  MM
  AVERAGE SKY COVER 0.0


WEATHER CONDITIONS
 THE FOLLOWING WEATHER WAS RECORDED YESTERDAY.
  NO SIGNIFICANT WEATHER WAS OBSERVED.


RELATIVE HUMIDITY (PERCENT)
 HIGHEST    92           300 AM
 LOWEST     24           300 PM

..........................................................


THE MONTAGUE CA CLIMATE NORMALS FOR TODAY
                         NORMAL    RECORD    YEAR
 MAXIMUM TEMPERATURE (F)   75        96      1983
 MINIMUM TEMPERATURE (F)   43        30      1977


SUNRISE AND SUNSET
MAY 27 2016...........SUNRISE   540 AM PDT   SUNSET   835 PM PDT
MAY 28 2016...........SUNRISE   539 AM PDT   SUNSET   836 PM PDT


-  INDICATES NEGATIVE NUMBERS.
R  INDICATES RECORD WAS SET OR TIED.
MM INDICATES DATA IS MISSING.
T  INDICATES TRACE AMOUNT.




$$
