000
CDUS46 KMFR 300839
CLISIY


CLIMATE REPORT
NATIONAL WEATHER SERVICE MEDFORD, OR
138 AM PDT SUN APR 30 2017


...................................

...THE MONTAGUE CA CLIMATE SUMMARY FOR APRIL 29 2017...

CLIMATE NORMAL PERIOD 1981 TO 2010
CLIMATE RECORD PERIOD 1948 TO 2017


WEATHER ITEM   OBSERVED TIME   RECORD YEAR NORMAL DEPARTURE LAST
                VALUE   (LST)  VALUE       VALUE  FROM      YEAR
                                                  NORMAL
..................................................................
TEMPERATURE (F)
 YESTERDAY
  MAXIMUM         71    402 PM  85    1957  66      5       62
  MINIMUM         28    537 AM  24    2011  37     -9       37
  AVERAGE         50                        51     -1       50

PRECIPITATION (IN)
  YESTERDAY        T             0.62 1995   0.07  -0.07     0.00
  MONTH TO DATE    1.03                      1.50  -0.47     0.78
  SINCE OCT 1     14.90                     14.85   0.05    13.11
  SINCE JAN 1      6.69                      8.02  -1.33     8.02

SNOWFALL (IN)
  YESTERDAY       MM                        MM     MM       MM
  MONTH TO DATE   MM                        MM     MM       MM
  SINCE JUL 1     MM                        MM     MM       MM
  SNOW DEPTH      MM

DEGREE DAYS
 HEATING
  YESTERDAY       15                        14      1       15
  MONTH TO DATE  554                       526     28      347
  SINCE MAR 1   1163                      1208    -45      930
  SINCE JUL 1   5060                      5085    -25     4347

 COOLING
  YESTERDAY        0                         0      0        0
  MONTH TO DATE    0                         0      0        0
  SINCE MAR 1      0                         0      0        0
  SINCE JAN 1      0                         0      0        0
..................................................................


WIND (MPH)
  HIGHEST WIND SPEED    16   HIGHEST WIND DIRECTION    NW (320)
  HIGHEST GUST SPEED    20   HIGHEST GUST DIRECTION    NW (320)
  AVERAGE WIND SPEED     3.7


SKY COVER
  POSSIBLE SUNSHINE  MM
  AVERAGE SKY COVER 0.0


WEATHER CONDITIONS
 THE FOLLOWING WEATHER WAS RECORDED YESTERDAY.
  LIGHT RAIN


RELATIVE HUMIDITY (PERCENT)
 HIGHEST    92           300 AM
 LOWEST     21           200 PM

..........................................................


THE MONTAGUE CA CLIMATE NORMALS FOR TODAY
                         NORMAL    RECORD    YEAR
 MAXIMUM TEMPERATURE (F)   66        86      2014
 MINIMUM TEMPERATURE (F)   37        21      2011


SUNRISE AND SUNSET
APRIL 30 2017.........SUNRISE   607 AM PDT   SUNSET   808 PM PDT
MAY  1 2017...........SUNRISE   606 AM PDT   SUNSET   809 PM PDT


-  INDICATES NEGATIVE NUMBERS.
R  INDICATES RECORD WAS SET OR TIED.
MM INDICATES DATA IS MISSING.
T  INDICATES TRACE AMOUNT.




$$
