000
CDUS46 KMFR 240836
CLISIY


CLIMATE REPORT
NATIONAL WEATHER SERVICE MEDFORD, OR
136 AM PDT FRI OCT 24 2014


...................................

...THE MONTAGUE CA CLIMATE SUMMARY FOR OCTOBER 23 2014...

CLIMATE NORMAL PERIOD 1981 TO 2010
CLIMATE RECORD PERIOD 1948 TO 2014


WEATHER ITEM   OBSERVED TIME   RECORD YEAR NORMAL DEPARTURE LAST
                VALUE   (LST)  VALUE       VALUE  FROM      YEAR
                                                  NORMAL
..................................................................
TEMPERATURE (F)
 YESTERDAY
  MAXIMUM         56    655 AM  79    1988  64     -8       74
  MINIMUM         48   1159 PM  26    2008  35     13       28
                                      2002
  AVERAGE         52                        49      3       51

PRECIPITATION (IN)
  YESTERDAY        0.61          1.13 1973   0.04   0.57     0.00
  MONTH TO DATE    1.26                      0.67   0.59      T
  SINCE SEP 1      2.64                      1.31   1.33     0.74
  SINCE JAN 1      8.81                     12.31  -3.50     5.07

SNOWFALL (IN)
  YESTERDAY       MM                        MM     MM       MM
  MONTH TO DATE   MM                        MM     MM       MM
  SINCE JUL 1     MM                        MM     MM       MM
  SNOW DEPTH      MM

DEGREE DAYS
 HEATING
  YESTERDAY       13                        16     -3       14
  MONTH TO DATE  173                       269    -96      353
  SINCE SEP 1    219                       394   -175      500
  SINCE JUL 1    219                       411   -192      500

 COOLING
  YESTERDAY        0                         0      0        0
  MONTH TO DATE    0                         0      0        0
  SINCE SEP 1    112                        41     71       87
  SINCE JAN 1    913                       542    371      776
..................................................................


WIND (MPH)
  HIGHEST WIND SPEED    28   HIGHEST WIND DIRECTION    SE (140)
  HIGHEST GUST SPEED    33   HIGHEST GUST DIRECTION    SE (140)
  AVERAGE WIND SPEED    11.4


SKY COVER
  POSSIBLE SUNSHINE  MM
  AVERAGE SKY COVER 1.0


WEATHER CONDITIONS
 THE FOLLOWING WEATHER WAS RECORDED YESTERDAY.
  HEAVY RAIN
  RAIN
  LIGHT RAIN
  FOG


RELATIVE HUMIDITY (PERCENT)
 HIGHEST    93          1000 PM
 LOWEST     72           700 AM

..........................................................


THE MONTAGUE CA CLIMATE NORMALS FOR TODAY
                         NORMAL    RECORD    YEAR
 MAXIMUM TEMPERATURE (F)   63        83      1959
 MINIMUM TEMPERATURE (F)   35        24      2001


SUNRISE AND SUNSET
OCTOBER 24 2014.......SUNRISE   733 AM PDT   SUNSET   615 PM PDT
OCTOBER 25 2014.......SUNRISE   734 AM PDT   SUNSET   613 PM PDT


-  INDICATES NEGATIVE NUMBERS.
R  INDICATES RECORD WAS SET OR TIED.
MM INDICATES DATA IS MISSING.
T  INDICATES TRACE AMOUNT.




$$
