000
CDUS46 KMFR 230058
CLISIY


CLIMATE REPORT
NATIONAL WEATHER SERVICE MEDFORD, OR
558 PM PDT SUN OCT 22 2017


...................................

...THE MONTAGUE CA CLIMATE SUMMARY FOR OCTOBER 22 2017...
VALID TODAY AS OF 0500 PM LOCAL TIME.

CLIMATE NORMAL PERIOD 1981 TO 2010
CLIMATE RECORD PERIOD 1948 TO 2017


WEATHER ITEM   OBSERVED TIME   RECORD YEAR NORMAL DEPARTURE LAST
                VALUE   (LST)  VALUE       VALUE  FROM      YEAR
                                                  NORMAL
..................................................................
TEMPERATURE (F)
 TODAY
  MAXIMUM         68    335 PM  81    2003  64      4       62
  MINIMUM         38    538 AM  25    2008  35      3       39
  AVERAGE         53                        50      3       51

PRECIPITATION (IN)
  TODAY            0.00          1.63 1973   0.05  -0.05     0.00
  MONTH TO DATE    0.43                      0.63  -0.20     2.57
  SINCE OCT 1      0.43                      0.63  -0.20     2.57
  SINCE JAN 1      8.20                     12.27  -4.07    12.80

SNOWFALL (IN)
  TODAY           MM                        MM     MM       MM
  MONTH TO DATE   MM                        MM     MM       MM
  SINCE JUL 1     MM                        MM     MM       MM
  SNOW DEPTH      MM

DEGREE DAYS
 HEATING
  TODAY           12                        15     -3       14
  MONTH TO DATE  333                       253     80      291
  SINCE SEP 1    461                       378     83      391
  SINCE JUL 1    461                       395     66      404

 COOLING
  TODAY            0                         0      0        0
  MONTH TO DATE    0                         0      0        0
  SINCE SEP 1     85                        41     44       35
  SINCE JAN 1    902                       542    360      689
..................................................................


WIND (MPH)
  HIGHEST WIND SPEED     9   HIGHEST WIND DIRECTION    SW (210)
  HIGHEST GUST SPEED    11   HIGHEST GUST DIRECTION     W (290)
  AVERAGE WIND SPEED     3.9


SKY COVER
  POSSIBLE SUNSHINE  MM
  AVERAGE SKY COVER 0.5


WEATHER CONDITIONS
 THE FOLLOWING WEATHER WAS RECORDED TODAY.
  NO SIGNIFICANT WEATHER WAS OBSERVED.


RELATIVE HUMIDITY (PERCENT)
 HIGHEST   100           300 AM
 LOWEST     48           300 PM

..........................................................


THE MONTAGUE CA CLIMATE NORMALS FOR TOMORROW
                         NORMAL    RECORD    YEAR
 MAXIMUM TEMPERATURE (F)   64        79      1988
 MINIMUM TEMPERATURE (F)   35        26      2008
                                             2002


SUNRISE AND SUNSET
OCTOBER 22 2017.......SUNRISE   731 AM PDT   SUNSET   617 PM PDT
OCTOBER 23 2017.......SUNRISE   732 AM PDT   SUNSET   616 PM PDT


-  INDICATES NEGATIVE NUMBERS.
R  INDICATES RECORD WAS SET OR TIED.
MM INDICATES DATA IS MISSING.
T  INDICATES TRACE AMOUNT.




$$
