000
CDUS46 KMTR 240831
CLISJC


CLIMATE REPORT
NATIONAL WEATHER SERVICE SAN FRANCISCO BAY AREA
1231 AM PST MON NOV 24 2014


...................................

...THE SAN JOSE AIRPORT CLIMATE SUMMARY FOR NOVEMBER 23 2014...

CLIMATE NORMAL PERIOD 1981 TO 2010
CLIMATE RECORD PERIOD 1893 TO 2014


WEATHER ITEM   OBSERVED TIME   RECORD YEAR NORMAL DEPARTURE LAST
                VALUE   (LST)  VALUE       VALUE  FROM      YEAR
                                                  NORMAL
..................................................................
TEMPERATURE (F)
 YESTERDAY
  MAXIMUM         65    243 PM  79    1959  65      0       66
  MINIMUM         45   1155 PM  31    1947  45      0       40
  AVERAGE         55                        55      0       53

PRECIPITATION (IN)
  YESTERDAY        0.00          0.90 1896   0.06  -0.06     0.00
  MONTH TO DATE    0.29                      1.43  -1.14     0.77
  SINCE JUL 1      1.27                      2.44  -1.17     1.43
  SINCE JAN 1      6.06                     12.33  -6.27     3.67

SNOWFALL (IN)
  YESTERDAY        0.0                      MM     MM        0.0
  MONTH TO DATE    0.0                      MM     MM        0.0
  SINCE SEP 1      0.0                      MM     MM        0.0
  SINCE JUL 1      0.0                      MM     MM        0.0

DEGREE DAYS
 HEATING
  YESTERDAY       10                        10      0       12
  MONTH TO DATE  163                       170     -7      180
  SINCE SEP 1    212                       249    -37      304
  SINCE JUL 1    212                       252    -40      305

 COOLING
  YESTERDAY        0                         0      0        0
  MONTH TO DATE    0                         0      0        0
  SINCE SEP 1    184                       182      2      124
  SINCE JAN 1    685                       728    -43      549
..................................................................


WIND (MPH)
  RESULTANT WIND SPEED   5   RESULTANT WIND DIRECTION   W (280)
  HIGHEST WIND SPEED    13   HIGHEST WIND DIRECTION    NW (300)
  HIGHEST GUST SPEED    15   HIGHEST GUST DIRECTION    NW (310)
  AVERAGE WIND SPEED     5.4


SKY COVER
  POSSIBLE SUNSHINE  MM
  AVERAGE SKY COVER 0.3


WEATHER CONDITIONS
 THE FOLLOWING WEATHER WAS RECORDED YESTERDAY.
  NO SIGNIFICANT WEATHER WAS OBSERVED.


RELATIVE HUMIDITY (PERCENT)
 HIGHEST    93           300 AM
 LOWEST     34           400 PM
 AVERAGE    64

..........................................................


THE SAN JOSE AIRPORT CLIMATE NORMALS FOR TODAY
                         NORMAL    RECORD    YEAR
 MAXIMUM TEMPERATURE (F)   65        75      1959
 MINIMUM TEMPERATURE (F)   45        25      1895


SUNRISE AND SUNSET
NOVEMBER 24 2014......SUNRISE   656 AM PST   SUNSET   452 PM PST
NOVEMBER 25 2014......SUNRISE   657 AM PST   SUNSET   452 PM PST


-  INDICATES NEGATIVE NUMBERS.
R  INDICATES RECORD WAS SET OR TIED.
MM INDICATES DATA IS MISSING.
T  INDICATES TRACE AMOUNT.




$$
