000
CDUS46 KMTR 210034
CLISJC


CLIMATE REPORT
NATIONAL WEATHER SERVICE SAN FRANCISCO BAY AREA
434 PM PST MON NOV 20 2017


...................................

...THE SAN JOSE CA CLIMATE SUMMARY FOR NOVEMBER 20 2017...
VALID TODAY AS OF 0400 PM LOCAL TIME.

CLIMATE NORMAL PERIOD 1981 TO 2010
CLIMATE RECORD PERIOD 1893 TO 2017


WEATHER ITEM   OBSERVED TIME   RECORD YEAR NORMAL DEPARTURE LAST
                VALUE   (LST)  VALUE       VALUE  FROM      YEAR
                                                  NORMAL
..................................................................
TEMPERATURE (F)
 TODAY
  MAXIMUM         71    152 PM  74    1936  63      8       64
  MINIMUM         56    620 AM  22    1893  45     11       54
  AVERAGE         64                        54     10       59

PRECIPITATION (IN)
  TODAY            0.00          0.74 2010   0.07  -0.07     0.34
  MONTH TO DATE    1.10                      1.01   0.09     0.41
  SINCE OCT 1      1.32                      1.81  -0.49     1.97
  SINCE JAN 1     15.40                     12.54   2.86    12.18

SNOWFALL (IN)
  TODAY            0.0           0.0  1947
  MONTH TO DATE    0.0
  SINCE SEP 1      0.0
  SINCE JUL 1      0.0

DEGREE DAYS
 HEATING
  TODAY            1                        11    -10        6
  MONTH TO DATE  125                       172    -47       68
  SINCE SEP 1    173                       276   -103      104
  SINCE JUL 1    173                       282   -109      104

 COOLING
  TODAY            0                         0      0        0
  MONTH TO DATE    0                         0      0        7
  SINCE SEP 1    345                       153    192      185
  SINCE JAN 1    990                       636    354      706
..................................................................


WIND (MPH)
  RESULTANT WIND SPEED   2   RESULTANT WIND DIRECTION  SE (150)
  HIGHEST WIND SPEED    10   HIGHEST WIND DIRECTION    SE (130)
  HIGHEST GUST SPEED    13   HIGHEST GUST DIRECTION    SE (130)
  AVERAGE WIND SPEED     4.1


SKY COVER
  POSSIBLE SUNSHINE  MM
  AVERAGE SKY COVER 1.0


WEATHER CONDITIONS
 THE FOLLOWING WEATHER WAS RECORDED TODAY.
  NO SIGNIFICANT WEATHER WAS OBSERVED.


RELATIVE HUMIDITY (PERCENT)
 HIGHEST    77           500 AM
 LOWEST     44          1200 PM
 AVERAGE    61

..........................................................


THE SAN JOSE CA CLIMATE NORMALS FOR TOMORROW
                         NORMAL    RECORD    YEAR
 MAXIMUM TEMPERATURE (F)   62        73      2002
 MINIMUM TEMPERATURE (F)   45        27      1894


SUNRISE AND SUNSET
NOVEMBER 20 2017......SUNRISE   653 AM PST   SUNSET   454 PM PST
NOVEMBER 21 2017......SUNRISE   654 AM PST   SUNSET   453 PM PST


-  INDICATES NEGATIVE NUMBERS.
R  INDICATES RECORD WAS SET OR TIED.
MM INDICATES DATA IS MISSING.
T  INDICATES TRACE AMOUNT.




$$
