000
CDUS46 KMTR 280027
CLISJC


CLIMATE REPORT
NATIONAL WEATHER SERVICE SAN FRANCISCO BAY AREA
527 PM PDT SAT AUG 27 2016


...................................

...THE SAN JOSE CA CLIMATE SUMMARY FOR AUGUST 27 2016...
VALID TODAY AS OF 0500 PM LOCAL TIME.

CLIMATE NORMAL PERIOD 1981 TO 2010
CLIMATE RECORD PERIOD 1893 TO 2016


WEATHER ITEM   OBSERVED TIME   RECORD YEAR NORMAL DEPARTURE LAST
                VALUE   (LST)  VALUE       VALUE  FROM      YEAR
                                                  NORMAL
..................................................................
TEMPERATURE (F)
 TODAY
  MAXIMUM         78    105 PM  99    1993  83     -5       92
  MINIMUM         61    622 AM  43    1896  58      3       63
  AVERAGE         70                        71     -1       78

PRECIPITATION (IN)
  TODAY            0.00          0.10 1949   0.00   0.00     0.00
  MONTH TO DATE    T                         0.00   0.00     0.02
  SINCE OCT 1     14.91                     14.67   0.24    13.38
  SINCE JAN 1     10.21                      9.89   0.32     3.43

SNOWFALL (IN)
  TODAY            0.0           0.0  1947
  MONTH TO DATE    0.0
  SINCE JUN 1      0.0
  SINCE JUL 1      0.0

DEGREE DAYS
 HEATING
  TODAY            0                         0      0        0
  MONTH TO DATE    0                         0      0        0
  SINCE JUN 1      6                        16    -10       10
  SINCE JUL 1      0                         1     -1        0

 COOLING
  TODAY            5                         6     -1       13
  MONTH TO DATE  124                       162    -38      167
  SINCE JUN 1    422                       461    -39      438
  SINCE JAN 1    504                       531    -27      465
..................................................................


WIND (MPH)
  RESULTANT WIND SPEED   2   RESULTANT WIND DIRECTION   S (190)
  HIGHEST WIND SPEED    16   HIGHEST WIND DIRECTION    NW (310)
  HIGHEST GUST SPEED    20   HIGHEST GUST DIRECTION    NW (320)
  AVERAGE WIND SPEED     6.8


SKY COVER
  POSSIBLE SUNSHINE  MM
  AVERAGE SKY COVER 0.6


WEATHER CONDITIONS
 THE FOLLOWING WEATHER WAS RECORDED TODAY.
  NO SIGNIFICANT WEATHER WAS OBSERVED.


RELATIVE HUMIDITY (PERCENT)
 HIGHEST    72          1200 AM
 LOWEST     46          1200 PM
 AVERAGE    59

..........................................................


THE SAN JOSE CA CLIMATE NORMALS FOR TOMORROW
                         NORMAL    RECORD    YEAR
 MAXIMUM TEMPERATURE (F)   83       101      2009
 MINIMUM TEMPERATURE (F)   58        45      1902


SUNRISE AND SUNSET
AUGUST 27 2016........SUNRISE   635 AM PDT   SUNSET   743 PM PDT
AUGUST 28 2016........SUNRISE   635 AM PDT   SUNSET   741 PM PDT


-  INDICATES NEGATIVE NUMBERS.
R  INDICATES RECORD WAS SET OR TIED.
MM INDICATES DATA IS MISSING.
T  INDICATES TRACE AMOUNT.




$$
