041
CDUS44 KSJT 180804
CLISJT


CLIMATE REPORT
NATIONAL WEATHER SERVICE SAN ANGELO TX
204 AM CST WED JAN 18 2017


...................................

...THE SAN ANGELO CLIMATE SUMMARY FOR JANUARY 17 2017...

CLIMATE NORMAL PERIOD 1981 TO 2010
CLIMATE RECORD PERIOD 1907 TO 2017


WEATHER ITEM   OBSERVED TIME   RECORD YEAR NORMAL DEPARTURE LAST
                VALUE   (LST)  VALUE       VALUE  FROM      YEAR
                                                  NORMAL
..................................................................
TEMPERATURE (F)
 YESTERDAY
  MAXIMUM         51    103 AM  86    1943  59     -8       61
                                      1914
  MINIMUM         42    206 PM  13    1982  33      9       26
  AVERAGE         47                        46      1       44

PRECIPITATION (IN)
  YESTERDAY        0.39          2.50 1919   0.02   0.37     0.00
  MONTH TO DATE    1.35                      0.46   0.89      T
  SINCE DEC 1      2.09                      1.31   0.78     2.26
  SINCE JAN 1      1.35                      0.46   0.89      T

SNOWFALL (IN)
  YESTERDAY        0.0           3.0  1947   0.0    0.0      0.0
  MONTH TO DATE    T                         0.7   -0.7      0.0
  SINCE NOV 1      T                         1.3   -1.3      3.1
  SINCE JUL 1      T                         1.3   -1.3      3.1
  SNOW DEPTH       0

DEGREE DAYS
 HEATING
  YESTERDAY       18                        19     -1       21
  MONTH TO DATE  286                       323    -37      338
  SINCE DEC 1    760                       890   -130      758
  SINCE JUL 1    928                      1290   -362     1044

 COOLING
  YESTERDAY        0                         0      0        0
  MONTH TO DATE    0                         0      0        0
  SINCE DEC 1      1                         1      0        0
  SINCE JAN 1      0                         0      0        0
..................................................................


WIND (MPH)
  HIGHEST WIND SPEED    20   HIGHEST WIND DIRECTION    NE (40)
  HIGHEST GUST SPEED    26   HIGHEST GUST DIRECTION    NE (60)
  AVERAGE WIND SPEED     9.8


SKY COVER
  POSSIBLE SUNSHINE  MM
  AVERAGE SKY COVER 0.8


WEATHER CONDITIONS
 THE FOLLOWING WEATHER WAS RECORDED YESTERDAY.
  THUNDERSTORM
  HEAVY RAIN
  RAIN
  LIGHT RAIN
  FOG


RELATIVE HUMIDITY (PERCENT)
 HIGHEST    92          1000 PM
 LOWEST     70          1000 AM
 AVERAGE    81

..........................................................


THE SAN ANGELO CLIMATE NORMALS FOR TODAY
                         NORMAL    RECORD    YEAR
 MAXIMUM TEMPERATURE (F)   60        86      1914
 MINIMUM TEMPERATURE (F)   33         1      1930


SUNRISE AND SUNSET
JANUARY 18 2017.......SUNRISE   741 AM CST   SUNSET   605 PM CST
JANUARY 19 2017.......SUNRISE   740 AM CST   SUNSET   606 PM CST


-  INDICATES NEGATIVE NUMBERS.
R  INDICATES RECORD WAS SET OR TIED.
MM INDICATES DATA IS MISSING.
T  INDICATES TRACE AMOUNT.




$$
