000
CDUS44 KSJT 190651
CLISJT


CLIMATE REPORT
NATIONAL WEATHER SERVICE SAN ANGELO TX
151 AM CDT FRI SEP 19 2014


...................................

...THE SAN ANGELO CLIMATE SUMMARY FOR SEPTEMBER 18 2014...

CLIMATE NORMAL PERIOD 1981 TO 2010
CLIMATE RECORD PERIOD 1907 TO 2014


WEATHER ITEM   OBSERVED TIME   RECORD YEAR NORMAL DEPARTURE LAST
                VALUE   (LST)  VALUE       VALUE  FROM      YEAR
                                                  NORMAL
..................................................................
TEMPERATURE (F)
 YESTERDAY
  MAXIMUM         89    245 PM 102    1907  87      2       90
  MINIMUM         68    527 AM  49    1951  63      5       72
  AVERAGE         79                        75      4       81

PRECIPITATION (IN)
  YESTERDAY        0.17          7.64 1936   0.08   0.09      T
  MONTH TO DATE    0.31                      1.56  -1.25     0.26
  SINCE SEP 1      0.31                      1.56  -1.25     0.26
  SINCE JAN 1     12.29                     15.63  -3.34    12.02

DEGREE DAYS
 HEATING
  YESTERDAY        0                         0      0        0
  MONTH TO DATE    5                         0      5        0
  SINCE SEP 1      5                         0      5        0
  SINCE JUL 1      5                         0      5        0

 COOLING
  YESTERDAY       14                        10      4       16
  MONTH TO DATE  269                       228     41      296
  SINCE SEP 1    269                       228     41      296
  SINCE JAN 1   2527                      2264    263     2622
..................................................................


WIND (MPH)
  HIGHEST WIND SPEED    23   HIGHEST WIND DIRECTION     N (20)
  HIGHEST GUST SPEED    27   HIGHEST GUST DIRECTION     N (360)
  AVERAGE WIND SPEED     5.5


SKY COVER
  POSSIBLE SUNSHINE  MM
  AVERAGE SKY COVER 0.4


WEATHER CONDITIONS
 THE FOLLOWING WEATHER WAS RECORDED YESTERDAY.
  THUNDERSTORM
  RAIN
  LIGHT RAIN
  FOG


RELATIVE HUMIDITY (PERCENT)
 HIGHEST    97           600 AM
 LOWEST     46           300 PM
 AVERAGE    72

..........................................................


THE SAN ANGELO CLIMATE NORMALS FOR TODAY
                         NORMAL    RECORD    YEAR
 MAXIMUM TEMPERATURE (F)   87       100      1945
                                             1907
 MINIMUM TEMPERATURE (F)   62        39      1913


SUNRISE AND SUNSET
SEPTEMBER 19 2014.....SUNRISE   728 AM CDT   SUNSET   742 PM CDT
SEPTEMBER 20 2014.....SUNRISE   729 AM CDT   SUNSET   741 PM CDT


-  INDICATES NEGATIVE NUMBERS.
R  INDICATES RECORD WAS SET OR TIED.
MM INDICATES DATA IS MISSING.
T  INDICATES TRACE AMOUNT.


$$
