000
CDUS44 KSJT 290708
CLISJT


CLIMATE REPORT
NATIONAL WEATHER SERVICE SAN ANGELO TX
208 AM CDT FRI JUL 29 2016


...................................

...THE SAN ANGELO CLIMATE SUMMARY FOR JULY 28 2016...

CLIMATE NORMAL PERIOD 1981 TO 2010
CLIMATE RECORD PERIOD 1907 TO 2016


WEATHER ITEM   OBSERVED TIME   RECORD YEAR NORMAL DEPARTURE LAST
                VALUE   (LST)  VALUE       VALUE  FROM      YEAR
                                                  NORMAL
..................................................................
TEMPERATURE (F)
 YESTERDAY
  MAXIMUM         97    538 PM 110    1944  96      1      102
  MINIMUM         70    608 AM  62    1915  72     -2       77
  AVERAGE         84                        84      0       90

PRECIPITATION (IN)
  YESTERDAY        T             1.37 1971   0.04  -0.04     0.00
  MONTH TO DATE    T                         1.09  -1.09     0.55
  SINCE JUN 1      7.02                      3.68   3.34     4.10
  SINCE JAN 1     22.65                     11.70  10.95    18.96

DEGREE DAYS
 HEATING
  YESTERDAY        0                         0      0        0
  MONTH TO DATE    0                         0      0        0
  SINCE JUN 1      0                         0      0        0
  SINCE JUL 1      0                         0      0        0

 COOLING
  YESTERDAY       19                        19      0       25
  MONTH TO DATE  634                       507    127      563
  SINCE JUN 1   1080                       971    109     1007
  SINCE JAN 1   1491                      1431     60     1474
..................................................................


WIND (MPH)
  HIGHEST WIND SPEED    20   HIGHEST WIND DIRECTION     E (90)
  HIGHEST GUST SPEED    26   HIGHEST GUST DIRECTION     E (90)
  AVERAGE WIND SPEED     6.8


SKY COVER
  POSSIBLE SUNSHINE  MM
  AVERAGE SKY COVER 0.2


WEATHER CONDITIONS
 THE FOLLOWING WEATHER WAS RECORDED YESTERDAY.
  THUNDERSTORM
  LIGHT RAIN
  HAZE


RELATIVE HUMIDITY (PERCENT)
 HIGHEST    84           500 AM
 LOWEST     28           700 PM
 AVERAGE    56

..........................................................


THE SAN ANGELO CLIMATE NORMALS FOR TODAY
                         NORMAL    RECORD    YEAR
 MAXIMUM TEMPERATURE (F)   96       111      1960
 MINIMUM TEMPERATURE (F)   72        64      1984


SUNRISE AND SUNSET
JULY 29 2016..........SUNRISE   657 AM CDT   SUNSET   840 PM CDT
JULY 30 2016..........SUNRISE   658 AM CDT   SUNSET   839 PM CDT


-  INDICATES NEGATIVE NUMBERS.
R  INDICATES RECORD WAS SET OR TIED.
MM INDICATES DATA IS MISSING.
T  INDICATES TRACE AMOUNT.




$$
