000
CDUS44 KSJT 222225
CLISJT


CLIMATE REPORT
NATIONAL WEATHER SERVICE SAN ANGELO TX
525 PM CDT SAT JUL 22 2017


...................................

...THE SAN ANGELO CLIMATE SUMMARY FOR JULY 22 2017...
VALID TODAY AS OF 0500 PM LOCAL TIME.

CLIMATE NORMAL PERIOD 1981 TO 2010
CLIMATE RECORD PERIOD 1907 TO 2017


WEATHER ITEM   OBSERVED TIME   RECORD YEAR NORMAL DEPARTURE LAST
                VALUE   (LST)  VALUE       VALUE  FROM      YEAR
                                                  NORMAL
..................................................................
TEMPERATURE (F)
 TODAY
  MAXIMUM        103    339 PM 105    2012  96      7      101
  MINIMUM         76    629 AM  59    1988  72      4       75
  AVERAGE         90                        84      6       88

PRECIPITATION (IN)
  TODAY            0.00          1.20 2009   0.03  -0.03     0.00
  MONTH TO DATE    1.69                      0.87   0.82     0.00
  SINCE JUN 1      3.21                      3.46  -0.25     7.02
  SINCE JAN 1      9.69                     11.48  -1.79    22.65

DEGREE DAYS
 HEATING
  TODAY            0                         0      0        0
  MONTH TO DATE    0                         0      0        0
  SINCE JUN 1      0                         0      0        0
  SINCE JUL 1      0                         0      0        0

 COOLING
  TODAY           25                        19      6       23
  MONTH TO DATE  416                       393     23      506
  SINCE JUN 1    978                       857    121      952
  SINCE JAN 1   1554                      1317    237     1363
..................................................................


WIND (MPH)
  HIGHEST WIND SPEED    17   HIGHEST WIND DIRECTION     S (170)
  HIGHEST GUST SPEED    23   HIGHEST GUST DIRECTION    SW (210)
  AVERAGE WIND SPEED     9.3


SKY COVER
  POSSIBLE SUNSHINE  MM
  AVERAGE SKY COVER 0.1


WEATHER CONDITIONS
 THE FOLLOWING WEATHER WAS RECORDED TODAY.
  NO SIGNIFICANT WEATHER WAS OBSERVED.


RELATIVE HUMIDITY (PERCENT)
 HIGHEST    67           700 AM
 LOWEST     24           200 PM
 AVERAGE    46

..........................................................


THE SAN ANGELO CLIMATE NORMALS FOR TOMORROW
                         NORMAL    RECORD    YEAR
 MAXIMUM TEMPERATURE (F)   96       108      1911
 MINIMUM TEMPERATURE (F)   72        56      1915


SUNRISE AND SUNSET
JULY 22 2017..........SUNRISE   652 AM CDT   SUNSET   844 PM CDT
JULY 23 2017..........SUNRISE   653 AM CDT   SUNSET   844 PM CDT


-  INDICATES NEGATIVE NUMBERS.
R  INDICATES RECORD WAS SET OR TIED.
MM INDICATES DATA IS MISSING.
T  INDICATES TRACE AMOUNT.




$$
