000
CDUS44 KSJT 242231
CLISJT


CLIMATE REPORT
NATIONAL WEATHER SERVICE SAN ANGELO TX
531 PM CDT SUN MAY 24 2015


...................................

...THE SAN ANGELO CLIMATE SUMMARY FOR MAY 24 2015...
VALID TODAY AS OF 0500 PM LOCAL TIME.

CLIMATE NORMAL PERIOD 1981 TO 2010
CLIMATE RECORD PERIOD 1907 TO 2015


WEATHER ITEM   OBSERVED TIME   RECORD YEAR NORMAL DEPARTURE LAST
                VALUE   (LST)  VALUE       VALUE  FROM      YEAR
                                                  NORMAL
..................................................................
TEMPERATURE (F)
 TODAY
  MAXIMUM         84    430 PM 109    2000  89     -5       87
  MINIMUM         63    620 AM  49    1940  64     -1       61
                                      1910
  AVERAGE         74                        77     -3       74

PRECIPITATION (IN)
  TODAY            1.07          2.39 2014   0.11   0.96     2.39
  MONTH TO DATE    7.80                      2.04   5.76     3.52
  SINCE MAR 1     11.28                      4.96   6.32     3.98
  SINCE JAN 1     13.54                      7.24   6.30     4.04

DEGREE DAYS
 HEATING
  TODAY            0                         0      0        0
  MONTH TO DATE    8                         8      0       28
  SINCE MAR 1    338                       353    -15      377
  SINCE JUL 1   2185                      2314   -129     2497

 COOLING
  TODAY            9                        12     -3        9
  MONTH TO DATE  211                       217     -6      279
  SINCE MAR 1    405                       368     37      529
  SINCE JAN 1    407                       373     34      532
..................................................................


WIND (MPH)
  HIGHEST WIND SPEED    14   HIGHEST WIND DIRECTION     S (170)
  HIGHEST GUST SPEED    17   HIGHEST GUST DIRECTION     S (160)
  AVERAGE WIND SPEED     6.7


SKY COVER
  POSSIBLE SUNSHINE  MM
  AVERAGE SKY COVER 0.5


WEATHER CONDITIONS
 THE FOLLOWING WEATHER WAS RECORDED TODAY.
  THUNDERSTORM
  HEAVY RAIN
  LIGHT RAIN
  FOG


RELATIVE HUMIDITY (PERCENT)
 HIGHEST    93           700 AM
 LOWEST     44           400 PM
 AVERAGE    69

..........................................................


THE SAN ANGELO CLIMATE NORMALS FOR TOMORROW
                         NORMAL    RECORD    YEAR
 MAXIMUM TEMPERATURE (F)   89       107      1989
 MINIMUM TEMPERATURE (F)   65        51      1947


SUNRISE AND SUNSET
MAY 24 2015...........SUNRISE   641 AM CDT   SUNSET   837 PM CDT
MAY 25 2015...........SUNRISE   641 AM CDT   SUNSET   837 PM CDT


-  INDICATES NEGATIVE NUMBERS.
R  INDICATES RECORD WAS SET OR TIED.
MM INDICATES DATA IS MISSING.
T  INDICATES TRACE AMOUNT.




$$
