094
CDUS44 KSJT 060802
CLISJT


CLIMATE REPORT
NATIONAL WEATHER SERVICE SAN ANGELO TX
202 AM CST SAT FEB 6 2016


...................................

...THE SAN ANGELO CLIMATE SUMMARY FOR FEBRUARY 5 2016...

CLIMATE NORMAL PERIOD 1981 TO 2010
CLIMATE RECORD PERIOD 1907 TO 2016


WEATHER ITEM   OBSERVED TIME   RECORD YEAR NORMAL DEPARTURE LAST
                VALUE   (LST)  VALUE       VALUE  FROM      YEAR
                                                  NORMAL
..................................................................
TEMPERATURE (F)
 YESTERDAY
  MAXIMUM         61    404 PM  84    2006  62     -1       41
  MINIMUM         27    429 AM  14    1989  35     -8       31
  AVERAGE         44                        48     -4       36

PRECIPITATION (IN)
  YESTERDAY        0.00          3.16 1987   0.04  -0.04      T
  MONTH TO DATE    0.00                      0.20  -0.20      T
  SINCE DEC 1      2.29                      1.98   0.31     2.39
  SINCE JAN 1      0.03                      1.13  -1.10     2.03

SNOWFALL (IN)
  YESTERDAY        0.0           3.0  1923   0.0    0.0      0.0
  MONTH TO DATE    0.0                       0.1   -0.1      0.0
  SINCE NOV 1      3.1                       1.9    1.2       T
  SINCE JUL 1      3.1                       1.9    1.2       T
  SNOW DEPTH       0

DEGREE DAYS
 HEATING
  YESTERDAY       21                        17      4       29
  MONTH TO DATE   92                        85      7       98
  SINCE DEC 1   1067                      1229   -162     1119
  SINCE JUL 1   1353                      1629   -276     1489

 COOLING
  YESTERDAY        0                         0      0        0
  MONTH TO DATE    0                         0      0        0
  SINCE DEC 1      0                         2     -2        1
  SINCE JAN 1      0                         1     -1        0
..................................................................


WIND (MPH)
  HIGHEST WIND SPEED    30   HIGHEST WIND DIRECTION     S (200)
  HIGHEST GUST SPEED    35   HIGHEST GUST DIRECTION     S (200)
  AVERAGE WIND SPEED    12.2


SKY COVER
  POSSIBLE SUNSHINE  MM
  AVERAGE SKY COVER 0.1


WEATHER CONDITIONS
 THE FOLLOWING WEATHER WAS RECORDED YESTERDAY.
  NO SIGNIFICANT WEATHER WAS OBSERVED.


RELATIVE HUMIDITY (PERCENT)
 HIGHEST    69           500 AM
 LOWEST     24           900 PM
 AVERAGE    47

..........................................................


THE SAN ANGELO CLIMATE NORMALS FOR TODAY
                         NORMAL    RECORD    YEAR
 MAXIMUM TEMPERATURE (F)   62        81      1999
 MINIMUM TEMPERATURE (F)   35        12      1989
                                             1923


SUNRISE AND SUNSET
FEBRUARY  6 2016......SUNRISE   731 AM CST   SUNSET   621 PM CST
FEBRUARY  7 2016......SUNRISE   731 AM CST   SUNSET   622 PM CST


-  INDICATES NEGATIVE NUMBERS.
R  INDICATES RECORD WAS SET OR TIED.
MM INDICATES DATA IS MISSING.
T  INDICATES TRACE AMOUNT.




$$
