000
CDUS44 KSJT 100721
CLISJT


CLIMATE REPORT
NATIONAL WEATHER SERVICE SAN ANGELO TX
220 AM CDT THU JUL 10 2014


...................................

...THE SAN ANGELO CLIMATE SUMMARY FOR JULY 9 2014...

CLIMATE NORMAL PERIOD 1981 TO 2010
CLIMATE RECORD PERIOD 1907 TO 2014


WEATHER ITEM   OBSERVED TIME   RECORD YEAR NORMAL DEPARTURE LAST
                VALUE   (LST)  VALUE       VALUE  FROM      YEAR
                                                  NORMAL
..................................................................
TEMPERATURE (F)
 YESTERDAY
  MAXIMUM         96    432 PM 106    1939  95      1       98
  MINIMUM         69    553 AM  65    1919  71     -2       73
  AVERAGE         83                        83      0       86

PRECIPITATION (IN)
  YESTERDAY        0.00          0.74 1976   0.04  -0.04     0.00
  MONTH TO DATE    0.00                      0.41  -0.41     0.01
  SINCE JUN 1      2.29                      3.00  -0.71     1.41
  SINCE JAN 1     10.56                     11.02  -0.46     7.79

DEGREE DAYS
 HEATING
  YESTERDAY        0                         0      0        0
  MONTH TO DATE    0                         0      0        0
  SINCE JUN 1      0                         0      0        0
  SINCE JUL 1      0                         0      0        0

 COOLING
  YESTERDAY       18                        18      0       21
  MONTH TO DATE  166                       158      8      150
  SINCE JUN 1    650                       622     28      711
  SINCE JAN 1   1252                      1082    170     1307
..................................................................


WIND (MPH)
  HIGHEST WIND SPEED    18   HIGHEST WIND DIRECTION    SE (130)
  HIGHEST GUST SPEED    23   HIGHEST GUST DIRECTION     S (160)
  AVERAGE WIND SPEED     8.8


SKY COVER
  POSSIBLE SUNSHINE  MM
  AVERAGE SKY COVER 0.1


WEATHER CONDITIONS
 THE FOLLOWING WEATHER WAS RECORDED YESTERDAY.
  NO SIGNIFICANT WEATHER WAS OBSERVED.


RELATIVE HUMIDITY (PERCENT)
 HIGHEST    78           600 AM
 LOWEST     28           400 PM
 AVERAGE    53

..........................................................


THE SAN ANGELO CLIMATE NORMALS FOR TODAY
                         NORMAL    RECORD    YEAR
 MAXIMUM TEMPERATURE (F)   95       105      1964
                                             1917
 MINIMUM TEMPERATURE (F)   71        64      1995


SUNRISE AND SUNSET
JULY 10 2014..........SUNRISE   645 AM CDT   SUNSET   849 PM CDT
JULY 11 2014..........SUNRISE   646 AM CDT   SUNSET   849 PM CDT


-  INDICATES NEGATIVE NUMBERS.
R  INDICATES RECORD WAS SET OR TIED.
MM INDICATES DATA IS MISSING.
T  INDICATES TRACE AMOUNT.




$$
