000
CDUS44 KSJT 040709
CLISJT


CLIMATE REPORT
NATIONAL WEATHER SERVICE SAN ANGELO TX
107 AM CST SUN DEC 4 2016


...................................

...THE SAN ANGELO CLIMATE SUMMARY FOR DECEMBER 3 2016...

CLIMATE NORMAL PERIOD 1981 TO 2010
CLIMATE RECORD PERIOD 1907 TO 2016


WEATHER ITEM   OBSERVED TIME   RECORD YEAR NORMAL DEPARTURE LAST
                VALUE   (LST)  VALUE       VALUE  FROM      YEAR
                                                  NORMAL
..................................................................
TEMPERATURE (F)
 YESTERDAY
  MAXIMUM         49    123 AM  88    2005  62    -13       66
  MINIMUM         46   1234 PM  15    1929  36     10       28
  AVERAGE         48                        49     -1       47

PRECIPITATION (IN)
  YESTERDAY        0.38          0.95 2002   0.02   0.36     0.00
  MONTH TO DATE    0.40                      0.07   0.33     0.00
  SINCE DEC 1      0.40                      0.07   0.33     0.00
  SINCE JAN 1     35.38                     20.47  14.91    24.52

SNOWFALL (IN)
  YESTERDAY        0.0           0.0  2002   0.0    0.0      0.0
  MONTH TO DATE    0.0                       0.0    0.0      0.0
  SINCE NOV 1      0.0                       0.3   -0.3      0.0
  SINCE JUL 1      0.0                       0.3   -0.3      0.0
  SNOW DEPTH       0

DEGREE DAYS
 HEATING
  YESTERDAY       17                        16      1       18
  MONTH TO DATE   48                        48      0       53
  SINCE DEC 1     48                        48      0       53
  SINCE JUL 1    216                       448   -232      339

 COOLING
  YESTERDAY        0                         0      0        0
  MONTH TO DATE    0                         0      0        0
  SINCE DEC 1      0                         0      0        0
  SINCE JAN 1   2829                      2502    327     2928
..................................................................


WIND (MPH)
  HIGHEST WIND SPEED    22   HIGHEST WIND DIRECTION     E (70)
  HIGHEST GUST SPEED    28   HIGHEST GUST DIRECTION     E (70)
  AVERAGE WIND SPEED     9.6


SKY COVER
  POSSIBLE SUNSHINE  MM
  AVERAGE SKY COVER 0.9


WEATHER CONDITIONS
 THE FOLLOWING WEATHER WAS RECORDED YESTERDAY.
  HEAVY RAIN
  RAIN
  LIGHT RAIN
  FOG


RELATIVE HUMIDITY (PERCENT)
 HIGHEST   100           500 AM
 LOWEST     86           200 AM
 AVERAGE    93

..........................................................


THE SAN ANGELO CLIMATE NORMALS FOR TODAY
                         NORMAL    RECORD    YEAR
 MAXIMUM TEMPERATURE (F)   62        91      1954
 MINIMUM TEMPERATURE (F)   35        13      2006


SUNRISE AND SUNSET
DECEMBER  4 2016......SUNRISE   726 AM CST   SUNSET   539 PM CST
DECEMBER  5 2016......SUNRISE   727 AM CST   SUNSET   539 PM CST


-  INDICATES NEGATIVE NUMBERS.
R  INDICATES RECORD WAS SET OR TIED.
MM INDICATES DATA IS MISSING.
T  INDICATES TRACE AMOUNT.




$$
