000
CDUS44 KSJT 250803
CLISJT


CLIMATE REPORT
NATIONAL WEATHER SERVICE SAN ANGELO TX
203 AM CST SUN FEB 25 2018


...................................

...THE SAN ANGELO CLIMATE SUMMARY FOR FEBRUARY 24 2018...

CLIMATE NORMAL PERIOD 1981 TO 2010
CLIMATE RECORD PERIOD 1907 TO 2018


WEATHER ITEM   OBSERVED TIME   RECORD YEAR NORMAL DEPARTURE LAST
                VALUE   (LST)  VALUE       VALUE  FROM      YEAR
                                                  NORMAL
..................................................................
TEMPERATURE (F)
 YESTERDAY
  MAXIMUM         74    131 PM  93    2009  66      8       69
  MINIMUM         43   1147 PM  14    1966  39      4       42
  AVERAGE         59                        52      7       56

PRECIPITATION (IN)
  YESTERDAY        0.00          1.50 1992   0.04  -0.04     0.00
  MONTH TO DATE    1.21                      1.13   0.08     1.23
  SINCE DEC 1      2.35                      2.91  -0.56     3.45
  SINCE JAN 1      1.22                      2.06  -0.84     2.71

SNOWFALL (IN)
  YESTERDAY        0.0           8.0  1924   0.0    0.0      0.0
  MONTH TO DATE    T                         0.3   -0.3      0.0
  SINCE NOV 1      T                         2.1   -2.1       T
  SINCE JUL 1      T                         2.1   -2.1       T
  SNOW DEPTH       0

DEGREE DAYS
 HEATING
  YESTERDAY        6                        13     -7        9
  MONTH TO DATE  334                       367    -33      180
  SINCE DEC 1   1518                      1511      7     1129
  SINCE JUL 1   1818                      1911    -93     1297

 COOLING
  YESTERDAY        0                         0      0        0
  MONTH TO DATE   16                         0     16       15
  SINCE DEC 1     19                         2     17       17
  SINCE JAN 1     16                         1     15       16
..................................................................


WIND (MPH)
  HIGHEST WIND SPEED    20   HIGHEST WIND DIRECTION     W (290)
  HIGHEST GUST SPEED    25   HIGHEST GUST DIRECTION    NW (300)
  AVERAGE WIND SPEED     8.8


SKY COVER
  POSSIBLE SUNSHINE  MM
  AVERAGE SKY COVER 0.4


WEATHER CONDITIONS
 THE FOLLOWING WEATHER WAS RECORDED YESTERDAY.
  FOG


RELATIVE HUMIDITY (PERCENT)
 HIGHEST    93           200 AM
 LOWEST     19           500 PM
 AVERAGE    56

..........................................................


THE SAN ANGELO CLIMATE NORMALS FOR TODAY
                         NORMAL    RECORD    YEAR
 MAXIMUM TEMPERATURE (F)   66        94      1918
 MINIMUM TEMPERATURE (F)   40        11      1960


SUNRISE AND SUNSET
FEBRUARY 25 2018......SUNRISE   713 AM CST   SUNSET   637 PM CST
FEBRUARY 26 2018......SUNRISE   712 AM CST   SUNSET   638 PM CST


-  INDICATES NEGATIVE NUMBERS.
R  INDICATES RECORD WAS SET OR TIED.
MM INDICATES DATA IS MISSING.
T  INDICATES TRACE AMOUNT.




$$
