000
CDUS44 KSJT 300753
CLISJT


CLIMATE REPORT
NATIONAL WEATHER SERVICE SAN ANGELO TX
153 AM CST FRI JAN 30 2015


...................................

...THE SAN ANGELO CLIMATE SUMMARY FOR JANUARY 29 2015...

CLIMATE NORMAL PERIOD 1981 TO 2010
CLIMATE RECORD PERIOD 1907 TO 2015


WEATHER ITEM   OBSERVED TIME   RECORD YEAR NORMAL DEPARTURE LAST
                VALUE   (LST)  VALUE       VALUE  FROM      YEAR
                                                  NORMAL
..................................................................
TEMPERATURE (F)
 YESTERDAY
  MAXIMUM         69    120 PM  83    1971  61      8       53
  MINIMUM         47    401 AM   9    2014  34     13        9
  AVERAGE         58                        47     11       31

PRECIPITATION (IN)
  YESTERDAY        0.01          0.60 1999   0.04  -0.03     0.00
  MONTH TO DATE    1.51                      0.87   0.64      T
  SINCE DEC 1      1.87                      1.72   0.15     1.15
  SINCE JAN 1      1.51                      0.87   0.64      T

SNOWFALL (IN)
  YESTERDAY       MM             3.0  1949   0.1   MM        0.0
  MONTH TO DATE    T                         1.2   -1.2       T
  SINCE NOV 1      T                         1.8   -1.8      1.5
  SINCE JUL 1      T                         1.8   -1.8      1.5
  SNOW DEPTH       0

DEGREE DAYS
 HEATING
  YESTERDAY        7                        18    -11       34
  MONTH TO DATE  603                       541     62      573
  SINCE DEC 1    994                      1108   -114     1196
  SINCE JUL 1   1364                      1508   -144     1672

 COOLING
  YESTERDAY        0                         0      0        0
  MONTH TO DATE    0                         0      0        0
  SINCE DEC 1      1                         1      0        3
  SINCE JAN 1      0                         0      0        0
..................................................................


WIND (MPH)
  HIGHEST WIND SPEED    24   HIGHEST WIND DIRECTION    NE (40)
  HIGHEST GUST SPEED    28   HIGHEST GUST DIRECTION    NE (50)
  AVERAGE WIND SPEED    12.0


SKY COVER
  POSSIBLE SUNSHINE  MM
  AVERAGE SKY COVER 0.5


WEATHER CONDITIONS
 THE FOLLOWING WEATHER WAS RECORDED YESTERDAY.
  LIGHT RAIN


RELATIVE HUMIDITY (PERCENT)
 HIGHEST    82           400 AM
 LOWEST     32           200 PM
 AVERAGE    57

..........................................................


THE SAN ANGELO CLIMATE NORMALS FOR TODAY
                         NORMAL    RECORD    YEAR
 MAXIMUM TEMPERATURE (F)   61        84      1971
                                             1911
 MINIMUM TEMPERATURE (F)   34         8      1949


SUNRISE AND SUNSET
JANUARY 30 2015.......SUNRISE   736 AM CST   SUNSET   615 PM CST
JANUARY 31 2015.......SUNRISE   735 AM CST   SUNSET   616 PM CST


-  INDICATES NEGATIVE NUMBERS.
R  INDICATES RECORD WAS SET OR TIED.
MM INDICATES DATA IS MISSING.
T  INDICATES TRACE AMOUNT.




$$
