000
CDUS44 KSJT 220901
CLISJT


CLIMATE REPORT
NATIONAL WEATHER SERVICE SAN ANGELO TX
300 AM CST WED NOV 22 2017


...................................

...THE SAN ANGELO CLIMATE SUMMARY FOR NOVEMBER 21 2017...

CLIMATE NORMAL PERIOD 1981 TO 2010
CLIMATE RECORD PERIOD 1907 TO 2017


WEATHER ITEM   OBSERVED TIME   RECORD YEAR NORMAL DEPARTURE LAST
                VALUE   (LST)  VALUE       VALUE  FROM      YEAR
                                                  NORMAL
..................................................................
TEMPERATURE (F)
 YESTERDAY
  MAXIMUM         72    354 PM  85    1989  66      6       79
  MINIMUM         46    754 AM  20    1988  40      6       45
  AVERAGE         59                        53      6       62

PRECIPITATION (IN)
  YESTERDAY        0.00          0.18 1940   0.02  -0.02     0.00
  MONTH TO DATE    0.98                      0.89   0.09     2.28
  SINCE SEP 1      5.25                      6.08  -0.83     9.01
  SINCE JAN 1     17.35                     20.15  -2.80    34.53

SNOWFALL (IN)
  YESTERDAY        0.0           0.0  2002   0.0    0.0      0.0
  MONTH TO DATE    0.0                       0.2   -0.2      0.0
  SINCE NOV 1      0.0                       0.2   -0.2      0.0
  SINCE JUL 1      0.0                       0.2   -0.2      0.0
  SNOW DEPTH       0

DEGREE DAYS
 HEATING
  YESTERDAY        6                        12     -6        3
  MONTH TO DATE  118                       183    -65       80
  SINCE SEP 1    221                       274    -53       93
  SINCE JUL 1    221                       274    -53       93

 COOLING
  YESTERDAY        0                         0      0        0
  MONTH TO DATE   67                        15     52       37
  SINCE SEP 1    599                       463    136      665
  SINCE JAN 1   2873                      2499    374     2825
..................................................................


WIND (MPH)
  HIGHEST WIND SPEED    32   HIGHEST WIND DIRECTION     N (20)
  HIGHEST GUST SPEED    41   HIGHEST GUST DIRECTION    NE (30)
  AVERAGE WIND SPEED    15.7


SKY COVER
  POSSIBLE SUNSHINE  MM
  AVERAGE SKY COVER 0.0


WEATHER CONDITIONS
 THE FOLLOWING WEATHER WAS RECORDED YESTERDAY.
  NO SIGNIFICANT WEATHER WAS OBSERVED.


RELATIVE HUMIDITY (PERCENT)
 HIGHEST    82           800 AM
 LOWEST     16           100 PM
 AVERAGE    49

..........................................................


THE SAN ANGELO CLIMATE NORMALS FOR TODAY
                         NORMAL    RECORD    YEAR
 MAXIMUM TEMPERATURE (F)   66        85      1955
                                             1910
 MINIMUM TEMPERATURE (F)   40        21      2015
                                             1926


SUNRISE AND SUNSET
NOVEMBER 22 2017......SUNRISE   716 AM CST   SUNSET   540 PM CST
NOVEMBER 23 2017......SUNRISE   717 AM CST   SUNSET   540 PM CST


-  INDICATES NEGATIVE NUMBERS.
R  INDICATES RECORD WAS SET OR TIED.
MM INDICATES DATA IS MISSING.
T  INDICATES TRACE AMOUNT.




$$
