000
CDCA42 TJSJ 232210
CLISJU


CLIMATE REPORT
NATIONAL WEATHER SERVICE SAN JUAN, PR
600 PM AST FRI FEB 23 2018


...................................

...THE SAN JUAN AREA/PR CLIMATE SUMMARY FOR FEBRUARY 23 2018...
VALID TODAY AS OF 0600 PM LOCAL TIME.

CLIMATE NORMAL PERIOD 1981 TO 2010
CLIMATE RECORD PERIOD 1898 TO 2018


WEATHER ITEM   OBSERVED TIME   RECORD YEAR NORMAL DEPARTURE LAST
                VALUE   (LST)  VALUE       VALUE  FROM      YEAR
                                                  NORMAL
..................................................................
TEMPERATURE (F)
 TODAY
  MAXIMUM         82    146 PM  89    1964  84     -2       83
  MINIMUM         72    504 AM  64    1956  72      0       73
  AVERAGE         77                        78     -1       78

PRECIPITATION (IN)
  TODAY            0.04          3.98 1918   0.08  -0.04     0.34
  MONTH TO DATE    2.06                      2.02   0.04     1.45
  SINCE DEC 1     10.57                     10.80  -0.23     7.64
  SINCE JAN 1      7.24                      5.78   1.46     3.34

SNOWFALL (IN)
  TODAY            0.0                       0.0    0.0      0.0
  MONTH TO DATE    0.0                       0.0    0.0      0.0
  SINCE DEC 1      0.0                       0.0    0.0      0.0
  SINCE JUL 1      0.0                       0.0    0.0      0.0

DEGREE DAYS
 HEATING
  TODAY            0                         0      0        0
  MONTH TO DATE    0                         0      0        0
  SINCE DEC 1      0                         0      0        0
  SINCE JUL 1      0                         0      0        0

 COOLING
  TODAY           12                        13     -1       13
  MONTH TO DATE  286                       299    -13      341
  SINCE DEC 1   1197                      1113     84     1269
  SINCE JAN 1    725                       690     35      774
..................................................................


WIND (MPH)
  HIGHEST WIND SPEED    25   HIGHEST WIND DIRECTION     E (70)
  HIGHEST GUST SPEED    31   HIGHEST GUST DIRECTION     E (70)
  AVERAGE WIND SPEED    17.4


SKY COVER
  AVERAGE SKY COVER 0.5


WEATHER CONDITIONS
 THE FOLLOWING WEATHER WAS RECORDED TODAY.
  LIGHT RAIN
  FOG


RELATIVE HUMIDITY (PERCENT)
 HIGHEST    79
 LOWEST     62
 AVERAGE    71

..........................................................


THE SAN JUAN AREA/PR CLIMATE NORMALS FOR TOMORROW
                         NORMAL    RECORD    YEAR
 MAXIMUM TEMPERATURE (F)   84        92      1983
 MINIMUM TEMPERATURE (F)   72        64      1951


SUNRISE AND SUNSET
FEBRUARY 23 2018......SUNRISE   647 AM AST   SUNSET   628 PM AST
FEBRUARY 24 2018......SUNRISE   646 AM AST   SUNSET   628 PM AST


-  INDICATES NEGATIVE NUMBERS.
R  INDICATES RECORD WAS SET OR TIED.
MM INDICATES DATA IS MISSING.
T  INDICATES TRACE AMOUNT.




$$
