000
CDCA42 TJSJ 231021
CLISJU


CLIMATE REPORT
NATIONAL WEATHER SERVICE SAN JUAN, PR
621 AM AST SUN NOV 23 2014


...................................

...THE SAN JUAN/P.R. CLIMATE SUMMARY FOR NOVEMBER 22 2014...

CLIMATE NORMAL PERIOD 1981 TO 2010
CLIMATE RECORD PERIOD 1898 TO 2014


WEATHER ITEM   OBSERVED TIME   RECORD YEAR NORMAL DEPARTURE LAST
                VALUE   (LST)  VALUE       VALUE  FROM      YEAR
                                                  NORMAL
..................................................................
TEMPERATURE (F)
 YESTERDAY
  MAXIMUM         84    106 PM  92    1995  85     -1       82
  MINIMUM         74    116 AM  68    1956  75     -1       73
  AVERAGE         79                        80     -1       78

PRECIPITATION (IN)
  YESTERDAY        1.47          3.58 1977   0.20   1.27     0.30
  MONTH TO DATE    9.71                      4.84   4.87     4.30
  SINCE SEP 1     19.10                     16.20   2.90    15.15
  SINCE JAN 1     51.82                     49.82   2.00    72.78

SNOWFALL (IN)
  YESTERDAY        0.0
  MONTH TO DATE    0.0
  SINCE SEP 1      0.0
  SINCE JUL 1      0.0

DEGREE DAYS
 HEATING
  YESTERDAY        0                         0      0        0
  MONTH TO DATE    0                         0      0        0
  SINCE SEP 1      0                         0      0        0
  SINCE JUL 1      0                         0      0        0

 COOLING
  YESTERDAY       14                        15     -1       13
  MONTH TO DATE  367                       348     19      359
  SINCE SEP 1   1525                      1450     75     1537
  SINCE JAN 1   5740                      5307    433     5453
..................................................................


WIND (MPH)
  RESULTANT WIND SPEED   5   RESULTANT WIND DIRECTION   E (80)
  HIGHEST WIND SPEED    23   HIGHEST WIND DIRECTION    NE (60)
  HIGHEST GUST SPEED    31   HIGHEST GUST DIRECTION     E (70)
  AVERAGE WIND SPEED     5.6


SKY COVER
  AVERAGE SKY COVER 0.7


WEATHER CONDITIONS
 THE FOLLOWING WEATHER WAS RECORDED YESTERDAY.
  THUNDERSTORM
  HEAVY RAIN
  RAIN
  LIGHT RAIN
  FOG


RELATIVE HUMIDITY (PERCENT)
 HIGHEST   100
 LOWEST     85
 AVERAGE    93

..........................................................


THE SAN JUAN/P.R. CLIMATE NORMALS FOR TODAY
                         NORMAL    RECORD    YEAR
 MAXIMUM TEMPERATURE (F)   85        89      1995
 MINIMUM TEMPERATURE (F)   75        68      1956


SUNRISE AND SUNSET
NOVEMBER 23 2014......SUNRISE   635 AM AST   SUNSET   546 PM AST
NOVEMBER 24 2014......SUNRISE   636 AM AST   SUNSET   546 PM AST


-  INDICATES NEGATIVE NUMBERS.
R  INDICATES RECORD WAS SET OR TIED.
MM INDICATES DATA IS MISSING.
T  INDICATES TRACE AMOUNT.




$$
