000
CDCA42 TJSJ 140426
CLISJU


CLIMATE REPORT
NATIONAL WEATHER SERVICE SAN JUAN, PR
1226 AM AST SUN FEB 14 2016


...................................

...THE SAN JUAN AREA/PR CLIMATE SUMMARY FOR FEBRUARY 13 2016...

CLIMATE NORMAL PERIOD 1981 TO 2010
CLIMATE RECORD PERIOD 1898 TO 2016


WEATHER ITEM   OBSERVED TIME   RECORD YEAR NORMAL DEPARTURE LAST
                VALUE   (LST)  VALUE       VALUE  FROM      YEAR
                                                  NORMAL
..................................................................
TEMPERATURE (F)
 YESTERDAY
  MAXIMUM         85    326 PM  92    1979  84      1       84
  MINIMUM         73    726 AM  62    1917  72      1       74
  AVERAGE         79                        78      1       79

PRECIPITATION (IN)
  YESTERDAY        0.00          1.77 1952   0.09  -0.09     0.67
  MONTH TO DATE    1.52                      1.19   0.33     1.57
  SINCE DEC 1      6.59                      9.97  -3.38    12.04
  SINCE JAN 1      3.12                      4.95  -1.83     6.53

SNOWFALL (IN)
  YESTERDAY        0.0                       0.0    0.0      0.0
  MONTH TO DATE    0.0                       0.0    0.0      0.0
  SINCE DEC 1      0.0                       0.0    0.0      0.0
  SINCE JUL 1      0.0                       0.0    0.0      0.0

DEGREE DAYS
 HEATING
  YESTERDAY        0                         0      0        0
  MONTH TO DATE    0                         0      0        0
  SINCE DEC 1      0                         0      0        0
  SINCE JUL 1      0                         0      0        0

 COOLING
  YESTERDAY       14                        13      1       14
  MONTH TO DATE  181                       169     12      186
  SINCE DEC 1   1084                       983    101     1075
  SINCE JAN 1    612                       560     52      624
..................................................................


WIND (MPH)
  HIGHEST WIND SPEED    18   HIGHEST WIND DIRECTION     E (100)
  HIGHEST GUST SPEED    23   HIGHEST GUST DIRECTION     E (100)
  AVERAGE WIND SPEED     5.4


SKY COVER
  AVERAGE SKY COVER 0.3


WEATHER CONDITIONS
 THE FOLLOWING WEATHER WAS RECORDED YESTERDAY.
  NO SIGNIFICANT WEATHER WAS OBSERVED.


RELATIVE HUMIDITY (PERCENT)
 HIGHEST    84
 LOWEST     48
 AVERAGE    66

..........................................................


THE SAN JUAN AREA/PR CLIMATE NORMALS FOR TODAY
                         NORMAL    RECORD    YEAR
 MAXIMUM TEMPERATURE (F)   84        90      2014
 MINIMUM TEMPERATURE (F)   72        66      1958


SUNRISE AND SUNSET
FEBRUARY 14 2016......SUNRISE   652 AM AST   SUNSET   624 PM AST
FEBRUARY 15 2016......SUNRISE   652 AM AST   SUNSET   625 PM AST


-  INDICATES NEGATIVE NUMBERS.
R  INDICATES RECORD WAS SET OR TIED.
MM INDICATES DATA IS MISSING.
T  INDICATES TRACE AMOUNT.




$$
