000
CDUS45 KSLC 251226
CLISLC


CLIMATE REPORT
NATIONAL WEATHER SERVICE SALT LAKE CITY UT
526 AM MST THU DEC 25 2014


...................................

...THE SALT LAKE CITY UT CLIMATE SUMMARY FOR DECEMBER 24 2014...

CLIMATE NORMAL PERIOD 1981 TO 2010
CLIMATE RECORD PERIOD 1874 TO 2014


WEATHER ITEM   OBSERVED TIME   RECORD YEAR NORMAL DEPARTURE LAST
                VALUE   (LST)  VALUE       VALUE  FROM      YEAR
                                                  NORMAL
..................................................................
TEMPERATURE (F)
 YESTERDAY
  MAXIMUM         48   1038 PM  57    1955  37     11       42
  MINIMUM         27    106 AM  -8    1879  22      5       24
  AVERAGE         38                        29      9       33

PRECIPITATION (IN)
  YESTERDAY        0.00          0.53 1964   0.04  -0.04     0.01
  MONTH TO DATE    0.98                      1.10  -0.12     1.65
  SINCE OCT 1      1.59                      4.07  -2.48     3.01
  SINCE JAN 1     14.04                     15.79  -1.75    11.62

SNOWFALL (IN)
  YESTERDAY        0.0           7.6  1932   0.5   -0.5      0.0
  MONTH TO DATE    0.2                      10.0   -9.8     19.2
  SINCE OCT 1      1.0                      19.0  -18.0     22.7
  SINCE JUL 1      1.0                      19.0  -18.0     22.7
  SNOW DEPTH       0

DEGREE DAYS
 HEATING
  YESTERDAY       27                        36     -9       32
  MONTH TO DATE  554                       826   -272      961
  SINCE DEC 1    554                       826   -272      961
  SINCE JUL 1   1524                      2044   -520     2008

 COOLING
  YESTERDAY        0                         0      0        0
  MONTH TO DATE    0                         0      0        0
  SINCE DEC 1      0                         0      0        0
  SINCE JAN 1   1244                      1160     84     1768
..................................................................


WIND (MPH)
  RESULTANT WIND SPEED  12   RESULTANT WIND DIRECTION   S (160)
  HIGHEST WIND SPEED    29   HIGHEST WIND DIRECTION     S (170)
  HIGHEST GUST SPEED    40   HIGHEST GUST DIRECTION     S (170)
  AVERAGE WIND SPEED    13.0


SKY COVER
  POSSIBLE SUNSHINE  MM
  AVERAGE SKY COVER 0.4


WEATHER CONDITIONS
 THE FOLLOWING WEATHER WAS RECORDED YESTERDAY.
  LIGHT RAIN


RELATIVE HUMIDITY (PERCENT)
 HIGHEST    69           200 AM
 LOWEST     38           200 PM
 AVERAGE    54

..........................................................


THE SALT LAKE CITY UT CLIMATE NORMALS FOR TODAY
                         NORMAL    RECORD    YEAR
 MAXIMUM TEMPERATURE (F)   37        59      1955
 MINIMUM TEMPERATURE (F)   22       -10      1879


SUNRISE AND SUNSET
DECEMBER 25 2014......SUNRISE   750 AM MST   SUNSET   506 PM MST
DECEMBER 26 2014......SUNRISE   751 AM MST   SUNSET   506 PM MST


-  INDICATES NEGATIVE NUMBERS.
R  INDICATES RECORD WAS SET OR TIED.
MM INDICATES DATA IS MISSING.
T  INDICATES TRACE AMOUNT.




$$
