771
CDUS45 KSLC 161227
CLISLC


CLIMATE REPORT
NATIONAL WEATHER SERVICE SALT LAKE CITY UT
527 AM MST TUE JAN 16 2018


...................................

...THE SALT LAKE CITY UT CLIMATE SUMMARY FOR JANUARY 15 2018...

CLIMATE NORMAL PERIOD 1981 TO 2010
CLIMATE RECORD PERIOD 1874 TO 2018


WEATHER ITEM   OBSERVED TIME   RECORD YEAR NORMAL DEPARTURE LAST
                VALUE   (LST)  VALUE       VALUE  FROM      YEAR
                                                  NORMAL
..................................................................
TEMPERATURE (F)
 YESTERDAY
  MAXIMUM         48    309 PM  57    2000  37     11       32
                                      1996
  MINIMUM         30    740 AM -17    1888  22      8       27
  AVERAGE         39                        29     10       30

PRECIPITATION (IN)
  YESTERDAY        0.00          0.91 1995   0.04  -0.04     0.00
  MONTH TO DATE    0.31                      0.63  -0.32     1.01
  SINCE OCT 1      2.44                      5.01  -2.57     5.65
  SINCE JAN 1      0.31                      0.63  -0.32     1.01

SNOWFALL (IN)
  YESTERDAY        0.0           5.0  1926   0.4   -0.4      0.0
  MONTH TO DATE    0.3                       6.5   -6.2     12.6
  SINCE OCT 1      8.0                      28.7  -20.7     29.4
  SINCE JUL 1      8.0                      28.7  -20.7     29.4
  SNOW DEPTH       0

DEGREE DAYS
 HEATING
  YESTERDAY       26                        36    -10       35
  MONTH TO DATE  401                       540   -139      562
  SINCE DEC 1   1386                      1616   -230     1655
  SINCE JUL 1   2408                      2834   -426     2454

 COOLING
  YESTERDAY        0                         0      0        0
  MONTH TO DATE    0                         0      0        0
  SINCE DEC 1      0                         0      0        0
  SINCE JAN 1      0                         0      0        0
..................................................................


WIND (MPH)
  RESULTANT WIND SPEED   0   RESULTANT WIND DIRECTION  SW (230)
  HIGHEST WIND SPEED    10   HIGHEST WIND DIRECTION    NW (310)
  HIGHEST GUST SPEED    13   HIGHEST GUST DIRECTION     W (290)
  AVERAGE WIND SPEED     3.0


SKY COVER
  POSSIBLE SUNSHINE  MM
  AVERAGE SKY COVER 0.0


WEATHER CONDITIONS
 THE FOLLOWING WEATHER WAS RECORDED YESTERDAY.
  HAZE


RELATIVE HUMIDITY (PERCENT)
 HIGHEST    89          1200 AM
 LOWEST     53           300 PM
 AVERAGE    71

..........................................................


THE SALT LAKE CITY UT CLIMATE NORMALS FOR TODAY
                         NORMAL    RECORD    YEAR
 MAXIMUM TEMPERATURE (F)   37        59      2000
 MINIMUM TEMPERATURE (F)   22        -9      1888


SUNRISE AND SUNSET
JANUARY 16 2018.......SUNRISE   749 AM MST   SUNSET   526 PM MST
JANUARY 17 2018.......SUNRISE   749 AM MST   SUNSET   527 PM MST


-  INDICATES NEGATIVE NUMBERS.
R  INDICATES RECORD WAS SET OR TIED.
MM INDICATES DATA IS MISSING.
T  INDICATES TRACE AMOUNT.




$$
