000
CDUS45 KSLC 251226
CLISLC


CLIMATE REPORT
NATIONAL WEATHER SERVICE SALT LAKE CITY UT
626 AM MDT MON SEP 25 2017


...................................

...THE SALT LAKE CITY UT CLIMATE SUMMARY FOR SEPTEMBER 24 2017...

CLIMATE NORMAL PERIOD 1981 TO 2010
CLIMATE RECORD PERIOD 1874 TO 2017


WEATHER ITEM   OBSERVED TIME   RECORD YEAR NORMAL DEPARTURE LAST
                VALUE   (LST)  VALUE       VALUE  FROM      YEAR
                                                  NORMAL
..................................................................
TEMPERATURE (F)
 YESTERDAY
  MAXIMUM         48    520 AM  92    2001  75    -27       62
  MINIMUM         43    331 PM  32    1961  49     -6       47
                                      1900
  AVERAGE         46                        62    -16       55

PRECIPITATION (IN)
  YESTERDAY        0.49          1.29 1908   0.05   0.44     0.22
  MONTH TO DATE    2.04                      0.93   1.11     1.88
  SINCE OCT 1     18.51                     15.82   2.69    13.45
  SINCE JAN 1     13.87                     11.44   2.43    10.20

SNOWFALL (IN)
  YESTERDAY        0.0           T    2007   0.0    0.0      0.0
                                      1984
                                      1900
  MONTH TO DATE    0.0                       0.0    0.0      0.0
  SINCE OCT 1     51.4                      56.2   -4.8     34.3
  SINCE JUL 1      0.0                       0.0    0.0      0.0
  SNOW DEPTH       0

DEGREE DAYS
 HEATING
  YESTERDAY       19                         5     14       10
  MONTH TO DATE   92                        51     41       39
  SINCE SEP 1     92                        51     41       39
  SINCE JUL 1     92                        56     36       40

 COOLING
  YESTERDAY        0                         2     -2        0
  MONTH TO DATE  196                       109     87      114
  SINCE SEP 1    196                       109     87      114
  SINCE JAN 1   1758                      1145    613     1591
..................................................................


WIND (MPH)
  RESULTANT WIND SPEED   1   RESULTANT WIND DIRECTION  NE (30)
  HIGHEST WIND SPEED    17   HIGHEST WIND DIRECTION    NW (310)
  HIGHEST GUST SPEED    20   HIGHEST GUST DIRECTION    NW (320)
  AVERAGE WIND SPEED     7.8


SKY COVER
  POSSIBLE SUNSHINE  MM
  AVERAGE SKY COVER 1.0


WEATHER CONDITIONS
 THE FOLLOWING WEATHER WAS RECORDED YESTERDAY.
  RAIN
  LIGHT RAIN
  FOG


RELATIVE HUMIDITY (PERCENT)
 HIGHEST    93           400 AM
 LOWEST     82          1100 AM
 AVERAGE    88

..........................................................


THE SALT LAKE CITY UT CLIMATE NORMALS FOR TODAY
                         NORMAL    RECORD    YEAR
 MAXIMUM TEMPERATURE (F)   75        93      2015
 MINIMUM TEMPERATURE (F)   49        30      1970


SUNRISE AND SUNSET
SEPTEMBER 25 2017.....SUNRISE   719 AM MDT   SUNSET   719 PM MDT
SEPTEMBER 26 2017.....SUNRISE   720 AM MDT   SUNSET   718 PM MDT


-  INDICATES NEGATIVE NUMBERS.
R  INDICATES RECORD WAS SET OR TIED.
MM INDICATES DATA IS MISSING.
T  INDICATES TRACE AMOUNT.




$$
