000
CDUS45 KSLC 051236
CLISLC


CLIMATE REPORT
NATIONAL WEATHER SERVICE SALT LAKE CITY UT
536 AM MST THU MAR 5 2015


...................................

...THE SALT LAKE CITY UT CLIMATE SUMMARY FOR MARCH 4 2015...

CLIMATE NORMAL PERIOD 1981 TO 2010
CLIMATE RECORD PERIOD 1874 TO 2015


WEATHER ITEM   OBSERVED TIME   RECORD YEAR NORMAL DEPARTURE LAST
                VALUE   (LST)  VALUE       VALUE  FROM      YEAR
                                                  NORMAL
..................................................................
TEMPERATURE (F)
 YESTERDAY
  MAXIMUM         40    323 PM  69    1987  50    -10       52
  MINIMUM         25    725 AM   2    1966  31     -6       42
  AVERAGE         33                        40     -7       47

PRECIPITATION (IN)
  YESTERDAY        0.00          0.64 1927   0.05  -0.05     0.17
  MONTH TO DATE    0.48                      0.20   0.28     0.21
  SINCE OCT 1      3.66                      7.08  -3.42     5.99
  SINCE JAN 1      1.65                      2.70  -1.05     2.98

SNOWFALL (IN)
  YESTERDAY        0.0           3.0  1938   0.3   -0.3      0.0
  MONTH TO DATE    2.8                       1.1    1.7      0.0
  SINCE OCT 1      9.6                      46.5  -36.9     35.0
  SINCE JUL 1      9.6                      46.5  -36.9     35.0
  SNOW DEPTH       T

DEGREE DAYS
 HEATING
  YESTERDAY       32                        25      7       18
  MONTH TO DATE  116                       101     15       57
  SINCE MAR 1    116                       101     15       57
  SINCE JUL 1   3463                      4357   -894     4044

 COOLING
  YESTERDAY        0                         0      0        0
  MONTH TO DATE    0                         0      0        0
  SINCE MAR 1      0                         0      0        0
  SINCE JAN 1      0                         0      0        0
..................................................................


WIND (MPH)
  RESULTANT WIND SPEED   2   RESULTANT WIND DIRECTION   S (160)
  HIGHEST WIND SPEED    12   HIGHEST WIND DIRECTION     W (280)
  HIGHEST GUST SPEED    17   HIGHEST GUST DIRECTION     W (290)
  AVERAGE WIND SPEED     5.9


SKY COVER
  POSSIBLE SUNSHINE  MM
  AVERAGE SKY COVER 0.2


WEATHER CONDITIONS
 THE FOLLOWING WEATHER WAS RECORDED YESTERDAY.
  NO SIGNIFICANT WEATHER WAS OBSERVED.


RELATIVE HUMIDITY (PERCENT)
 HIGHEST    85          1200 AM
 LOWEST     44           100 PM
 AVERAGE    65

..........................................................


THE SALT LAKE CITY UT CLIMATE NORMALS FOR TODAY
                         NORMAL    RECORD    YEAR
 MAXIMUM TEMPERATURE (F)   50        68      1972
 MINIMUM TEMPERATURE (F)   31         5      1966


SUNRISE AND SUNSET
MARCH  5 2015.........SUNRISE   656 AM MST   SUNSET   623 PM MST
MARCH  6 2015.........SUNRISE   654 AM MST   SUNSET   625 PM MST


-  INDICATES NEGATIVE NUMBERS.
R  INDICATES RECORD WAS SET OR TIED.
MM INDICATES DATA IS MISSING.
T  INDICATES TRACE AMOUNT.




$$
