000
CDUS45 KSLC 290027
CLISLC


CLIMATE REPORT
NATIONAL WEATHER SERVICE SALT LAKE CITY UT
627 PM MDT SUN AUG 28 2016


...................................

...THE SALT LAKE CITY UT CLIMATE SUMMARY FOR AUGUST 28 2016...
VALID TODAY AS OF 0500 PM LOCAL TIME.

CLIMATE NORMAL PERIOD 1981 TO 2010
CLIMATE RECORD PERIOD 1874 TO 2016


WEATHER ITEM   OBSERVED TIME   RECORD YEAR NORMAL DEPARTURE LAST
                VALUE   (LST)  VALUE       VALUE  FROM      YEAR
                                                  NORMAL
..................................................................
TEMPERATURE (F)
 TODAY
  MAXIMUM         92    354 PM  98    2012  87      5       94
  MINIMUM         64    619 AM  42    1964  60      4       66
  AVERAGE         78                        74      4       80

PRECIPITATION (IN)
  TODAY            0.00          0.51 1971   0.03  -0.03     0.00
  MONTH TO DATE    0.15                      0.60  -0.45     0.89
  SINCE OCT 1     11.57                     14.80  -3.23    13.16
  SINCE JAN 1      8.32                     10.42  -2.10    11.15

SNOWFALL (IN)
  TODAY            0.0          MM      MM   0.0    0.0      0.0
  MONTH TO DATE    0.0                       0.0    0.0      0.0
  SINCE OCT 1     34.3                      56.2  -21.9     15.4
  SINCE JUL 1      0.0                       0.0    0.0      0.0
  SNOW DEPTH       0

DEGREE DAYS
 HEATING
  TODAY            0                         0      0        0
  MONTH TO DATE    0                         0      0        0
  SINCE JUN 1      1                        48    -47        0
  SINCE JUL 1      1                         2     -1        0

 COOLING
  TODAY           13                         9      4       15
  MONTH TO DATE  427                       348     79      357
  SINCE JUN 1   1378                       960    418     1130
  SINCE JAN 1   1425                      1010    415     1161
..................................................................


WIND (MPH)
  RESULTANT WIND SPEED   7   RESULTANT WIND DIRECTION   S (160)
  HIGHEST WIND SPEED    18   HIGHEST WIND DIRECTION    SE (150)
  HIGHEST GUST SPEED    23   HIGHEST GUST DIRECTION     S (160)
  AVERAGE WIND SPEED    10.2


SKY COVER
  POSSIBLE SUNSHINE  MM
  AVERAGE SKY COVER 0.0


WEATHER CONDITIONS
 THE FOLLOWING WEATHER WAS RECORDED TODAY.
  NO SIGNIFICANT WEATHER WAS OBSERVED.


RELATIVE HUMIDITY (PERCENT)
 HIGHEST    42           600 AM
 LOWEST     10           300 PM
 AVERAGE    26

..........................................................


THE SALT LAKE CITY UT CLIMATE NORMALS FOR TOMORROW
                         NORMAL    RECORD    YEAR
 MAXIMUM TEMPERATURE (F)   87        99      2005
                                             1948
 MINIMUM TEMPERATURE (F)   60        37      1964


SUNRISE AND SUNSET
AUGUST 28 2016........SUNRISE   651 AM MDT   SUNSET   806 PM MDT
AUGUST 29 2016........SUNRISE   652 AM MDT   SUNSET   804 PM MDT


-  INDICATES NEGATIVE NUMBERS.
R  INDICATES RECORD WAS SET OR TIED.
MM INDICATES DATA IS MISSING.
T  INDICATES TRACE AMOUNT.




$$
