000
CDUS45 KSLC 291232
CLISLC


CLIMATE REPORT
NATIONAL WEATHER SERVICE SALT LAKE CITY UT
632 AM MDT MON MAY 29 2017


...................................

...THE SALT LAKE CITY UT CLIMATE SUMMARY FOR MAY 28 2017...

CLIMATE NORMAL PERIOD 1981 TO 2010
CLIMATE RECORD PERIOD 1874 TO 2017


WEATHER ITEM   OBSERVED TIME   RECORD YEAR NORMAL DEPARTURE LAST
                VALUE   (LST)  VALUE       VALUE  FROM      YEAR
                                                  NORMAL
..................................................................
TEMPERATURE (F)
 YESTERDAY
  MAXIMUM         79    504 PM  99    2003  76      3       76
  MINIMUM         51    524 AM  32    1954  51      0       52
  AVERAGE         65                        64      1       64

PRECIPITATION (IN)
  YESTERDAY        0.00          0.93 1906   0.06  -0.06      T
  MONTH TO DATE    0.61                      1.79  -1.18     1.57
  SINCE OCT 1     15.64                     12.45   3.19    10.89
  SINCE JAN 1     11.00                      8.07   2.93     7.64

SNOWFALL (IN)
  YESTERDAY        0.0           T    1982   0.0    0.0      0.0
                                      1927
                                      1895
  MONTH TO DATE    0.1                       0.3   -0.2      0.0
  SINCE OCT 1     51.4                      56.2   -4.8     34.3
  SINCE JUL 1     51.4                      56.2   -4.8     34.3
  SNOW DEPTH       0

DEGREE DAYS
 HEATING
  YESTERDAY        0                         4     -4        1
  MONTH TO DATE  141                       194    -53      133
  SINCE MAR 1   1028                      1294   -266      977
  SINCE JUL 1   4781                      5550   -769     4822

 COOLING
  YESTERDAY        0                         2     -2        0
  MONTH TO DATE   43                        38      5       30
  SINCE MAR 1     45                        42      3       40
  SINCE JAN 1     45                        42      3       40
..................................................................


WIND (MPH)
  RESULTANT WIND SPEED   1   RESULTANT WIND DIRECTION  NE (40)
  HIGHEST WIND SPEED    15   HIGHEST WIND DIRECTION    NW (320)
  HIGHEST GUST SPEED    20   HIGHEST GUST DIRECTION    NW (320)
  AVERAGE WIND SPEED     5.2


SKY COVER
  POSSIBLE SUNSHINE  MM
  AVERAGE SKY COVER 0.0


WEATHER CONDITIONS
 THE FOLLOWING WEATHER WAS RECORDED YESTERDAY.
  NO SIGNIFICANT WEATHER WAS OBSERVED.


RELATIVE HUMIDITY (PERCENT)
 HIGHEST    68           500 AM
 LOWEST     19           400 PM
 AVERAGE    44

..........................................................


THE SALT LAKE CITY UT CLIMATE NORMALS FOR TODAY
                         NORMAL    RECORD    YEAR
 MAXIMUM TEMPERATURE (F)   76        99      2003
 MINIMUM TEMPERATURE (F)   51        37      1946
                                             1927


SUNRISE AND SUNSET
MAY 29 2017...........SUNRISE   600 AM MDT   SUNSET   851 PM MDT
MAY 30 2017...........SUNRISE   600 AM MDT   SUNSET   852 PM MDT


-  INDICATES NEGATIVE NUMBERS.
R  INDICATES RECORD WAS SET OR TIED.
MM INDICATES DATA IS MISSING.
T  INDICATES TRACE AMOUNT.




$$
