000
CDUS45 KSLC 051239
CLISLC


CLIMATE REPORT
NATIONAL WEATHER SERVICE SALT LAKE CITY UT
638 AM MDT SUN JUL 5 2015


...................................

...THE SALT LAKE CITY UT CLIMATE SUMMARY FOR JULY 4 2015...

CLIMATE NORMAL PERIOD 1981 TO 2010
CLIMATE RECORD PERIOD 1874 TO 2015


WEATHER ITEM   OBSERVED TIME   RECORD YEAR NORMAL DEPARTURE LAST
                VALUE   (LST)  VALUE       VALUE  FROM      YEAR
                                                  NORMAL
..................................................................
TEMPERATURE (F)
 YESTERDAY
  MAXIMUM         99    426 PM 104    2001  90      9       98
  MINIMUM         79    458 AM  46    1902  62     17       73
  AVERAGE         89                        76     13       86

PRECIPITATION (IN)
  YESTERDAY        T             0.53 2013   0.01  -0.01     0.00
  MONTH TO DATE    T                         0.06  -0.06      T
  SINCE OCT 1     11.05                     13.65  -2.60    10.68
  SINCE JAN 1      9.04                      9.27  -0.23     7.67

SNOWFALL (IN)
  YESTERDAY        0.0          MM      MM   0.0    0.0      0.0
  MONTH TO DATE    0.0                       0.0    0.0      0.0
  SINCE OCT 1     15.4                      56.2  -40.8     35.5
  SINCE JUL 1      0.0                       0.0    0.0      0.0
  SNOW DEPTH       0

DEGREE DAYS
 HEATING
  YESTERDAY        0                         0      0        0
  MONTH TO DATE    0                         0      0        0
  SINCE JUN 1      0                        46    -46       39
  SINCE JUL 1      0                         0      0        0

 COOLING
  YESTERDAY       24                        11     13       21
  MONTH TO DATE   90                        44     46       66
  SINCE JUN 1    470                       231    239      246
  SINCE JAN 1    501                       281    220      308
..................................................................


WIND (MPH)
  RESULTANT WIND SPEED   3   RESULTANT WIND DIRECTION   S (160)
  HIGHEST WIND SPEED    25   HIGHEST WIND DIRECTION    SW (230)
  HIGHEST GUST SPEED    30   HIGHEST GUST DIRECTION    SW (240)
  AVERAGE WIND SPEED     7.3


SKY COVER
  POSSIBLE SUNSHINE  MM
  AVERAGE SKY COVER 0.1


WEATHER CONDITIONS
 THE FOLLOWING WEATHER WAS RECORDED YESTERDAY.
  THUNDERSTORM
  LIGHT RAIN


RELATIVE HUMIDITY (PERCENT)
 HIGHEST    43           800 PM
 LOWEST     20           400 PM
 AVERAGE    32

..........................................................


THE SALT LAKE CITY UT CLIMATE NORMALS FOR TODAY
                         NORMAL    RECORD    YEAR
 MAXIMUM TEMPERATURE (F)   91       104      1973
 MINIMUM TEMPERATURE (F)   63        44      1932


SUNRISE AND SUNSET
JULY  5 2015..........SUNRISE   602 AM MDT   SUNSET   902 PM MDT
JULY  6 2015..........SUNRISE   603 AM MDT   SUNSET   902 PM MDT


-  INDICATES NEGATIVE NUMBERS.
R  INDICATES RECORD WAS SET OR TIED.
MM INDICATES DATA IS MISSING.
T  INDICATES TRACE AMOUNT.




$$
