000
CDUS45 KSLC 260048
CLISLC


CLIMATE REPORT
NATIONAL WEATHER SERVICE SALT LAKE CITY UT
648 PM MDT TUE JUL 25 2017


...................................

...THE SALT LAKE CITY UT CLIMATE SUMMARY FOR JULY 25 2017...
VALID TODAY AS OF 0500 PM LOCAL TIME.

CLIMATE NORMAL PERIOD 1981 TO 2010
CLIMATE RECORD PERIOD 1874 TO 2017


WEATHER ITEM   OBSERVED TIME   RECORD YEAR NORMAL DEPARTURE LAST
                VALUE   (LST)  VALUE       VALUE  FROM      YEAR
                                                  NORMAL
..................................................................
TEMPERATURE (F)
 TODAY
  MAXIMUM         85    358 PM 103    1933  94     -9      101
  MINIMUM         69    806 AM  51    1964  66      3       72
  AVERAGE         77                        80     -3       87

PRECIPITATION (IN)
  TODAY            0.01          0.91 1998   0.02  -0.01     0.00
  MONTH TO DATE    0.03                      0.48  -0.45      T
  SINCE OCT 1     15.92                     14.07   1.85    11.42
  SINCE JAN 1     11.28                      9.69   1.59     8.17

SNOWFALL (IN)
  TODAY            0.0          MM      MM   0.0    0.0      0.0
  MONTH TO DATE    0.0                       0.0    0.0      0.0
  SINCE OCT 1     51.4                      56.2   -4.8     34.3
  SINCE JUL 1      0.0                       0.0    0.0      0.0
  SNOW DEPTH       0

DEGREE DAYS
 HEATING
  TODAY            0                         0      0        0
  MONTH TO DATE    0                         0      0        1
  SINCE JUN 1      4                        46    -42        1
  SINCE JUL 1      0                         0      0        1

 COOLING
  TODAY           12                        15     -3       22
  MONTH TO DATE  540                       336    204      432
  SINCE JUN 1    881                       523    358      812
  SINCE JAN 1    956                       573    383      859
..................................................................


WIND (MPH)
  RESULTANT WIND SPEED   6   RESULTANT WIND DIRECTION  SE (150)
  HIGHEST WIND SPEED    20   HIGHEST WIND DIRECTION     S (190)
  HIGHEST GUST SPEED    24   HIGHEST GUST DIRECTION     S (190)
  AVERAGE WIND SPEED     7.4


SKY COVER
  POSSIBLE SUNSHINE  MM
  AVERAGE SKY COVER 0.6


WEATHER CONDITIONS
 THE FOLLOWING WEATHER WAS RECORDED TODAY.
  LIGHT RAIN


RELATIVE HUMIDITY (PERCENT)
 HIGHEST    79           100 AM
 LOWEST     37           400 PM
 AVERAGE    58

..........................................................


THE SALT LAKE CITY UT CLIMATE NORMALS FOR TOMORROW
                         NORMAL    RECORD    YEAR
 MAXIMUM TEMPERATURE (F)   94       107      1960
 MINIMUM TEMPERATURE (F)   66        54      1993
                                             1932
                                             1887


SUNRISE AND SUNSET
JULY 25 2017..........SUNRISE   618 AM MDT   SUNSET   850 PM MDT
JULY 26 2017..........SUNRISE   619 AM MDT   SUNSET   849 PM MDT


-  INDICATES NEGATIVE NUMBERS.
R  INDICATES RECORD WAS SET OR TIED.
MM INDICATES DATA IS MISSING.
T  INDICATES TRACE AMOUNT.




$$
