000
CDUS46 KPQR 270221
CLISLE


CLIMATE REPORT
NATIONAL WEATHER SERVICE PORTLAND OREGON
721 PM PDT MON JUN 26 2017


...................................

...THE SALEM OR CLIMATE SUMMARY FOR JUNE 26 2017...
VALID TODAY AS OF 0700 PM LOCAL TIME.

CLIMATE NORMAL PERIOD 1981 TO 2010
CLIMATE RECORD PERIOD 1892 TO 2017


WEATHER ITEM   OBSERVED TIME   RECORD YEAR NORMAL DEPARTURE LAST
                VALUE   (LST)  VALUE       VALUE  FROM      YEAR
                                                  NORMAL
..................................................................
TEMPERATURE (F)
 TODAY
  MAXIMUM         77    342 PM 103    2006  77      0       90
  MINIMUM         58    551 AM  39    1976  51      7       53
                                      1963
  AVERAGE         68                        64      4       72

PRECIPITATION (IN)
  TODAY            0.00          0.87 1969   0.04  -0.04     0.00
  MONTH TO DATE    0.74                      1.44  -0.70     1.00
  SINCE OCT 1     56.60                     37.37  19.23    44.86
  SINCE JAN 1     33.30                     20.98  12.32    21.31

DEGREE DAYS
 HEATING
  TODAY            0                         3     -3        0
  MONTH TO DATE   81                       119    -38       78
  SINCE JUN 1     81                       119    -38       78
  SINCE JUL 1   4417                      4642   -225     3604

 COOLING
  TODAY            3                         2      1        7
  MONTH TO DATE   64                        21     43       74
  SINCE JUN 1     64                        21     43       74
  SINCE JAN 1     91                        30     61       95
..................................................................


WIND (MPH)
  HIGHEST WIND SPEED    15   HIGHEST WIND DIRECTION     W (270)
  HIGHEST GUST SPEED    20   HIGHEST GUST DIRECTION     W (270)
  AVERAGE WIND SPEED     5.7


SKY COVER
  POSSIBLE SUNSHINE  MM
  AVERAGE SKY COVER 0.1


WEATHER CONDITIONS
 THE FOLLOWING WEATHER WAS RECORDED TODAY.
  NO SIGNIFICANT WEATHER WAS OBSERVED.


RELATIVE HUMIDITY (PERCENT)
 HIGHEST    80           500 AM
 LOWEST     47           200 PM
 AVERAGE    64

..........................................................


THE SALEM OR CLIMATE NORMALS FOR TOMORROW
                         NORMAL    RECORD    YEAR
 MAXIMUM TEMPERATURE (F)   77        99      2000
 MINIMUM TEMPERATURE (F)   51        35      1965


SUNRISE AND SUNSET
JUNE 26 2017..........SUNRISE   527 AM PDT   SUNSET   903 PM PDT
JUNE 27 2017..........SUNRISE   528 AM PDT   SUNSET   902 PM PDT


-  INDICATES NEGATIVE NUMBERS.
R  INDICATES RECORD WAS SET OR TIED.
MM INDICATES DATA IS MISSING.
T  INDICATES TRACE AMOUNT.




$$
