000
CDUS46 KPQR 240225
CLISLE


CLIMATE REPORT
NATIONAL WEATHER SERVICE PORTLAND OREGON
725 PM PDT WED APR 23 2014


...................................

...THE SALEM OR CLIMATE SUMMARY FOR APRIL 23 2014...
VALID TODAY AS OF 0700 PM LOCAL TIME.

CLIMATE NORMAL PERIOD 1981 TO 2010
CLIMATE RECORD PERIOD 1893 TO 2014


WEATHER ITEM   OBSERVED TIME   RECORD YEAR NORMAL DEPARTURE LAST
                VALUE   (LST)  VALUE       VALUE  FROM      YEAR
                                                  NORMAL
..................................................................
TEMPERATURE (F)
 TODAY
  MAXIMUM         56   1155 AM  84    1910  63     -7       70
  MINIMUM         45    200 AM  30    1954  40      5       35
                                      1900
  AVERAGE         51                        51      0       53

PRECIPITATION (IN)
  TODAY            0.42          0.74 1996   0.09   0.33     0.00
  MONTH TO DATE    1.59                      2.28  -0.69     2.34
  SINCE OCT 1     22.76                     33.18 -10.42    29.86
  SINCE JAN 1     18.18                     16.79   1.39     7.60

DEGREE DAYS
 HEATING
  TODAY           14                        14      0       12
  MONTH TO DATE  272                       350    -78      331
  SINCE MAR 1    758                       913   -155      864
  SINCE JUL 1   4044                      4153   -109     3923

 COOLING
  TODAY            0                         0      0        0
  MONTH TO DATE    0                         0      0        0
  SINCE MAR 1      0                         0      0        0
  SINCE JAN 1      0                         0      0        0
..................................................................


WIND (MPH)
  HIGHEST WIND SPEED    25   HIGHEST WIND DIRECTION     S (170)
  HIGHEST GUST SPEED    34   HIGHEST GUST DIRECTION     S (190)
  AVERAGE WIND SPEED    15.7


SKY COVER
  POSSIBLE SUNSHINE  MM
  AVERAGE SKY COVER 1.0


WEATHER CONDITIONS
 THE FOLLOWING WEATHER WAS RECORDED TODAY.
  RAIN
  LIGHT RAIN
  FOG


RELATIVE HUMIDITY (PERCENT)
 HIGHEST    93           400 PM
 LOWEST     66          1100 AM
 AVERAGE    80

..........................................................


THE SALEM OR CLIMATE NORMALS FOR TOMORROW
                         NORMAL    RECORD    YEAR
 MAXIMUM TEMPERATURE (F)   63        84      1910
 MINIMUM TEMPERATURE (F)   40        28      1986


SUNRISE AND SUNSET
APRIL 23 2014.........SUNRISE   614 AM PDT   SUNSET   808 PM PDT
APRIL 24 2014.........SUNRISE   612 AM PDT   SUNSET   809 PM PDT


-  INDICATES NEGATIVE NUMBERS.
R  INDICATES RECORD WAS SET OR TIED.
MM INDICATES DATA IS MISSING.
T  INDICATES TRACE AMOUNT.




$$
