000
CDUS46 KPQR 061141
CLISLE


CLIMATE REPORT
NATIONAL WEATHER SERVICE PORTLAND OREGON
441 AM PDT MON JUL 6 2015


...................................

...THE SALEM OR CLIMATE SUMMARY FOR JULY 5 2015...

CLIMATE NORMAL PERIOD 1981 TO 2010
CLIMATE RECORD PERIOD 1892 TO 2015


WEATHER ITEM   OBSERVED TIME   RECORD YEAR NORMAL DEPARTURE LAST
                VALUE   (LST)  VALUE       VALUE  FROM      YEAR
                                                  NORMAL
..................................................................
TEMPERATURE (F)
 YESTERDAY
  MAXIMUM         96    308 PM  99    1960  80     16       89
  MINIMUM         60    457 AM  35    1932  52      8       53
  AVERAGE         78                        66     12       71

PRECIPITATION (IN)
  YESTERDAY        0.00          1.12 1909   0.02  -0.02     0.00
  MONTH TO DATE    0.00                      0.11  -0.11     0.00
  SINCE OCT 1     32.81                     37.59  -4.78    26.59
  SINCE JAN 1     15.27                     21.20  -5.93    22.01

DEGREE DAYS
 HEATING
  YESTERDAY        0                         2     -2        0
  MONTH TO DATE    0                        10    -10        0
  SINCE JUN 1     22                       140   -118       66
  SINCE JUL 1      0                        10    -10        0

 COOLING
  YESTERDAY       13                         2     11        6
  MONTH TO DATE   72                        10     62       33
  SINCE JUN 1    232                        38    194       52
  SINCE JAN 1    245                        47    198       68
..................................................................


WIND (MPH)
  HIGHEST WIND SPEED    15   HIGHEST WIND DIRECTION    SW (240)
  HIGHEST GUST SPEED    20   HIGHEST GUST DIRECTION     W (250)
  AVERAGE WIND SPEED     6.3


SKY COVER
  POSSIBLE SUNSHINE  MM
  AVERAGE SKY COVER 0.0


WEATHER CONDITIONS
 THE FOLLOWING WEATHER WAS RECORDED YESTERDAY.
  NO SIGNIFICANT WEATHER WAS OBSERVED.


RELATIVE HUMIDITY (PERCENT)
 HIGHEST    73           300 AM
 LOWEST     20           200 PM
 AVERAGE    47

..........................................................


THE SALEM OR CLIMATE NORMALS FOR TODAY
                         NORMAL    RECORD    YEAR
 MAXIMUM TEMPERATURE (F)   80       101      1960
 MINIMUM TEMPERATURE (F)   52        38      1988
                                             1935


SUNRISE AND SUNSET
JULY  6 2015..........SUNRISE   533 AM PDT   SUNSET   901 PM PDT
JULY  7 2015..........SUNRISE   533 AM PDT   SUNSET   900 PM PDT


-  INDICATES NEGATIVE NUMBERS.
R  INDICATES RECORD WAS SET OR TIED.
MM INDICATES DATA IS MISSING.
T  INDICATES TRACE AMOUNT.




$$
