000
CDUS46 KPQR 020228
CLISLE


CLIMATE REPORT
NATIONAL WEATHER SERVICE PORTLAND OREGON
728 PM PDT WED OCT 1 2014


...................................

...THE SALEM OR CLIMATE SUMMARY FOR OCTOBER 1 2014...
VALID TODAY AS OF 0700 PM LOCAL TIME.

CLIMATE NORMAL PERIOD 1981 TO 2010
CLIMATE RECORD PERIOD 1892 TO 2014


WEATHER ITEM   OBSERVED TIME   RECORD YEAR NORMAL DEPARTURE LAST
                VALUE   (LST)  VALUE       VALUE  FROM      YEAR
                                                  NORMAL
..................................................................
TEMPERATURE (F)
 TODAY
  MAXIMUM         69    304 PM  92    1988  71     -2       60
  MINIMUM         47    537 AM  31    1950  45      2       44
  AVERAGE         58                        58      0       52

PRECIPITATION (IN)
  TODAY            0.00          2.02 1951   0.06  -0.06     0.19
  MONTH TO DATE    0.00                      0.06  -0.06     0.19
  SINCE OCT 1      0.00                      0.06  -0.06     0.19
  SINCE JAN 1     24.02                     23.34   0.68    19.19

DEGREE DAYS
 HEATING
  TODAY            7                         7      0       13
  MONTH TO DATE    7                         7      0       13
  SINCE SEP 1     35                       116    -81       65
  SINCE JUL 1     39                       172   -133       70

 COOLING
  TODAY            0                         0      0        0
  MONTH TO DATE    0                         0      0        0
  SINCE SEP 1     73                        37     36       75
  SINCE JAN 1    591                       289    302      502
..................................................................


WIND (MPH)
  HIGHEST WIND SPEED    15   HIGHEST WIND DIRECTION     N (350)
  HIGHEST GUST SPEED    20   HIGHEST GUST DIRECTION     N (20)
  AVERAGE WIND SPEED     4.3


SKY COVER
  POSSIBLE SUNSHINE  MM
  AVERAGE SKY COVER 0.4


WEATHER CONDITIONS
 THE FOLLOWING WEATHER WAS RECORDED TODAY.
  FOG


RELATIVE HUMIDITY (PERCENT)
 HIGHEST    93          1200 AM
 LOWEST     42           300 PM
 AVERAGE    68

..........................................................


THE SALEM OR CLIMATE NORMALS FOR TOMORROW
                         NORMAL    RECORD    YEAR
 MAXIMUM TEMPERATURE (F)   71        93      1970
 MINIMUM TEMPERATURE (F)   45        33      1954
                                             1950


SUNRISE AND SUNSET
OCTOBER  1 2014.......SUNRISE   710 AM PDT   SUNSET   652 PM PDT
OCTOBER  2 2014.......SUNRISE   711 AM PDT   SUNSET   650 PM PDT


-  INDICATES NEGATIVE NUMBERS.
R  INDICATES RECORD WAS SET OR TIED.
MM INDICATES DATA IS MISSING.
T  INDICATES TRACE AMOUNT.




$$
