000
CDUS46 KPQR 170221
CLISLE


CLIMATE REPORT
NATIONAL WEATHER SERVICE PORTLAND OREGON
721 PM PDT TUE SEP 16 2014


...................................

...THE SALEM OR CLIMATE SUMMARY FOR SEPTEMBER 16 2014...
VALID TODAY AS OF 0700 PM LOCAL TIME.

CLIMATE NORMAL PERIOD 1981 TO 2010
CLIMATE RECORD PERIOD 1892 TO 2014


WEATHER ITEM   OBSERVED TIME   RECORD YEAR NORMAL DEPARTURE LAST
                VALUE   (LST)  VALUE       VALUE  FROM      YEAR
                                                  NORMAL
..................................................................
TEMPERATURE (F)
 TODAY
  MAXIMUM         80    358 PM  93    1994  77      3       72
                                      1929
  MINIMUM         50    424 AM  33    1965  48      2       59
  AVERAGE         65                        63      2       66

PRECIPITATION (IN)
  TODAY            0.00          0.70 1926   0.04  -0.04      T
  MONTH TO DATE    0.00                      0.55  -0.55     2.34
  SINCE OCT 1     27.40                     38.94 -11.54    36.56
  SINCE JAN 1     22.82                     22.55   0.27    14.30

DEGREE DAYS
 HEATING
  TODAY            0                         3     -3        0
  MONTH TO DATE    3                        38    -35        1
  SINCE SEP 1      3                        38    -35        1
  SINCE JUL 1      7                        94    -87        6

 COOLING
  TODAY            0                         1     -1        1
  MONTH TO DATE   48                        27     21       75
  SINCE SEP 1     48                        27     21       75
  SINCE JAN 1    566                       279    287      502
..................................................................


WIND (MPH)
  HIGHEST WIND SPEED     9   HIGHEST WIND DIRECTION     N (20)
  HIGHEST GUST SPEED    14   HIGHEST GUST DIRECTION    SW (210)
  AVERAGE WIND SPEED     4.3


SKY COVER
  POSSIBLE SUNSHINE  MM
  AVERAGE SKY COVER 0.1


WEATHER CONDITIONS
 THE FOLLOWING WEATHER WAS RECORDED TODAY.
  NO SIGNIFICANT WEATHER WAS OBSERVED.


RELATIVE HUMIDITY (PERCENT)
 HIGHEST    89           400 AM
 LOWEST     33           400 PM
 AVERAGE    61

..........................................................


THE SALEM OR CLIMATE NORMALS FOR TOMORROW
                         NORMAL    RECORD    YEAR
 MAXIMUM TEMPERATURE (F)   77        95      1991
                                             1962
 MINIMUM TEMPERATURE (F)   48        28      1965


SUNRISE AND SUNSET
SEPTEMBER 16 2014.....SUNRISE   652 AM PDT   SUNSET   721 PM PDT
SEPTEMBER 17 2014.....SUNRISE   653 AM PDT   SUNSET   719 PM PDT


-  INDICATES NEGATIVE NUMBERS.
R  INDICATES RECORD WAS SET OR TIED.
MM INDICATES DATA IS MISSING.
T  INDICATES TRACE AMOUNT.




$$
