000
CDUS46 KPQR 191144
CLISLE


CLIMATE REPORT
NATIONAL WEATHER SERVICE PORTLAND OREGON
443 AM PDT SAT AUG 19 2017


...................................

...THE SALEM OR CLIMATE SUMMARY FOR AUGUST 18 2017...

CLIMATE NORMAL PERIOD 1981 TO 2010
CLIMATE RECORD PERIOD 1892 TO 2017


WEATHER ITEM   OBSERVED TIME   RECORD YEAR NORMAL DEPARTURE LAST
                VALUE   (LST)  VALUE       VALUE  FROM      YEAR
                                                  NORMAL
..................................................................
TEMPERATURE (F)
 YESTERDAY
  MAXIMUM         87    414 PM 102    2016  82      5      102
  MINIMUM         57    545 AM  41    1973  53      4       57
                                      1920
  AVERAGE         72                        68      4       80

PRECIPITATION (IN)
  YESTERDAY        0.00          0.51 1926   0.02  -0.02     0.00
  MONTH TO DATE    0.15                      0.19  -0.04     0.24
  SINCE OCT 1     56.75                     38.13  18.62    45.55
  SINCE JAN 1     33.45                     21.74  11.71    22.00

DEGREE DAYS
 HEATING
  YESTERDAY        0                         1     -1        0
  MONTH TO DATE    2                        15    -13        7
  SINCE JUN 1     84                       175    -91       90
  SINCE JUL 1      2                        45    -43       12

 COOLING
  YESTERDAY        7                         3      4       15
  MONTH TO DATE  175                        69    106      115
  SINCE JUN 1    410                       206    204      327
  SINCE JAN 1    437                       215    222      348
..................................................................


WIND (MPH)
  HIGHEST WIND SPEED    17   HIGHEST WIND DIRECTION    NW (310)
  HIGHEST GUST SPEED    22   HIGHEST GUST DIRECTION    NW (320)
  AVERAGE WIND SPEED     8.0


SKY COVER
  POSSIBLE SUNSHINE  MM
  AVERAGE SKY COVER 0.0


WEATHER CONDITIONS
 THE FOLLOWING WEATHER WAS RECORDED YESTERDAY.
  NO SIGNIFICANT WEATHER WAS OBSERVED.


RELATIVE HUMIDITY (PERCENT)
 HIGHEST    86           400 AM
 LOWEST     32           300 PM
 AVERAGE    59

..........................................................


THE SALEM OR CLIMATE NORMALS FOR TODAY
                         NORMAL    RECORD    YEAR
 MAXIMUM TEMPERATURE (F)   82       104      2016
 MINIMUM TEMPERATURE (F)   53        40      1973
                                             1935


SUNRISE AND SUNSET
AUGUST 19 2017........SUNRISE   619 AM PDT   SUNSET   811 PM PDT
AUGUST 20 2017........SUNRISE   620 AM PDT   SUNSET   809 PM PDT


-  INDICATES NEGATIVE NUMBERS.
R  INDICATES RECORD WAS SET OR TIED.
MM INDICATES DATA IS MISSING.
T  INDICATES TRACE AMOUNT.




$$
