000
CDUS46 KPQR 211143
CLISLE


CLIMATE REPORT
NATIONAL WEATHER SERVICE PORTLAND OREGON
442 AM PDT MON APR 21 2014


...................................

...THE SALEM OR CLIMATE SUMMARY FOR APRIL 20 2014...

CLIMATE NORMAL PERIOD 1981 TO 2010
CLIMATE RECORD PERIOD 1893 TO 2014


WEATHER ITEM   OBSERVED TIME   RECORD YEAR NORMAL DEPARTURE LAST
                VALUE   (LST)  VALUE       VALUE  FROM      YEAR
                                                  NORMAL
..................................................................
TEMPERATURE (F)
 YESTERDAY
  MAXIMUM         65    419 PM  85    1934  62      3       61
                                      1906
  MINIMUM         39    521 AM  26    1982  40     -1       43
  AVERAGE         52                        51      1       52

PRECIPITATION (IN)
  YESTERDAY        0.00          0.72 1988   0.09  -0.09     0.00
  MONTH TO DATE    0.78                      2.01  -1.23     2.34
  SINCE OCT 1     21.95                     32.91 -10.96    29.86
  SINCE JAN 1     17.37                     16.52   0.85     7.60

DEGREE DAYS
 HEATING
  YESTERDAY       13                        14     -1       13
  MONTH TO DATE  234                       308    -74      293
  SINCE MAR 1    720                       871   -151      826
  SINCE JUL 1   4006                      4111   -105     3885

 COOLING
  YESTERDAY        0                         0      0        0
  MONTH TO DATE    0                         0      0        0
  SINCE MAR 1      0                         0      0        0
  SINCE JAN 1      0                         0      0        0
..................................................................


WIND (MPH)
  HIGHEST WIND SPEED    12   HIGHEST WIND DIRECTION     S (190)
  HIGHEST GUST SPEED    16   HIGHEST GUST DIRECTION     S (180)
  AVERAGE WIND SPEED     4.1


SKY COVER
  POSSIBLE SUNSHINE  MM
  AVERAGE SKY COVER 0.1


WEATHER CONDITIONS
 THE FOLLOWING WEATHER WAS RECORDED YESTERDAY.
  NO SIGNIFICANT WEATHER WAS OBSERVED.


RELATIVE HUMIDITY (PERCENT)
 HIGHEST    93           600 AM
 LOWEST     43           400 PM
 AVERAGE    68

..........................................................


THE SALEM OR CLIMATE NORMALS FOR TODAY
                         NORMAL    RECORD    YEAR
 MAXIMUM TEMPERATURE (F)   62        81      2009
 MINIMUM TEMPERATURE (F)   40        26      1951


SUNRISE AND SUNSET
APRIL 21 2014.........SUNRISE   617 AM PDT   SUNSET   805 PM PDT
APRIL 22 2014.........SUNRISE   615 AM PDT   SUNSET   806 PM PDT


-  INDICATES NEGATIVE NUMBERS.
R  INDICATES RECORD WAS SET OR TIED.
MM INDICATES DATA IS MISSING.
T  INDICATES TRACE AMOUNT.




$$
