000
CDUS46 KPQR 270220
CLISLE


CLIMATE REPORT
NATIONAL WEATHER SERVICE PORTLAND OREGON
720 PM PDT FRI AUG 26 2016


...................................

...THE SALEM OR CLIMATE SUMMARY FOR AUGUST 26 2016...
VALID TODAY AS OF 0700 PM LOCAL TIME.

CLIMATE NORMAL PERIOD 1981 TO 2010
CLIMATE RECORD PERIOD 1892 TO 2016


WEATHER ITEM   OBSERVED TIME   RECORD YEAR NORMAL DEPARTURE LAST
                VALUE   (LST)  VALUE       VALUE  FROM      YEAR
                                                  NORMAL
..................................................................
TEMPERATURE (F)
 TODAY
  MAXIMUM         99R   336 PM  98    1986  81     18       89
  MINIMUM         59    549 AM  40    1980  52      7       51
                                      1900
  AVERAGE         79                        66     13       70

PRECIPITATION (IN)
  TODAY            0.00          0.70 1926   0.02  -0.02     0.00
                                      1899
  MONTH TO DATE    0.24                      0.33  -0.09     0.00
  SINCE OCT 1     45.54                     38.27   7.27    32.82
  SINCE JAN 1     21.99                     21.88   0.11    15.28

DEGREE DAYS
 HEATING
  TODAY            0                         1     -1        0
  MONTH TO DATE    7                        23    -16        0
  SINCE JUN 1     90                       183    -93       24
  SINCE JUL 1     12                        53    -41        2

 COOLING
  TODAY           14                         3     11        5
  MONTH TO DATE  196                        93    103      183
  SINCE JUN 1    408                       230    178      604
  SINCE JAN 1    429                       239    190      617
..................................................................


WIND (MPH)
  HIGHEST WIND SPEED    10   HIGHEST WIND DIRECTION    NW (320)
  HIGHEST GUST SPEED    15   HIGHEST GUST DIRECTION    NW (310)
  AVERAGE WIND SPEED     4.5


SKY COVER
  POSSIBLE SUNSHINE  MM
  AVERAGE SKY COVER 0.0


WEATHER CONDITIONS
 THE FOLLOWING WEATHER WAS RECORDED TODAY.
  NO SIGNIFICANT WEATHER WAS OBSERVED.


RELATIVE HUMIDITY (PERCENT)
 HIGHEST    60           500 AM
 LOWEST     11           300 PM
 AVERAGE    36

..........................................................


THE SALEM OR CLIMATE NORMALS FOR TOMORROW
                         NORMAL    RECORD    YEAR
 MAXIMUM TEMPERATURE (F)   81       101      1935
 MINIMUM TEMPERATURE (F)   52        39      1962


SUNRISE AND SUNSET
AUGUST 26 2016........SUNRISE   628 AM PDT   SUNSET   759 PM PDT
AUGUST 27 2016........SUNRISE   629 AM PDT   SUNSET   757 PM PDT


-  INDICATES NEGATIVE NUMBERS.
R  INDICATES RECORD WAS SET OR TIED.
MM INDICATES DATA IS MISSING.
T  INDICATES TRACE AMOUNT.




$$
