000
CDUS46 KPQR 270223
CLISLE


CLIMATE REPORT
NATIONAL WEATHER SERVICE PORTLAND OREGON
723 PM PDT THU MAR 26 2015


...................................

...THE SALEM OR CLIMATE SUMMARY FOR MARCH 26 2015...
VALID TODAY AS OF 0700 PM LOCAL TIME.

CLIMATE NORMAL PERIOD 1981 TO 2010
CLIMATE RECORD PERIOD 1892 TO 2015


WEATHER ITEM   OBSERVED TIME   RECORD YEAR NORMAL DEPARTURE LAST
                VALUE   (LST)  VALUE       VALUE  FROM      YEAR
                                                  NORMAL
..................................................................
TEMPERATURE (F)
 TODAY
  MAXIMUM         72    448 PM  74    1994  58     14       52
  MINIMUM         45    148 AM  25    1996  38      7       46
                                      1899
  AVERAGE         59                        48     11       49

PRECIPITATION (IN)
  TODAY            0.00          1.52 1940   0.12  -0.12     0.55
  MONTH TO DATE    3.94                      3.40   0.54     5.30
  SINCE OCT 1     29.02                     30.31  -1.29    19.15
  SINCE JAN 1     11.48                     13.92  -2.44    14.57

DEGREE DAYS
 HEATING
  TODAY            6                        17    -11       16
  MONTH TO DATE  355                       479   -124      406
  SINCE MAR 1    355                       479   -124      406
  SINCE JUL 1   2825                      3719   -894     3692

 COOLING
  TODAY            0                         0      0        0
  MONTH TO DATE    0                         0      0        0
  SINCE MAR 1      0                         0      0        0
  SINCE JAN 1      0                         0      0        0
..................................................................


WIND (MPH)
  HIGHEST WIND SPEED     9   HIGHEST WIND DIRECTION    NE (40)
  HIGHEST GUST SPEED    11   HIGHEST GUST DIRECTION    NE (30)
  AVERAGE WIND SPEED     3.0


SKY COVER
  POSSIBLE SUNSHINE  MM
  AVERAGE SKY COVER 0.5


WEATHER CONDITIONS
 THE FOLLOWING WEATHER WAS RECORDED TODAY.
  FOG
  FOG W/VISIBILITY <= 1/4 MILE
  HAZE


RELATIVE HUMIDITY (PERCENT)
 HIGHEST   100           100 AM
 LOWEST     49           400 PM
 AVERAGE    75

..........................................................


THE SALEM OR CLIMATE NORMALS FOR TOMORROW
                         NORMAL    RECORD    YEAR
 MAXIMUM TEMPERATURE (F)   58        77      1994
 MINIMUM TEMPERATURE (F)   38        25      1975
                                             1935


SUNRISE AND SUNSET
MARCH 26 2015.........SUNRISE   704 AM PDT   SUNSET   732 PM PDT
MARCH 27 2015.........SUNRISE   702 AM PDT   SUNSET   733 PM PDT


-  INDICATES NEGATIVE NUMBERS.
R  INDICATES RECORD WAS SET OR TIED.
MM INDICATES DATA IS MISSING.
T  INDICATES TRACE AMOUNT.




$$
