000
CDUS41 KBTV 300549
CLISLK


CLIMATE REPORT
NATIONAL WEATHER SERVICE BURLINGTON VT
145 AM EDT THU MAR 30 2017


...................................

...THE SARANAC LAKE NY CLIMATE SUMMARY FOR MARCH 29 2017...

CLIMATE NORMAL PERIOD 1981 TO 2010
CLIMATE RECORD PERIOD 9999 TO 9999


WEATHER ITEM   OBSERVED TIME   NORMAL DEPARTURE LAST
                VALUE   (LST)  VALUE  FROM      YEAR
                                      NORMAL
......................................................
TEMPERATURE (F)
 YESTERDAY
  MAXIMUM         35    503 PM  42     -7       35
  MINIMUM         30   1159 PM  19     11       19
  AVERAGE         33            30      3       27

PRECIPITATION (IN)
  YESTERDAY        T             0.09  -0.09     0.08
  MONTH TO DATE    1.68          2.10  -0.42     2.60
  SINCE MAR 1      1.68          2.10  -0.42     2.60
  SINCE JAN 1      6.22          5.84   0.38     6.48

DEGREE DAYS
 HEATING
  YESTERDAY       32            35     -3       38
  MONTH TO DATE 1328          1189    139      988
  SINCE MAR 1   1328          1189    139      988
  SINCE JUL 1   7024          7894   -870     6583

 COOLING
  YESTERDAY        0             0      0        0
  MONTH TO DATE    0             0      0        0
  SINCE MAR 1      0             0      0        0
  SINCE JAN 1      0             0      0        0
......................................................


WIND (MPH)
  HIGHEST WIND SPEED    14   HIGHEST WIND DIRECTION    NW (320)
  HIGHEST GUST SPEED    22   HIGHEST GUST DIRECTION     N (360)
  AVERAGE WIND SPEED     5.9


SKY COVER
  AVERAGE SKY COVER 1.0


WEATHER CONDITIONS
 THE FOLLOWING WEATHER WAS RECORDED YESTERDAY.
  LIGHT SNOW
  FOG


RELATIVE HUMIDITY (PERCENT)
 HIGHEST   100          1200 AM
 LOWEST     56           300 PM
 AVERAGE    78

..........................................................


THE SARANAC LAKE NY CLIMATE NORMALS FOR TODAY
                         NORMAL    RECORD    YEAR
 MAXIMUM TEMPERATURE (F)   42        61      2004
 MINIMUM TEMPERATURE (F)   19       -10      2008


SUNRISE AND SUNSET
MARCH 30 2017.........SUNRISE   641 AM EDT   SUNSET   722 PM EDT
MARCH 31 2017.........SUNRISE   639 AM EDT   SUNSET   723 PM EDT


-  INDICATES NEGATIVE NUMBERS.
R  INDICATES RECORD WAS SET OR TIED.
MM INDICATES DATA IS MISSING.
T  INDICATES TRACE AMOUNT.




$$
