000
CDUS41 KBTV 250540
CLISLK


CLIMATE REPORT
NATIONAL WEATHER SERVICE BURLINGTON VT
137 AM EDT MON JUL 25 2016


...................................

...THE SARANAC LAKE NY CLIMATE SUMMARY FOR JULY 24 2016...

CLIMATE NORMAL PERIOD 1981 TO 2010
CLIMATE RECORD PERIOD 9999 TO 9999


WEATHER ITEM   OBSERVED TIME   NORMAL DEPARTURE LAST
                VALUE   (LST)  VALUE  FROM      YEAR
                                      NORMAL
......................................................
TEMPERATURE (F)
 YESTERDAY
  MAXIMUM         79    328 PM  76      3       75
  MINIMUM         48    514 AM  51     -3       48
  AVERAGE         64            63      1       62

PRECIPITATION (IN)
  YESTERDAY        0.00          0.14  -0.14     0.00
  MONTH TO DATE    2.73          3.25  -0.52     2.38
  SINCE JUN 1      5.87          7.10  -1.23    12.15
  SINCE JAN 1     18.38         19.45  -1.07    19.94

DEGREE DAYS
 HEATING
  YESTERDAY        1             3     -2        3
  MONTH TO DATE   61            72    -11       92
  SINCE JUN 1    276           256     20      288
  SINCE JUL 1     61            72    -11       92

 COOLING
  YESTERDAY        0             1     -1        0
  MONTH TO DATE   45            39      6       29
  SINCE JUN 1     60            65     -5       35
  SINCE JAN 1     78            68     10       51
......................................................


WIND (MPH)
  HIGHEST WIND SPEED     9   HIGHEST WIND DIRECTION    NW (330)
  HIGHEST GUST SPEED    15   HIGHEST GUST DIRECTION    NW (330)
  AVERAGE WIND SPEED     1.9


SKY COVER
  AVERAGE SKY COVER 0.2


WEATHER CONDITIONS
 THE FOLLOWING WEATHER WAS RECORDED YESTERDAY.
  FOG
  FOG W/VISIBILITY <= 1/4 MILE


RELATIVE HUMIDITY (PERCENT)
 HIGHEST   100           400 AM
 LOWEST     33           300 PM
 AVERAGE    67

..........................................................


THE SARANAC LAKE NY CLIMATE NORMALS FOR TODAY
                         NORMAL    RECORD    YEAR
 MAXIMUM TEMPERATURE (F)   76        82      2007
 MINIMUM TEMPERATURE (F)   51        33      2013


SUNRISE AND SUNSET
JULY 25 2016..........SUNRISE   537 AM EDT   SUNSET   829 PM EDT
JULY 26 2016..........SUNRISE   538 AM EDT   SUNSET   828 PM EDT


-  INDICATES NEGATIVE NUMBERS.
R  INDICATES RECORD WAS SET OR TIED.
MM INDICATES DATA IS MISSING.
T  INDICATES TRACE AMOUNT.




$$
