000
CDUS41 KBTV 280528
CLISLK


CLIMATE REPORT
NATIONAL WEATHER SERVICE BURLINGTON VT
126 AM EDT SUN MAY 28 2017


...................................

...THE SARANAC LAKE NY CLIMATE SUMMARY FOR MAY 27 2017...

CLIMATE NORMAL PERIOD 1981 TO 2010
CLIMATE RECORD PERIOD 9999 TO 9999


WEATHER ITEM   OBSERVED TIME   NORMAL DEPARTURE LAST
                VALUE   (LST)  VALUE  FROM      YEAR
                                      NORMAL
......................................................
TEMPERATURE (F)
 YESTERDAY
  MAXIMUM         62    614 PM  67     -5       87
  MINIMUM         39   1159 PM  41     -2       50
  AVERAGE         51            54     -3       69

PRECIPITATION (IN)
  YESTERDAY        0.00          0.12  -0.12     0.00
  MONTH TO DATE    5.36          2.95   2.41     1.81
  SINCE MAR 1     10.49          8.12   2.37     7.51
  SINCE JAN 1     15.03         11.86   3.17    11.39

DEGREE DAYS
 HEATING
  YESTERDAY       14            11      3        0
  MONTH TO DATE  449           420     29      418
  SINCE MAR 1   2482          2486     -4     2350
  SINCE JUL 1   8178          9191  -1013     7945

 COOLING
  YESTERDAY        0             0      0        4
  MONTH TO DATE    6             0      6        4
  SINCE MAR 1      6             0      6        4
  SINCE JAN 1      6             0      6        4
......................................................


WIND (MPH)
  HIGHEST WIND SPEED     8   HIGHEST WIND DIRECTION     E (100)
  HIGHEST GUST SPEED    10   HIGHEST GUST DIRECTION     E (110)
  AVERAGE WIND SPEED     1.5


SKY COVER
  AVERAGE SKY COVER 0.8


WEATHER CONDITIONS
 THE FOLLOWING WEATHER WAS RECORDED YESTERDAY.
  FOG
  FOG W/VISIBILITY <= 1/4 MILE


RELATIVE HUMIDITY (PERCENT)
 HIGHEST   100          1200 AM
 LOWEST     64           100 PM
 AVERAGE    82

..........................................................


THE SARANAC LAKE NY CLIMATE NORMALS FOR TODAY
                         NORMAL    RECORD    YEAR
 MAXIMUM TEMPERATURE (F)   67        86      2016
 MINIMUM TEMPERATURE (F)   41        24      2008


SUNRISE AND SUNSET
MAY 28 2017...........SUNRISE   518 AM EDT   SUNSET   831 PM EDT
MAY 29 2017...........SUNRISE   517 AM EDT   SUNSET   832 PM EDT


-  INDICATES NEGATIVE NUMBERS.
R  INDICATES RECORD WAS SET OR TIED.
MM INDICATES DATA IS MISSING.
T  INDICATES TRACE AMOUNT.




$$
