985
CDUS41 KBTV 240646
CLISLK


CLIMATE REPORT
NATIONAL WEATHER SERVICE BURLINGTON VT
244 AM EDT SUN SEP 24 2017


...................................

...THE SARANAC LAKE NY CLIMATE SUMMARY FOR SEPTEMBER 23 2017...

CLIMATE NORMAL PERIOD 1981 TO 2010
CLIMATE RECORD PERIOD 9999 TO 9999


WEATHER ITEM   OBSERVED TIME   NORMAL DEPARTURE LAST
                VALUE   (LST)  VALUE  FROM      YEAR
                                      NORMAL
......................................................
TEMPERATURE (F)
 YESTERDAY
  MAXIMUM         83    148 PM  63     20       67
  MINIMUM         40    605 AM  39      1       40
  AVERAGE         62            51     11       54

PRECIPITATION (IN)
  YESTERDAY        0.00          0.11  -0.11     0.80
  MONTH TO DATE    1.65          2.61  -0.96     2.22
  SINCE SEP 1      1.65          2.61  -0.96     2.22
  SINCE JAN 1     33.31         27.15   6.16    24.14

DEGREE DAYS
 HEATING
  YESTERDAY        3            14    -11       11
  MONTH TO DATE  186           234    -48      145
  SINCE SEP 1    186           234    -48      145
  SINCE JUL 1    458           474    -16      266

 COOLING
  YESTERDAY        0             0      0        0
  MONTH TO DATE    0             7     -7       15
  SINCE SEP 1      0             7     -7       15
  SINCE JAN 1     53           114    -61      166
......................................................


WIND (MPH)
  HIGHEST WIND SPEED     9   HIGHEST WIND DIRECTION    NW (320)
  HIGHEST GUST SPEED    15   HIGHEST GUST DIRECTION    NW (310)
  AVERAGE WIND SPEED     2.5


SKY COVER
  AVERAGE SKY COVER 0.0


WEATHER CONDITIONS
 THE FOLLOWING WEATHER WAS RECORDED YESTERDAY.
  FOG


RELATIVE HUMIDITY (PERCENT)
 HIGHEST   100          1200 AM
 LOWEST     46          1100 AM
 AVERAGE    73

..........................................................


THE SARANAC LAKE NY CLIMATE NORMALS FOR TODAY
                         NORMAL    RECORD    YEAR
 MAXIMUM TEMPERATURE (F)   62        83      2010
 MINIMUM TEMPERATURE (F)   38        24      1998


SUNRISE AND SUNSET
SEPTEMBER 24 2017.....SUNRISE   647 AM EDT   SUNSET   650 PM EDT
SEPTEMBER 25 2017.....SUNRISE   648 AM EDT   SUNSET   648 PM EDT


-  INDICATES NEGATIVE NUMBERS.
R  INDICATES RECORD WAS SET OR TIED.
MM INDICATES DATA IS MISSING.
T  INDICATES TRACE AMOUNT.




$$
