000
CDUS41 KBTV 190535
CLISLK


CLIMATE REPORT
NATIONAL WEATHER SERVICE BURLINGTON VT
1234 AM EST MON FEB 19 2018


...................................

...THE SARANAC LAKE NY CLIMATE SUMMARY FOR FEBRUARY 18 2018...

CLIMATE NORMAL PERIOD 1981 TO 2010
CLIMATE RECORD PERIOD 9999 TO 9999


WEATHER ITEM   OBSERVED TIME   NORMAL DEPARTURE LAST
                VALUE   (LST)  VALUE  FROM      YEAR
                                      NORMAL
......................................................
TEMPERATURE (F)
 YESTERDAY
  MAXIMUM         33    242 PM  29      4       51
  MINIMUM         18   1116 PM   2     16        9
  AVERAGE         26            15     11       30

PRECIPITATION (IN)
  YESTERDAY        0.04          0.05  -0.01     0.00
  MONTH TO DATE    0.95          1.07  -0.12     1.03
  SINCE DEC 1      5.99          5.49   0.50     5.63
  SINCE JAN 1      4.23          3.20   1.03     3.20

DEGREE DAYS
 HEATING
  YESTERDAY       39            50    -11       35
  MONTH TO DATE  853           920    -67      841
  SINCE DEC 1   4029          3947     82     3552
  SINCE JUL 1   6086          6222   -136     5394

 COOLING
  YESTERDAY        0             0      0        0
  MONTH TO DATE    0             0      0        0
  SINCE DEC 1      0             0      0        0
  SINCE JAN 1      0             0      0        0
......................................................


WIND (MPH)
  HIGHEST WIND SPEED    12   HIGHEST WIND DIRECTION    SW (240)
  HIGHEST GUST SPEED    19   HIGHEST GUST DIRECTION     W (280)
  AVERAGE WIND SPEED     6.2


SKY COVER
  AVERAGE SKY COVER 0.9


WEATHER CONDITIONS
 THE FOLLOWING WEATHER WAS RECORDED YESTERDAY.
  LIGHT SNOW
  FOG


RELATIVE HUMIDITY (PERCENT)
 HIGHEST   100           200 AM
 LOWEST     58           300 PM
 AVERAGE    79

..........................................................


THE SARANAC LAKE NY CLIMATE NORMALS FOR TODAY
                         NORMAL    RECORD    YEAR
 MAXIMUM TEMPERATURE (F)   29        46      2017
 MINIMUM TEMPERATURE (F)    2       -20      2005


SUNRISE AND SUNSET
FEBRUARY 19 2018......SUNRISE   651 AM EST   SUNSET   531 PM EST
FEBRUARY 20 2018......SUNRISE   649 AM EST   SUNSET   533 PM EST


-  INDICATES NEGATIVE NUMBERS.
R  INDICATES RECORD WAS SET OR TIED.
MM INDICATES DATA IS MISSING.
T  INDICATES TRACE AMOUNT.




$$
