000
CDUS41 KBTV 280527
CLISLK


CLIMATE REPORT
NATIONAL WEATHER SERVICE BURLINGTON VT
1225 AM EST SUN DEC 28 2014


...................................

...THE SARANAC LAKE NY CLIMATE SUMMARY FOR DECEMBER 27 2014...

CLIMATE NORMAL PERIOD 1981 TO 2010
CLIMATE RECORD PERIOD 9999 TO 9999


WEATHER ITEM   OBSERVED TIME   NORMAL DEPARTURE LAST
                VALUE   (LST)  VALUE  FROM      YEAR
                                      NORMAL
......................................................
TEMPERATURE (F)
 YESTERDAY
  MAXIMUM         43   1114 PM  26     17       23
  MINIMUM         33    651 AM   5     28       18
  AVERAGE         38            15     23       21

PRECIPITATION (IN)
  YESTERDAY        T             0.07  -0.07     0.01
  MONTH TO DATE    1.83          2.07  -0.24     2.32
  SINCE DEC 1      1.83          2.07  -0.24     2.32
  SINCE JAN 1     35.05         37.30  -2.25    41.17

DEGREE DAYS
 HEATING
  YESTERDAY       27            50    -23       44
  MONTH TO DATE 1063          1223   -160     1267
  SINCE DEC 1   1063          1223   -160     1267
  SINCE JUL 1   3227          3498   -271     3653

 COOLING
  YESTERDAY        0             0      0        0
  MONTH TO DATE    0             0      0        0
  SINCE DEC 1      0             0      0        0
  SINCE JAN 1     83           114    -31      187
......................................................


WIND (MPH)
  HIGHEST WIND SPEED    22   HIGHEST WIND DIRECTION    SW (220)
  HIGHEST GUST SPEED    27   HIGHEST GUST DIRECTION    SW (220)
  AVERAGE WIND SPEED     8.1


SKY COVER
  AVERAGE SKY COVER 1.0


WEATHER CONDITIONS
 THE FOLLOWING WEATHER WAS RECORDED YESTERDAY.
  LIGHT RAIN


RELATIVE HUMIDITY (PERCENT)
 HIGHEST    92          1000 AM
 LOWEST     73           800 PM
 AVERAGE    83

..........................................................


THE SARANAC LAKE NY CLIMATE NORMALS FOR TODAY
                         NORMAL    RECORD    YEAR
 MAXIMUM TEMPERATURE (F)   26        MM        MM
 MINIMUM TEMPERATURE (F)    5        MM        MM


SUNRISE AND SUNSET
DECEMBER 28 2014......SUNRISE   732 AM EST   SUNSET   425 PM EST
DECEMBER 29 2014......SUNRISE   733 AM EST   SUNSET   425 PM EST


-  INDICATES NEGATIVE NUMBERS.
R  INDICATES RECORD WAS SET OR TIED.
MM INDICATES DATA IS MISSING.
T  INDICATES TRACE AMOUNT.




$$
