000
CDUS41 KBTV 220953
CLISLK


CLIMATE REPORT
NATIONAL WEATHER SERVICE BURLINGTON VT
551 AM EDT TUE JUL 22 2014


...................................

...THE SARANAC LAKE NY CLIMATE SUMMARY FOR JULY 21 2014...

CLIMATE NORMAL PERIOD 1981 TO 2010
CLIMATE RECORD PERIOD 9999 TO 9999


WEATHER ITEM   OBSERVED TIME   NORMAL DEPARTURE LAST
                VALUE   (LST)  VALUE  FROM      YEAR
                                      NORMAL
......................................................
TEMPERATURE (F)
 YESTERDAY
  MAXIMUM         79    335 PM  76      3       72
  MINIMUM         50    219 AM  51     -1       47
  AVERAGE         65            64      1       60

PRECIPITATION (IN)
  YESTERDAY        0.00          0.14  -0.14     0.00
  MONTH TO DATE    1.82          2.83  -1.01     4.82
  SINCE JUN 1      8.60          6.68   1.92    14.10
  SINCE JAN 1     20.76         19.03   1.73    25.10

DEGREE DAYS
 HEATING
  YESTERDAY        0             3     -3        5
  MONTH TO DATE   69            63      6       14
  SINCE JUN 1    236           247    -11      234
  SINCE JUL 1     69            63      6       14

 COOLING
  YESTERDAY        0             1     -1        0
  MONTH TO DATE   33            36     -3       94
  SINCE JUN 1     54            62     -8      130
  SINCE JAN 1     55            65    -10      140
......................................................


WIND (MPH)
  HIGHEST WIND SPEED    12   HIGHEST WIND DIRECTION    SW (210)
  HIGHEST GUST SPEED    16   HIGHEST GUST DIRECTION     W (260)
  AVERAGE WIND SPEED     2.7


SKY COVER
  AVERAGE SKY COVER 0.5


WEATHER CONDITIONS
 THE FOLLOWING WEATHER WAS RECORDED YESTERDAY.
  FOG
  FOG W/VISIBILITY <= 1/4 MILE


RELATIVE HUMIDITY (PERCENT)
 HIGHEST   100           500 AM
 LOWEST     47          1200 PM
 AVERAGE    74

..........................................................


THE SARANAC LAKE NY CLIMATE NORMALS FOR TODAY
                         NORMAL    RECORD    YEAR
 MAXIMUM TEMPERATURE (F)   76        MM        MM
 MINIMUM TEMPERATURE (F)   51        MM        MM


SUNRISE AND SUNSET
JULY 22 2014..........SUNRISE   533 AM EDT   SUNSET   833 PM EDT
JULY 23 2014..........SUNRISE   534 AM EDT   SUNSET   832 PM EDT


-  INDICATES NEGATIVE NUMBERS.
R  INDICATES RECORD WAS SET OR TIED.
MM INDICATES DATA IS MISSING.
T  INDICATES TRACE AMOUNT.




$$
