000
CDUS41 KBTV 230548
CLISLK


CLIMATE REPORT
NATIONAL WEATHER SERVICE BURLINGTON VT
1245 AM EST THU NOV 23 2017


...................................

...THE SARANAC LAKE NY CLIMATE SUMMARY FOR NOVEMBER 22 2017...

CLIMATE NORMAL PERIOD 1981 TO 2010
CLIMATE RECORD PERIOD 9999 TO 9999


WEATHER ITEM   OBSERVED TIME   NORMAL DEPARTURE LAST
                VALUE   (LST)  VALUE  FROM      YEAR
                                      NORMAL
......................................................
TEMPERATURE (F)
 YESTERDAY
  MAXIMUM         40    156 AM  39      1       24
  MINIMUM         18   1159 PM  20     -2       22
  AVERAGE         29            30     -1       23

PRECIPITATION (IN)
  YESTERDAY        0.08          0.11  -0.03     0.02
  MONTH TO DATE    2.38          2.50  -0.12     1.79
  SINCE SEP 1      9.64          9.84  -0.20     8.59
  SINCE JAN 1     41.30         34.38   6.92    30.51

DEGREE DAYS
 HEATING
  YESTERDAY       36            35      1       42
  MONTH TO DATE  759           682     77      577
  SINCE SEP 1   1477          1734   -257     1452
  SINCE JUL 1   1749          1974   -225     1573

 COOLING
  YESTERDAY        0             0      0        0
  MONTH TO DATE    0             0      0        0
  SINCE SEP 1     16             7      9       15
  SINCE JAN 1     69           114    -45      166
......................................................


WIND (MPH)
  HIGHEST WIND SPEED    10   HIGHEST WIND DIRECTION     W (270)
  HIGHEST GUST SPEED    18   HIGHEST GUST DIRECTION    NW (330)
  AVERAGE WIND SPEED     5.3


SKY COVER
  AVERAGE SKY COVER 0.9


WEATHER CONDITIONS
 THE FOLLOWING WEATHER WAS RECORDED YESTERDAY.
  SNOW
  LIGHT SNOW
  FOG


RELATIVE HUMIDITY (PERCENT)
 HIGHEST   100           900 AM
 LOWEST     59           100 AM
 AVERAGE    80

..........................................................


THE SARANAC LAKE NY CLIMATE NORMALS FOR TODAY
                         NORMAL    RECORD    YEAR
 MAXIMUM TEMPERATURE (F)   39        62      2003
 MINIMUM TEMPERATURE (F)   20        -3      2000


SUNRISE AND SUNSET
NOVEMBER 23 2017......SUNRISE   703 AM EST   SUNSET   423 PM EST
NOVEMBER 24 2017......SUNRISE   705 AM EST   SUNSET   422 PM EST


-  INDICATES NEGATIVE NUMBERS.
R  INDICATES RECORD WAS SET OR TIED.
MM INDICATES DATA IS MISSING.
T  INDICATES TRACE AMOUNT.




$$
