000
CDUS43 KICT 290635
CLISLN


CLIMATE REPORT
NATIONAL WEATHER SERVICE WICHITA KS
135 AM CDT MON AUG 29 2016


...................................

...THE SALINA KS CLIMATE SUMMARY FOR AUGUST 28 2016...

CLIMATE NORMAL PERIOD 1981 TO 2010
CLIMATE RECORD PERIOD 1894 TO 2016


WEATHER ITEM   OBSERVED TIME   RECORD YEAR NORMAL DEPARTURE LAST
                VALUE   (LST)  VALUE       VALUE  FROM      YEAR
                                                  NORMAL
..................................................................
TEMPERATURE (F)
 YESTERDAY
  MAXIMUM         92    224 PM 109    1921  89      3       88
  MINIMUM         69    607 AM  42    1916  66      3       69
  AVERAGE         81                        78      3       79

PRECIPITATION (IN)
  YESTERDAY        0.00          2.06 1977   0.12  -0.12     0.01
  MONTH TO DATE    3.66                      3.59   0.07     3.89
  SINCE JUN 1      6.44                     11.99  -5.55    12.25
  SINCE JAN 1     18.26                     23.98  -5.72    23.85

DEGREE DAYS
 HEATING
  YESTERDAY        0                         0      0        0
  MONTH TO DATE    0                         0      0        0
  SINCE JUN 1      0                         7     -7        0
  SINCE JUL 1      0                         0      0        0

 COOLING
  YESTERDAY       16                        13      3       14
  MONTH TO DATE  426                       418      8      350
  SINCE JUN 1   1506                      1244    262     1340
  SINCE JAN 1   1631                      1372    259     1430
..................................................................


WIND (MPH)
  HIGHEST WIND SPEED    18   HIGHEST WIND DIRECTION    SE (150)
  HIGHEST GUST SPEED    23   HIGHEST GUST DIRECTION    SE (140)
  AVERAGE WIND SPEED     7.9


SKY COVER
  POSSIBLE SUNSHINE  MM
  AVERAGE SKY COVER 0.0


WEATHER CONDITIONS
 THE FOLLOWING WEATHER WAS RECORDED YESTERDAY.
  NO SIGNIFICANT WEATHER WAS OBSERVED.


RELATIVE HUMIDITY (PERCENT)
 HIGHEST    97           600 AM
 LOWEST     47          1200 PM
 AVERAGE    72

..........................................................


THE SALINA KS CLIMATE NORMALS FOR TODAY
                         NORMAL    RECORD    YEAR
 MAXIMUM TEMPERATURE (F)   89       106      1954
 MINIMUM TEMPERATURE (F)   66        43      1917


SUNRISE AND SUNSET
AUGUST 29 2016........SUNRISE   657 AM CDT   SUNSET   805 PM CDT
AUGUST 30 2016........SUNRISE   658 AM CDT   SUNSET   803 PM CDT


-  INDICATES NEGATIVE NUMBERS.
R  INDICATES RECORD WAS SET OR TIED.
MM INDICATES DATA IS MISSING.
T  INDICATES TRACE AMOUNT.




$$
