000
CDUS43 KICT 270628
CLISLN


CLIMATE REPORT
NATIONAL WEATHER SERVICE WICHITA KS
128 AM CDT TUE SEP 27 2016


...................................

...THE SALINA KS CLIMATE SUMMARY FOR SEPTEMBER 26 2016...

CLIMATE NORMAL PERIOD 1981 TO 2010
CLIMATE RECORD PERIOD 1894 TO 2016


WEATHER ITEM   OBSERVED TIME   RECORD YEAR NORMAL DEPARTURE LAST
                VALUE   (LST)  VALUE       VALUE  FROM      YEAR
                                                  NORMAL
..................................................................
TEMPERATURE (F)
 YESTERDAY
  MAXIMUM         77    512 PM 101    1938  77      0       82
  MINIMUM         44    514 AM  34    1912  54    -10       61
  AVERAGE         61                        65     -4       72

PRECIPITATION (IN)
  YESTERDAY        0.00          2.36 1973   0.09  -0.09      T
  MONTH TO DATE    1.20                      2.34  -1.14     1.67
  SINCE SEP 1      1.20                      2.34  -1.14     1.67
  SINCE JAN 1     23.64                     26.68  -3.04    25.52

DEGREE DAYS
 HEATING
  YESTERDAY        4                         3      1        0
  MONTH TO DATE    5                        33    -28        2
  SINCE SEP 1      5                        33    -28        2
  SINCE JUL 1      5                        34    -29        2

 COOLING
  YESTERDAY        0                         4     -4        7
  MONTH TO DATE  262                       191     71      348
  SINCE SEP 1    262                       191     71      348
  SINCE JAN 1   1932                      1598    334     1802
..................................................................


WIND (MPH)
  HIGHEST WIND SPEED    12   HIGHEST WIND DIRECTION    NW (310)
  HIGHEST GUST SPEED    16   HIGHEST GUST DIRECTION     W (290)
  AVERAGE WIND SPEED     4.7


SKY COVER
  POSSIBLE SUNSHINE  MM
  AVERAGE SKY COVER 0.0


WEATHER CONDITIONS
 THE FOLLOWING WEATHER WAS RECORDED YESTERDAY.
  HAZE


RELATIVE HUMIDITY (PERCENT)
 HIGHEST    82           700 AM
 LOWEST     24           400 PM
 AVERAGE    53

..........................................................


THE SALINA KS CLIMATE NORMALS FOR TODAY
                         NORMAL    RECORD    YEAR
 MAXIMUM TEMPERATURE (F)   77       101      1911
 MINIMUM TEMPERATURE (F)   53        32      1903


SUNRISE AND SUNSET
SEPTEMBER 27 2016.....SUNRISE   723 AM CDT   SUNSET   719 PM CDT
SEPTEMBER 28 2016.....SUNRISE   724 AM CDT   SUNSET   717 PM CDT


-  INDICATES NEGATIVE NUMBERS.
R  INDICATES RECORD WAS SET OR TIED.
MM INDICATES DATA IS MISSING.
T  INDICATES TRACE AMOUNT.




$$
