000
CDUS43 KICT 300652
CLISLN


CLIMATE REPORT
NATIONAL WEATHER SERVICE WICHITA KS
151 AM CDT SAT APR 30 2016


...................................

...THE SALINA KS CLIMATE SUMMARY FOR APRIL 29 2016...

CLIMATE NORMAL PERIOD 1981 TO 2010
CLIMATE RECORD PERIOD 1894 TO 2016


WEATHER ITEM   OBSERVED TIME   RECORD YEAR NORMAL DEPARTURE LAST
                VALUE   (LST)  VALUE       VALUE  FROM      YEAR
                                                  NORMAL
..................................................................
TEMPERATURE (F)
 YESTERDAY
  MAXIMUM         53   1059 PM  93    1910  71    -18       74
  MINIMUM         46    157 PM  30    1994  48     -2       46
  AVERAGE         50                        60    -10       60

PRECIPITATION (IN)
  YESTERDAY        1.62          1.98 1984   0.12   1.50     0.00
  MONTH TO DATE    4.35                      2.93   1.42     1.83
  SINCE MAR 1      5.05                      5.32  -0.27     1.88
  SINCE JAN 1      6.29                      7.12  -0.83     3.32

DEGREE DAYS
 HEATING
  YESTERDAY       15                         7      8        5
  MONTH TO DATE  203                       312   -109      213
  SINCE MAR 1    621                       921   -300      728
  SINCE JUL 1   3607                      4762  -1155     4557

 COOLING
  YESTERDAY        0                         1     -1        0
  MONTH TO DATE   28                        21      7       11
  SINCE MAR 1     34                        23     11       12
  SINCE JAN 1     34                        23     11       12
..................................................................


WIND (MPH)
  HIGHEST WIND SPEED    28   HIGHEST WIND DIRECTION    NE (40)
  HIGHEST GUST SPEED    39   HIGHEST GUST DIRECTION    NE (30)
  AVERAGE WIND SPEED    13.1


SKY COVER
  POSSIBLE SUNSHINE  MM
  AVERAGE SKY COVER 0.8


WEATHER CONDITIONS
 THE FOLLOWING WEATHER WAS RECORDED YESTERDAY.
  THUNDERSTORM
  HEAVY RAIN
  RAIN
  LIGHT RAIN
  FOG


RELATIVE HUMIDITY (PERCENT)
 HIGHEST    93           700 AM
 LOWEST     71          1200 AM
 AVERAGE    82

..........................................................


THE SALINA KS CLIMATE NORMALS FOR TODAY
                         NORMAL    RECORD    YEAR
 MAXIMUM TEMPERATURE (F)   72        91      1938
 MINIMUM TEMPERATURE (F)   48        24      1907


SUNRISE AND SUNSET
APRIL 30 2016.........SUNRISE   634 AM CDT   SUNSET   823 PM CDT
MAY  1 2016...........SUNRISE   632 AM CDT   SUNSET   823 PM CDT


-  INDICATES NEGATIVE NUMBERS.
R  INDICATES RECORD WAS SET OR TIED.
MM INDICATES DATA IS MISSING.
T  INDICATES TRACE AMOUNT.




$$
