000
CDUS43 KICT 100640
CLISLN


CLIMATE REPORT
NATIONAL WEATHER SERVICE WICHITA KS
1239 AM CST SAT DEC 10 2016


...................................

...THE SALINA KS CLIMATE SUMMARY FOR DECEMBER 9 2016...

CLIMATE NORMAL PERIOD 1981 TO 2010
CLIMATE RECORD PERIOD 1894 TO 2016


WEATHER ITEM   OBSERVED TIME   RECORD YEAR NORMAL DEPARTURE LAST
                VALUE   (LST)  VALUE       VALUE  FROM      YEAR
                                                  NORMAL
..................................................................
TEMPERATURE (F)
 YESTERDAY
  MAXIMUM         29    736 PM  73    1939  43    -14       71
  MINIMUM          9    354 AM  -6    2009  23    -14       32
                                      1919
  AVERAGE         19                        33    -14       52

PRECIPITATION (IN)
  YESTERDAY        0.00          0.50 1980   0.04  -0.04     0.00
  MONTH TO DATE    0.53                      0.33   0.20      T
  SINCE DEC 1      0.53                      0.33   0.20      T
  SINCE JAN 1     27.05                     30.89  -3.84    28.35

DEGREE DAYS
 HEATING
  YESTERDAY       46                        32     14       13
  MONTH TO DATE  294                       273     21      189
  SINCE DEC 1    294                       273     21      189
  SINCE JUL 1    837                      1225   -388      821

 COOLING
  YESTERDAY        0                         0      0        0
  MONTH TO DATE    0                         0      0        0
  SINCE DEC 1      0                         0      0        0
  SINCE JAN 1   2009                      1647    362     1869
..................................................................


WIND (MPH)
  HIGHEST WIND SPEED    18   HIGHEST WIND DIRECTION     S (160)
  HIGHEST GUST SPEED    22   HIGHEST GUST DIRECTION     S (170)
  AVERAGE WIND SPEED     8.3


SKY COVER
  POSSIBLE SUNSHINE  MM
  AVERAGE SKY COVER 0.8


WEATHER CONDITIONS
 THE FOLLOWING WEATHER WAS RECORDED YESTERDAY.
  NO SIGNIFICANT WEATHER WAS OBSERVED.


RELATIVE HUMIDITY (PERCENT)
 HIGHEST    84           500 AM
 LOWEST     50           300 PM
 AVERAGE    67

..........................................................


THE SALINA KS CLIMATE NORMALS FOR TODAY
                         NORMAL    RECORD    YEAR
 MAXIMUM TEMPERATURE (F)   43        72      1939
 MINIMUM TEMPERATURE (F)   23       -12      1919


SUNRISE AND SUNSET
DECEMBER 10 2016......SUNRISE   738 AM CST   SUNSET   509 PM CST
DECEMBER 11 2016......SUNRISE   739 AM CST   SUNSET   509 PM CST


-  INDICATES NEGATIVE NUMBERS.
R  INDICATES RECORD WAS SET OR TIED.
MM INDICATES DATA IS MISSING.
T  INDICATES TRACE AMOUNT.




$$
