000
CDUS43 KICT 210634
CLISLN

CLIMATE REPORT
NATIONAL WEATHER SERVICE WICHITA KS
131 AM CDT TUE OCT 21 2014

...................................

...THE SALINA KS CLIMATE SUMMARY FOR OCTOBER 20 2014...

CLIMATE NORMAL PERIOD 1981 TO 2010
CLIMATE RECORD PERIOD 1894 TO 2014


WEATHER ITEM   OBSERVED TIME   RECORD YEAR NORMAL DEPARTURE LAST
                VALUE   (LST)  VALUE       VALUE  FROM      YEAR
                                                  NORMAL
..................................................................
TEMPERATURE (F)
 YESTERDAY
  MAXIMUM         79    314 PM  90    1940  68     11       69
  MINIMUM         47    656 AM  20    1976  45      2       38
  AVERAGE         63                        56      7       54

PRECIPITATION (IN)
  YESTERDAY        0.00          1.25 1963   0.07  -0.07     0.00
  MONTH TO DATE    1.50                      1.62  -0.12     0.80
  SINCE SEP 1      5.64                      4.32   1.32     2.43
  SINCE JAN 1     26.92                     28.66  -1.74    28.67

DEGREE DAYS
 HEATING
  YESTERDAY        2                        10     -8       11
  MONTH TO DATE  135                       141     -6      141
  SINCE SEP 1    175                       192    -17      150
  SINCE JUL 1    175                       193    -18      153

 COOLING
  YESTERDAY        0                         1     -1        0
  MONTH TO DATE   13                        31    -18       55
  SINCE SEP 1    213                       236    -23      356
  SINCE JAN 1   1771                      1643    128     1750
..................................................................


WIND (MPH)
  HIGHEST WIND SPEED    10   HIGHEST WIND DIRECTION    NE (40)
  HIGHEST GUST SPEED    13   HIGHEST GUST DIRECTION    NE (50)
  AVERAGE WIND SPEED     3.2


SKY COVER
  POSSIBLE SUNSHINE  MM
  AVERAGE SKY COVER 0.0


WEATHER CONDITIONS
 THE FOLLOWING WEATHER WAS RECORDED YESTERDAY.
  FOG
  HAZE


RELATIVE HUMIDITY (PERCENT)
 HIGHEST    93           500 AM
 LOWEST     31           400 PM
 AVERAGE    62

..........................................................


THE SALINA KS CLIMATE NORMALS FOR TODAY
                         NORMAL    RECORD    YEAR
 MAXIMUM TEMPERATURE (F)   67        90      1940
 MINIMUM TEMPERATURE (F)   44        24      1923


SUNRISE AND SUNSET
OCTOBER 21 2014.......SUNRISE   746 AM CDT   SUNSET   644 PM CDT
OCTOBER 22 2014.......SUNRISE   747 AM CDT   SUNSET   642 PM CDT


-  INDICATES NEGATIVE NUMBERS.
R  INDICATES RECORD WAS SET OR TIED.
MM INDICATES DATA IS MISSING.
T  INDICATES TRACE AMOUNT.

$$
