000
CDUS46 KLOX 092218
CLISMX


CLIMATE REPORT
NATIONAL WEATHER SERVICE LOS ANGELES/OXNARD CA
217 PM PST FRI DEC 9 2016


...................................

...THE SANTA MARIA AIRPORT CA CLIMATE SUMMARY FOR DECEMBER 9 2016...
VALID AS OF 0200 PM LOCAL TIME.

CLIMATE NORMAL PERIOD 1981 TO 2010
CLIMATE RECORD PERIOD 1906 TO 2016


WEATHER ITEM   OBSERVED TIME   RECORD YEAR NORMAL DEPARTURE LAST
                VALUE   (LST)  VALUE       VALUE  FROM      YEAR
                                                  NORMAL
..................................................................
TEMPERATURE (F)
 TODAY
  MAXIMUM         66    157 PM  83    1957  64      2       76
  MINIMUM         57    714 AM  23    1918  39     18       45
  AVERAGE         62                        52     10       61

PRECIPITATION (IN)
  TODAY            0.19          1.50 1909   0.06   0.13     0.00
  MONTH TO DATE    0.50                      0.51  -0.01     0.03
  SINCE OCT 1      3.08                      2.44   0.64     0.79
  SINCE JAN 1     10.20                     12.34  -2.14     3.10

SNOWFALL (IN)
  TODAY            0.0
  MONTH TO DATE    0.0
  SINCE DEC 1      0.0
  SINCE JUL 1      0.0

DEGREE DAYS
 HEATING
  TODAY            3                        13    -10
  MONTH TO DATE  111                       116     -5
  SINCE DEC 1    111                       116     -5
  SINCE JUL 1    662                       762   -100

 COOLING
  TODAY            0                         0      0
  MONTH TO DATE    0                         0      0
  SINCE DEC 1      0                         0      0
  SINCE JAN 1    142                       104     38
..................................................................


WIND (MPH)
  HIGHEST WIND SPEED    12   HIGHEST WIND DIRECTION     W (260)
  HIGHEST GUST SPEED    13   HIGHEST GUST DIRECTION     W (250)
  AVERAGE WIND SPEED     4.1


SKY COVER
  POSSIBLE SUNSHINE  MM
  AVERAGE SKY COVER 0.8


WEATHER CONDITIONS
 THE FOLLOWING WEATHER WAS RECORDED TODAY.
  RAIN
  LIGHT RAIN
  FOG


RELATIVE HUMIDITY (PERCENT)
 HIGHEST   100           100 AM
 LOWEST     87          1100 AM
 AVERAGE    94

..........................................................


THE SANTA MARIA AIRPORT CA CLIMATE NORMALS FOR TOMORROW
                         NORMAL    RECORD    YEAR
 MAXIMUM TEMPERATURE (F)   64        84      1958
 MINIMUM TEMPERATURE (F)   39        25      1972
                                             1918


SUNRISE AND SUNSET
DECEMBER  9 2016......SUNRISE   658 AM PST   SUNSET   451 PM PST
DECEMBER 10 2016......SUNRISE   659 AM PST   SUNSET   451 PM PST


-  INDICATES NEGATIVE NUMBERS.
R  INDICATES RECORD WAS SET OR TIED.
MM INDICATES DATA IS MISSING.
T  INDICATES TRACE AMOUNT.




$$
