024
CDUS46 KLOX 240121
CLISMX


CLIMATE REPORT
NATIONAL WEATHER SERVICE LOS ANGELES/OXNARD CA
620 PM PDT FRI JUN 23 2017


...................................

...THE SANTA MARIA AIRPORT CA CLIMATE SUMMARY FOR JUNE 23 2017...
VALID TODAY AS OF 0600 PM LOCAL TIME.

CLIMATE NORMAL PERIOD 1981 TO 2010
CLIMATE RECORD PERIOD 1906 TO 2017


WEATHER ITEM   OBSERVED TIME   RECORD YEAR NORMAL DEPARTURE LAST
                VALUE   (LST)  VALUE       VALUE  FROM      YEAR
                                                  NORMAL
..................................................................
TEMPERATURE (F)
 TODAY
  MAXIMUM         74   1238 PM  94    1993  71      3       77
  MINIMUM         56    609 AM  41    1918  52      4       51
  AVERAGE         65                        61      4       64

PRECIPITATION (IN)
  TODAY            0.00          0.02 1988   0.00   0.00     0.00
  MONTH TO DATE    T                         0.03  -0.03     0.00
  SINCE OCT 1     18.44                     13.75   4.69     9.00
  SINCE JAN 1     13.64                      9.70   3.94     7.12

SNOWFALL (IN)
  TODAY            0.0
  MONTH TO DATE    0.0
  SINCE JUN 1      0.0
  SINCE JUL 1      0.0

DEGREE DAYS
 HEATING
  TODAY            0                         4     -4
  MONTH TO DATE   81                       117    -36
  SINCE JUN 1     81                       117    -36
  SINCE JUL 1   2427                      2799   -372

 COOLING
  TODAY            0                         0      0
  MONTH TO DATE    8                         0      8
  SINCE JUN 1      8                         0      8
  SINCE JAN 1     22                        10     12
..................................................................


WIND (MPH)
  HIGHEST WIND SPEED    15   HIGHEST WIND DIRECTION    NW (330)
  HIGHEST GUST SPEED    24   HIGHEST GUST DIRECTION    NW (330)
  AVERAGE WIND SPEED     6.1


SKY COVER
  POSSIBLE SUNSHINE  MM
  AVERAGE SKY COVER 0.6


WEATHER CONDITIONS
 THE FOLLOWING WEATHER WAS RECORDED TODAY.
  FOG


RELATIVE HUMIDITY (PERCENT)
 HIGHEST   100          1200 AM
 LOWEST     61          1200 PM
 AVERAGE    81

..........................................................


THE SANTA MARIA AIRPORT CA CLIMATE NORMALS FOR TOMORROW
                         NORMAL    RECORD    YEAR
 MAXIMUM TEMPERATURE (F)   71        95      1993
 MINIMUM TEMPERATURE (F)   52        41      1917


SUNRISE AND SUNSET
JUNE 23 2017..........SUNRISE   549 AM PDT   SUNSET   819 PM PDT
JUNE 24 2017..........SUNRISE   549 AM PDT   SUNSET   819 PM PDT


-  INDICATES NEGATIVE NUMBERS.
R  INDICATES RECORD WAS SET OR TIED.
MM INDICATES DATA IS MISSING.
T  INDICATES TRACE AMOUNT.




$$
