000
CDUS46 KLOX 260905
CLISMX


CLIMATE REPORT
NATIONAL WEATHER SERVICE LOS ANGELES/OXNARD CA
104 AM PST MON JAN 26 2015


...................................

...THE SANTA MARIA AIRPORT CA CLIMATE SUMMARY FOR JANUARY 25 2015...

CLIMATE NORMAL PERIOD 1981 TO 2010
CLIMATE RECORD PERIOD 1906 TO 2015


WEATHER ITEM   OBSERVED TIME   RECORD YEAR NORMAL DEPARTURE LAST
                VALUE   (LST)  VALUE       VALUE  FROM      YEAR
                                                  NORMAL
..................................................................
TEMPERATURE (F)
 YESTERDAY
  MAXIMUM         81    106 PM  82    2014  64     17       82
                                      1951
  MINIMUM         43    324 AM  30    1950  40      3       49
  AVERAGE         62                        52     10       66

PRECIPITATION (IN)
  YESTERDAY        0.00          2.31 1925   0.09  -0.09     0.00
  MONTH TO DATE    0.29                      2.18  -1.89     0.00
  SINCE OCT 1      5.85                      6.23  -0.38     0.49
  SINCE JAN 1      0.29                      2.18  -1.89     0.00

SNOWFALL (IN)
  YESTERDAY        0.0
  MONTH TO DATE    0.0
  SINCE DEC 1      0.0
  SINCE JUL 1      0.0

DEGREE DAYS
 HEATING
  YESTERDAY        3                        13    -10
  MONTH TO DATE  185                       342   -157
  SINCE DEC 1    417                       768   -351
  SINCE JUL 1    515                      1414   -899

 COOLING
  YESTERDAY        0                         0      0
  MONTH TO DATE    0                         0      0
  SINCE DEC 1      2                         0      2
  SINCE JAN 1      0                         0      0
..................................................................


WIND (MPH)
  HIGHEST WIND SPEED    13   HIGHEST WIND DIRECTION     W (260)
  HIGHEST GUST SPEED    16   HIGHEST GUST DIRECTION     W (250)
  AVERAGE WIND SPEED     3.8


SKY COVER
  POSSIBLE SUNSHINE  MM
  AVERAGE SKY COVER 0.0


WEATHER CONDITIONS
 THE FOLLOWING WEATHER WAS RECORDED YESTERDAY.
  HAZE


RELATIVE HUMIDITY (PERCENT)
 HIGHEST    58           300 AM
 LOWEST     16           400 PM
 AVERAGE    37

..........................................................


THE SANTA MARIA AIRPORT CA CLIMATE NORMALS FOR TODAY
                         NORMAL    RECORD    YEAR
 MAXIMUM TEMPERATURE (F)   64        82      1931
 MINIMUM TEMPERATURE (F)   40        25      1950


SUNRISE AND SUNSET
JANUARY 26 2015.......SUNRISE   704 AM PST   SUNSET   525 PM PST
JANUARY 27 2015.......SUNRISE   704 AM PST   SUNSET   526 PM PST


-  INDICATES NEGATIVE NUMBERS.
R  INDICATES RECORD WAS SET OR TIED.
MM INDICATES DATA IS MISSING.
T  INDICATES TRACE AMOUNT.




$$
