000
CDUS46 KSGX 201419
CLISNA


CLIMATE REPORT
NATIONAL WEATHER SERVICE SAN DIEGO, CA
718 AM PDT MON OCT 20 2014


...................................

...THE JOHN WAYNE AIRPORT CA CLIMATE SUMMARY FOR OCTOBER 19 2014...

CLIMATE NORMAL PERIOD 1981 TO 2010
CLIMATE RECORD PERIOD 1999 TO 2014


WEATHER ITEM   OBSERVED TIME   RECORD YEAR NORMAL DEPARTURE LAST
                VALUE   (LST)  VALUE       VALUE  FROM      YEAR
                                                  NORMAL
..................................................................
TEMPERATURE (F)
 YESTERDAY
  MAXIMUM         78    219 PM  85    1999  75      3       79
  MINIMUM         63    443 AM  54    2006  58      5       56
                                      1999
  AVERAGE         71                        66      5       68

PRECIPITATION (IN)
  YESTERDAY        0.00          1.15 2010   0.03  -0.03     0.00
  MONTH TO DATE    0.00                      0.36  -0.36     0.20
  SINCE JUL 1      0.03                      0.65  -0.62     0.32
  SINCE JAN 1      2.62                      9.61  -6.99     2.29

SNOWFALL (IN)
  YESTERDAY        0.0
  MONTH TO DATE    0.0
  SINCE JAN 1      0.0
  SINCE JUL 1      0.0
  SNOW DEPTH       0

DEGREE DAYS
 HEATING
  YESTERDAY        0                         1     -1        0
  MONTH TO DATE    0                         6     -6        9
  SINCE SEP 1      0                         7     -7        9
  SINCE JUL 1      0                         7     -7        9

 COOLING
  YESTERDAY        6                         2      4        3
  MONTH TO DATE  201                        62    139       87
  SINCE SEP 1    617                       259    358      418
  SINCE JAN 1   1861                       830   1031     1122
..................................................................


WIND (MPH)
  RESULTANT WIND SPEED   2   RESULTANT WIND DIRECTION  SW (220)
  HIGHEST WIND SPEED    13   HIGHEST WIND DIRECTION    SW (210)
  HIGHEST GUST SPEED    15   HIGHEST GUST DIRECTION    SW (230)
  AVERAGE WIND SPEED     2.7


SKY COVER
  POSSIBLE SUNSHINE  MM
  AVERAGE SKY COVER 0.1


WEATHER CONDITIONS
 THE FOLLOWING WEATHER WAS RECORDED YESTERDAY.
  NO SIGNIFICANT WEATHER WAS OBSERVED.


RELATIVE HUMIDITY (PERCENT)
 HIGHEST    78           300 AM
 LOWEST     54          1000 AM
 AVERAGE    66

..........................................................


THE JOHN WAYNE AIRPORT CA CLIMATE NORMALS FOR TODAY
                         NORMAL    RECORD    YEAR
 MAXIMUM TEMPERATURE (F)   75        94      1999
 MINIMUM TEMPERATURE (F)   58        55      2006


SUNRISE AND SUNSET
OCTOBER 20 2014.......SUNRISE   700 AM PDT   SUNSET   612 PM PDT
OCTOBER 21 2014.......SUNRISE   701 AM PDT   SUNSET   611 PM PDT


-  INDICATES NEGATIVE NUMBERS.
R  INDICATES RECORD WAS SET OR TIED.
MM INDICATES DATA IS MISSING.
T  INDICATES TRACE AMOUNT.




$$
