125
CDUS46 KSGX 160119
CLISNA


CLIMATE REPORT
NATIONAL WEATHER SERVICE SAN DIEGO, CA
519 PM PST MON JAN 15 2018


...................................

...THE JOHN WAYNE AIRPORT CA CLIMATE SUMMARY FOR JANUARY 15 2018...
VALID TODAY AS OF 0500 PM LOCAL TIME.

CLIMATE NORMAL PERIOD 1981 TO 2010
CLIMATE RECORD PERIOD 1999 TO 2018


WEATHER ITEM   OBSERVED TIME   RECORD YEAR NORMAL DEPARTURE LAST
                VALUE   (LST)  VALUE       VALUE  FROM      YEAR
                                                  NORMAL
..................................................................
TEMPERATURE (F)
 TODAY
  MAXIMUM         67    116 PM  88    2014  67      0       64
  MINIMUM         50    657 AM  36    2013  47      3       50
  AVERAGE         59                        57      2       57

PRECIPITATION (IN)
  TODAY            0.00          0.12 2012   0.10  -0.10     0.00
  MONTH TO DATE    0.72                      1.76  -1.04     1.37
  SINCE OCT 1      0.73                      5.84  -5.11     7.56
  SINCE JAN 1      0.72                      1.76  -1.04     1.37

DEGREE DAYS
 HEATING
  TODAY            6                         8     -2        8
  MONTH TO DATE   49                       131    -82      117
  SINCE DEC 1    179                       410   -231      345
  SINCE JUL 1    212                       563   -351      423

 COOLING
  TODAY            0                         0      0        0
  MONTH TO DATE    3                         0      3        0
  SINCE DEC 1     21                         1     20        0
  SINCE JAN 1      3                         0      3        0
..................................................................


WIND (MPH)
  RESULTANT WIND SPEED   2   RESULTANT WIND DIRECTION  SW (220)
  HIGHEST WIND SPEED    12   HIGHEST WIND DIRECTION    SW (210)
  HIGHEST GUST SPEED    13   HIGHEST GUST DIRECTION    SW (210)
  AVERAGE WIND SPEED     2.7


SKY COVER
  POSSIBLE SUNSHINE  MM
  AVERAGE SKY COVER 0.4


WEATHER CONDITIONS
 THE FOLLOWING WEATHER WAS RECORDED TODAY.
  NO SIGNIFICANT WEATHER WAS OBSERVED.


RELATIVE HUMIDITY (PERCENT)
 HIGHEST    73           200 PM
 LOWEST     52          1100 AM
 AVERAGE    63

..........................................................


THE JOHN WAYNE AIRPORT CA CLIMATE NORMALS FOR TOMORROW
                         NORMAL    RECORD    YEAR
 MAXIMUM TEMPERATURE (F)   67        89      2014
 MINIMUM TEMPERATURE (F)   47        39      2013
                                             2006


SUNRISE AND SUNSET
JANUARY 15 2018.......SUNRISE   656 AM PST   SUNSET   506 PM PST
JANUARY 16 2018.......SUNRISE   656 AM PST   SUNSET   507 PM PST


-  INDICATES NEGATIVE NUMBERS.
R  INDICATES RECORD WAS SET OR TIED.
MM INDICATES DATA IS MISSING.
T  INDICATES TRACE AMOUNT.




$$
