000
CDUS46 KSGX 270021
CLISNA


CLIMATE REPORT
NATIONAL WEATHER SERVICE SAN DIEGO, CA
521 PM PDT TUE MAY 26 2015


...................................

...THE JOHN WAYNE AIRPORT CA CLIMATE SUMMARY FOR MAY 26 2015...
VALID TODAY AS OF 0500 PM LOCAL TIME.

CLIMATE NORMAL PERIOD 1981 TO 2010
CLIMATE RECORD PERIOD 1999 TO 2015


WEATHER ITEM   OBSERVED TIME   RECORD YEAR NORMAL DEPARTURE LAST
                VALUE   (LST)  VALUE       VALUE  FROM      YEAR
                                                  NORMAL
..................................................................
TEMPERATURE (F)
 TODAY
  MAXIMUM         70    125 PM  78    2014  72     -2       78
  MINIMUM         61    647 AM  56    2008  60      1       67
  AVERAGE         66                        66      0       73

PRECIPITATION (IN)
  TODAY            0.00          T    2008   0.00   0.00     0.00
  MONTH TO DATE    1.07                      0.23   0.84     0.00
  SINCE OCT 1      6.85                     12.96  -6.11     3.52
  SINCE JAN 1      3.05                      8.88  -5.83     2.59

SNOWFALL (IN)
  TODAY            0.0
  MONTH TO DATE    0.0
  SINCE MAR 1      0.0
  SINCE JUL 1      0.0
  SNOW DEPTH       0

DEGREE DAYS
 HEATING
  TODAY            0                         1     -1        0
  MONTH TO DATE   47                        37     10        1
  SINCE MAR 1    122                       338   -216      114
  SINCE JUL 1    347                      1244   -897      604

 COOLING
  TODAY            1                         1      0        8
  MONTH TO DATE   12                        26    -14      184
  SINCE MAR 1    164                        47    117      276
  SINCE JAN 1    236                        55    181      303
..................................................................


WIND (MPH)
  RESULTANT WIND SPEED   2   RESULTANT WIND DIRECTION   S (200)
  HIGHEST WIND SPEED    12   HIGHEST WIND DIRECTION    SW (220)
  HIGHEST GUST SPEED    15   HIGHEST GUST DIRECTION    SW (230)
  AVERAGE WIND SPEED     4.1


SKY COVER
  POSSIBLE SUNSHINE  MM
  AVERAGE SKY COVER 0.9


WEATHER CONDITIONS
 THE FOLLOWING WEATHER WAS RECORDED TODAY.
  NO SIGNIFICANT WEATHER WAS OBSERVED.


RELATIVE HUMIDITY (PERCENT)
 HIGHEST    78           300 AM
 LOWEST     59          1200 PM
 AVERAGE    69

..........................................................


THE JOHN WAYNE AIRPORT CA CLIMATE NORMALS FOR TOMORROW
                         NORMAL    RECORD    YEAR
 MAXIMUM TEMPERATURE (F)   72        85      2000
 MINIMUM TEMPERATURE (F)   60        54      2008


SUNRISE AND SUNSET
MAY 26 2015...........SUNRISE   544 AM PDT   SUNSET   753 PM PDT
MAY 27 2015...........SUNRISE   544 AM PDT   SUNSET   754 PM PDT


-  INDICATES NEGATIVE NUMBERS.
R  INDICATES RECORD WAS SET OR TIED.
MM INDICATES DATA IS MISSING.
T  INDICATES TRACE AMOUNT.




$$
