000
CDUS46 KSGX 091522
CLISNA


CLIMATE REPORT
NATIONAL WEATHER SERVICE SAN DIEGO, CA
722 AM PST TUE FEB 9 2016


...................................

...THE JOHN WAYNE AIRPORT CA CLIMATE SUMMARY FOR FEBRUARY 8 2016...

CLIMATE NORMAL PERIOD 1981 TO 2010
CLIMATE RECORD PERIOD 1999 TO 2016


WEATHER ITEM   OBSERVED TIME   RECORD YEAR NORMAL DEPARTURE LAST
                VALUE   (LST)  VALUE       VALUE  FROM      YEAR
                                                  NORMAL
..................................................................
TEMPERATURE (F)
 YESTERDAY
  MAXIMUM         87    317 PM  90    2006  66     21       79
  MINIMUM         61   1156 PM  39    2001  48     13       60
  AVERAGE         74                        57     17       70

PRECIPITATION (IN)
  YESTERDAY        0.00          0.19 2013   0.09  -0.09     0.00
  MONTH TO DATE    0.00                      0.53  -0.53      T
  SINCE OCT 1      3.26                      7.52  -4.26     4.62
  SINCE JAN 1      2.04                      3.44  -1.40     0.82

DEGREE DAYS
 HEATING
  YESTERDAY        0                         8     -8        0
  MONTH TO DATE   55                        64     -9        2
  SINCE DEC 1    604                       603      1      203
  SINCE JUL 1    734                       756    -22      207

 COOLING
  YESTERDAY        9                         0      9        5
  MONTH TO DATE   11                         0     11        7
  SINCE DEC 1     11                         6      5       55
  SINCE JAN 1     11                         5      6       37
..................................................................


WIND (MPH)
  RESULTANT WIND SPEED   4   RESULTANT WIND DIRECTION   E (70)
  HIGHEST WIND SPEED    16   HIGHEST WIND DIRECTION     E (70)
  HIGHEST GUST SPEED    26   HIGHEST GUST DIRECTION    SE (130)
  AVERAGE WIND SPEED     5.9


SKY COVER
  POSSIBLE SUNSHINE  MM
  AVERAGE SKY COVER 0.0


WEATHER CONDITIONS
 THE FOLLOWING WEATHER WAS RECORDED YESTERDAY.
  NO SIGNIFICANT WEATHER WAS OBSERVED.


RELATIVE HUMIDITY (PERCENT)
 HIGHEST    30          1100 PM
 LOWEST     11          1100 AM
 AVERAGE    21

..........................................................


THE JOHN WAYNE AIRPORT CA CLIMATE NORMALS FOR TODAY
                         NORMAL    RECORD    YEAR
 MAXIMUM TEMPERATURE (F)   66        82      2012
 MINIMUM TEMPERATURE (F)   48        38      2013


SUNRISE AND SUNSET
FEBRUARY  9 2016......SUNRISE   642 AM PST   SUNSET   530 PM PST
FEBRUARY 10 2016......SUNRISE   641 AM PST   SUNSET   531 PM PST


-  INDICATES NEGATIVE NUMBERS.
R  INDICATES RECORD WAS SET OR TIED.
MM INDICATES DATA IS MISSING.
T  INDICATES TRACE AMOUNT.




$$
