000
CDUS46 KSGX 310015
CLISNA


CLIMATE REPORT
NATIONAL WEATHER SERVICE SAN DIEGO, CA
515 PM PDT MON MAY 30 2016


...................................

...THE JOHN WAYNE AIRPORT CA CLIMATE SUMMARY FOR MAY 30 2016...
VALID TODAY AS OF 0500 PM LOCAL TIME.

CLIMATE NORMAL PERIOD 1981 TO 2010
CLIMATE RECORD PERIOD 1999 TO 2016


WEATHER ITEM   OBSERVED TIME   RECORD YEAR NORMAL DEPARTURE LAST
                VALUE   (LST)  VALUE       VALUE  FROM      YEAR
                                                  NORMAL
..................................................................
TEMPERATURE (F)
 TODAY
  MAXIMUM         72    111 PM  80    2006  72      0       72
  MINIMUM         62    654 AM  51    2011  60      2       62
  AVERAGE         67                        66      1       67

PRECIPITATION (IN)
  TODAY            0.00          T    1999   0.00   0.00     0.00
                                      2005
                                      2004
  MONTH TO DATE    0.09                      0.23  -0.14     1.07
  SINCE OCT 1      4.97                     12.96  -7.99     6.85
  SINCE JAN 1      3.75                      8.88  -5.13     3.05

DEGREE DAYS
 HEATING
  TODAY            0                         1     -1        0
  MONTH TO DATE   27                        41    -14       47
  SINCE MAR 1    197                       342   -145      122
  SINCE JUL 1    969                      1248   -279      347

 COOLING
  TODAY            2                         1      1        2
  MONTH TO DATE   12                        30    -18       17
  SINCE MAR 1     59                        51      8      169
  SINCE JAN 1     97                        59     38      241
..................................................................


WIND (MPH)
  RESULTANT WIND SPEED   3   RESULTANT WIND DIRECTION   W (270)
  HIGHEST WIND SPEED    13   HIGHEST WIND DIRECTION    SW (220)
  HIGHEST GUST SPEED    16   HIGHEST GUST DIRECTION    SW (220)
  AVERAGE WIND SPEED     4.6


SKY COVER
  POSSIBLE SUNSHINE  MM
  AVERAGE SKY COVER 0.8


WEATHER CONDITIONS
 THE FOLLOWING WEATHER WAS RECORDED TODAY.
  NO SIGNIFICANT WEATHER WAS OBSERVED.


RELATIVE HUMIDITY (PERCENT)
 HIGHEST    72          1200 AM
 LOWEST     57           100 PM
 AVERAGE    65

..........................................................


THE JOHN WAYNE AIRPORT CA CLIMATE NORMALS FOR TOMORROW
                         NORMAL    RECORD    YEAR
 MAXIMUM TEMPERATURE (F)   72        82      2006
 MINIMUM TEMPERATURE (F)   60        53      2011


SUNRISE AND SUNSET
MAY 30 2016...........SUNRISE   543 AM PDT   SUNSET   756 PM PDT
MAY 31 2016...........SUNRISE   542 AM PDT   SUNSET   757 PM PDT


-  INDICATES NEGATIVE NUMBERS.
R  INDICATES RECORD WAS SET OR TIED.
MM INDICATES DATA IS MISSING.
T  INDICATES TRACE AMOUNT.




$$
