000
CDUS46 KSGX 230122
CLISNA


CLIMATE REPORT
NATIONAL WEATHER SERVICE SAN DIEGO, CA
522 PM PST SAT NOV 22 2014


...................................

...THE JOHN WAYNE AIRPORT CA CLIMATE SUMMARY FOR NOVEMBER 22 2014...
VALID TODAY AS OF 0500 PM LOCAL TIME.

CLIMATE NORMAL PERIOD 1981 TO 2010
CLIMATE RECORD PERIOD 1999 TO 2014


WEATHER ITEM   OBSERVED TIME   RECORD YEAR NORMAL DEPARTURE LAST
                VALUE   (LST)  VALUE       VALUE  FROM      YEAR
                                                  NORMAL
..................................................................
TEMPERATURE (F)
 TODAY
  MAXIMUM         73   1158 AM  79    2005  70      3       64
  MINIMUM         56    658 AM  45    2011  50      6       55
  AVERAGE         65                        60      5       60

PRECIPITATION (IN)
  TODAY            0.00          0.01 2013   0.05  -0.05     0.01
  MONTH TO DATE    0.19                      0.99  -0.80     0.27
  SINCE JUL 1      0.22                      2.03  -1.81     0.59
  SINCE JAN 1      2.81                     10.99  -8.18     2.56

SNOWFALL (IN)
  TODAY            0.0
  MONTH TO DATE    0.0
  SINCE JAN 1      0.0
  SINCE JUL 1      0.0
  SNOW DEPTH       0

DEGREE DAYS
 HEATING
  TODAY            0                         5     -5        5
  MONTH TO DATE    3                        75    -72       31
  SINCE SEP 1      3                       102    -99       49
  SINCE JUL 1      3                       102    -99       49

 COOLING
  TODAY            0                         0      0        0
  MONTH TO DATE   72                        22     50       26
  SINCE SEP 1    771                       305    466      453
  SINCE JAN 1   2015                       876   1139     1157
..................................................................


WIND (MPH)
  RESULTANT WIND SPEED   2   RESULTANT WIND DIRECTION  SW (210)
  HIGHEST WIND SPEED    12   HIGHEST WIND DIRECTION     S (200)
  HIGHEST GUST SPEED    15   HIGHEST GUST DIRECTION    SW (210)
  AVERAGE WIND SPEED     2.3


SKY COVER
  POSSIBLE SUNSHINE  MM
  AVERAGE SKY COVER 0.2


WEATHER CONDITIONS
 THE FOLLOWING WEATHER WAS RECORDED TODAY.
  NO SIGNIFICANT WEATHER WAS OBSERVED.


RELATIVE HUMIDITY (PERCENT)
 HIGHEST    72           300 AM
 LOWEST     53          1100 AM
 AVERAGE    63

..........................................................


THE JOHN WAYNE AIRPORT CA CLIMATE NORMALS FOR TOMORROW
                         NORMAL    RECORD    YEAR
 MAXIMUM TEMPERATURE (F)   69        81      2005
 MINIMUM TEMPERATURE (F)   50        43      1999


SUNRISE AND SUNSET
NOVEMBER 22 2014......SUNRISE   630 AM PST   SUNSET   445 PM PST
NOVEMBER 23 2014......SUNRISE   631 AM PST   SUNSET   445 PM PST


-  INDICATES NEGATIVE NUMBERS.
R  INDICATES RECORD WAS SET OR TIED.
MM INDICATES DATA IS MISSING.
T  INDICATES TRACE AMOUNT.




$$
