302
CDUS46 KSGX 271134
CLISNA


CLIMATE REPORT
NATIONAL WEATHER SERVICE SAN DIEGO, CA
434 AM PDT TUE JUN 27 2017


...................................

...THE JOHN WAYNE AIRPORT CA CLIMATE SUMMARY FOR JUNE 26 2017...

CLIMATE NORMAL PERIOD 1981 TO 2010
CLIMATE RECORD PERIOD 1999 TO 2017


WEATHER ITEM   OBSERVED TIME   RECORD YEAR NORMAL DEPARTURE LAST
                VALUE   (LST)  VALUE       VALUE  FROM      YEAR
                                                  NORMAL
..................................................................
TEMPERATURE (F)
 YESTERDAY
  MAXIMUM         84    423 PM  87    2006  75      9       79
  MINIMUM         64    509 AM  58    2012  62      2       64
  AVERAGE         74                        69      5       72

PRECIPITATION (IN)
  YESTERDAY        0.00          T    2006   0.00   0.00     0.00
  MONTH TO DATE    T                         0.07  -0.07     0.01
  SINCE OCT 1     15.88                     13.03   2.85     4.98
  SINCE JAN 1      9.69                      8.95   0.74     3.76

DEGREE DAYS
 HEATING
  YESTERDAY        0                         0      0        0
  MONTH TO DATE    1                         0      1        1
  SINCE JUN 1      1                         0      1        1
  SINCE JUL 1    881                      1245   -364      971

 COOLING
  YESTERDAY        9                         4      5        7
  MONTH TO DATE  102                        62     40      109
  SINCE JUN 1    102                        62     40      109
  SINCE JAN 1    212                       129     83      205
..................................................................


WIND (MPH)
  RESULTANT WIND SPEED   6   RESULTANT WIND DIRECTION  SW (210)
  HIGHEST WIND SPEED    16   HIGHEST WIND DIRECTION     S (200)
  HIGHEST GUST SPEED    20   HIGHEST GUST DIRECTION     S (200)
  AVERAGE WIND SPEED     6.0


SKY COVER
  POSSIBLE SUNSHINE  MM
  AVERAGE SKY COVER 0.1


WEATHER CONDITIONS
 THE FOLLOWING WEATHER WAS RECORDED YESTERDAY.
  NO SIGNIFICANT WEATHER WAS OBSERVED.


RELATIVE HUMIDITY (PERCENT)
 HIGHEST    93           100 AM
 LOWEST     42           600 PM
 AVERAGE    68

..........................................................


THE JOHN WAYNE AIRPORT CA CLIMATE NORMALS FOR TODAY
                         NORMAL    RECORD    YEAR
 MAXIMUM TEMPERATURE (F)   75        96      2006
 MINIMUM TEMPERATURE (F)   62        60      2012
                                             1999


SUNRISE AND SUNSET
JUNE 27 2017..........SUNRISE   543 AM PDT   SUNSET   806 PM PDT
JUNE 28 2017..........SUNRISE   544 AM PDT   SUNSET   806 PM PDT


-  INDICATES NEGATIVE NUMBERS.
R  INDICATES RECORD WAS SET OR TIED.
MM INDICATES DATA IS MISSING.
T  INDICATES TRACE AMOUNT.




$$
