000
CDAK48 PAFC 221330
CLISNP

CLIMATE REPORT
NATIONAL WEATHER SERVICE ANCHORAGE, AK
429 AM AKST WED FEB 22 2017


...................................

...THE SAINT PAUL ISLAND CLIMATE SUMMARY FOR FEBRUARY 21 2017...

CLIMATE NORMAL PERIOD 1981 TO 2010
CLIMATE RECORD PERIOD 1892 TO 2017


WEATHER ITEM   OBSERVED TIME   RECORD YEAR NORMAL DEPARTURE LAST
                VALUE   (LST)  VALUE       VALUE  FROM      YEAR
                                                  NORMAL
..................................................................
TEMPERATURE (F)
 YESTERDAY
  MAXIMUM         30   1159 PM  39    1996  29      1       28
                                      1979
  MINIMUM         22    831 PM -11    1971  20      2       24
  AVERAGE         26                        24      2       26

PRECIPITATION (IN)
  YESTERDAY        0.30          0.64 1964   0.05   0.25     0.02
  MONTH TO DATE    0.68                      1.02  -0.34     0.86
  SINCE DEC 1      5.39                      4.85   0.54     7.21
  SINCE JAN 1      2.19                      2.60  -0.41     2.48

SNOWFALL (IN)
  YESTERDAY        2.4          MM      MM   0.3    2.1     MM
  MONTH TO DATE    9.8                       7.8    2.0      0.0
  SINCE DEC 1     41.3                      32.5    8.8     11.7
  SINCE JUL 1     47.9                      42.8    5.1     23.7
  SNOW DEPTH      12

DEGREE DAYS
 HEATING
  YESTERDAY       39                        40     -1       39
  MONTH TO DATE  901                       860     41      540
  SINCE DEC 1   3076                      3218   -142     2414
  SINCE JUL 1   5645                      6639   -994     4962

 COOLING
  YESTERDAY        0                         0      0        0
  MONTH TO DATE    0                         0      0        0
  SINCE DEC 1      0                         0      0        0
  SINCE JAN 1      0                         0      0        0
..................................................................


WIND (MPH)
  RESULTANT WIND SPEED  20   RESULTANT WIND DIRECTION   E (70)
  HIGHEST WIND SPEED    46   HIGHEST WIND DIRECTION     E (90)
  HIGHEST GUST SPEED    56   HIGHEST GUST DIRECTION     E (90)
  AVERAGE WIND SPEED    20.4



WEATHER CONDITIONS
 THE FOLLOWING WEATHER WAS RECORDED YESTERDAY.
  SNOW
  LIGHT SNOW
  FOG
  BLOWING SNOW


..........................................................


THE SAINT PAUL ISLAND CLIMATE NORMALS FOR TODAY
                         NORMAL    RECORD    YEAR
 MAXIMUM TEMPERATURE (F)   29        39      1979
 MINIMUM TEMPERATURE (F)   20       -15      1971


SUNRISE AND SUNSET
FEBRUARY 22 2017......SUNRISE   931 AM AKST  SUNSET   739 PM AKST
FEBRUARY 23 2017......SUNRISE   928 AM AKST  SUNSET   741 PM AKST

CIVIL TWILIGHT
FEBRUARY 22 2017        START    852 AM GMT     END    819 PM GMT
FEBRUARY 23 2017        START    850 AM GMT     END    821 PM GMT



-  INDICATES NEGATIVE NUMBERS.
R  INDICATES RECORD WAS SET OR TIED.
MM INDICATES DATA IS MISSING.
T  INDICATES TRACE AMOUNT.




$$
&&
------------------------------------------------------
AMOUNT OF DAYLIGHT TODAY  (HOUR:MIN)........10:08
GAIN/LOSS SINCE YESTERDAY (HOUR:MIN:SEC)....+0:04:48
