901
CDAK48 PAFC 190031
CLISNP


CLIMATE REPORT
NATIONAL WEATHER SERVICE ANCHORAGE, AK
431 PM AKDT MON SEP 18 2017


...................................

...THE SAINT PAUL ISLAND CLIMATE SUMMARY FOR SEPTEMBER 18 2017...
VALID TODAY AS OF 0400 PM LOCAL TIME.

CLIMATE NORMAL PERIOD 1981 TO 2010
CLIMATE RECORD PERIOD 1892 TO 2017


WEATHER ITEM   OBSERVED TIME   RECORD YEAR NORMAL DEPARTURE LAST
                VALUE   (LST)  VALUE       VALUE  FROM      YEAR
                                                  NORMAL
..................................................................
TEMPERATURE (F)
 TODAY
  MAXIMUM         51        MM  54    1978  49      2       52
  MINIMUM         35        MM  30    1981  41     -6       49
  AVERAGE         43                        45     -2       51

PRECIPITATION (IN)
  TODAY            T             1.50 1949   0.10  -0.10     0.03
  MONTH TO DATE    1.45                      1.82  -0.37     2.46
  SINCE SEP 1      1.45                      1.82  -0.37     2.46
  SINCE JAN 1     14.12                     14.25  -0.13    13.20

SNOWFALL (IN)
  TODAY            0.0          MM      MM   0.0    0.0      0.0
  MONTH TO DATE    0.0                       0.0    0.0      0.0
  SINCE SEP 1      0.0                       0.0    0.0      0.0
  SINCE JUL 1      0.0                       0.0    0.0      0.0
  SNOW DEPTH       0

DEGREE DAYS
 HEATING
  TODAY           22                        20      2       14
  MONTH TO DATE  320                       330    -10      222
  SINCE SEP 1    320                       330    -10      222
  SINCE JUL 1   1311                      1383    -72      835

 COOLING
  TODAY            0                         0      0        0
  MONTH TO DATE    0                         0      0        0
  SINCE SEP 1      0                         0      0        0
  SINCE JAN 1      0                         0      0        0
..................................................................


WIND (MPH)
  RESULTANT WIND SPEED   9   RESULTANT WIND DIRECTION  NW (320)
  HIGHEST WIND SPEED    14   HIGHEST WIND DIRECTION    SW (240)
  HIGHEST GUST SPEED    MM   HIGHEST GUST DIRECTION    MM
  AVERAGE WIND SPEED     9.5



WEATHER CONDITIONS
 THE FOLLOWING WEATHER WAS RECORDED TODAY.
  NO SIGNIFICANT WEATHER WAS OBSERVED.


..........................................................


THE SAINT PAUL ISLAND CLIMATE NORMALS FOR TOMORROW
                         NORMAL    RECORD    YEAR
 MAXIMUM TEMPERATURE (F)   49        54      2014
                                             2004
                                             1979
 MINIMUM TEMPERATURE (F)   40        26      1984


SUNRISE AND SUNSET
SEPTEMBER 18 2017.....SUNRISE   859 AM AKDT  SUNSET   930 PM AKDT
SEPTEMBER 19 2017.....SUNRISE   901 AM AKDT  SUNSET   927 PM AKDT


-  INDICATES NEGATIVE NUMBERS.
R  INDICATES RECORD WAS SET OR TIED.
MM INDICATES DATA IS MISSING.
T  INDICATES TRACE AMOUNT.




$$
