000
CDAK48 PASN 042316
CLISNP

CLIMATE REPORT
NATIONAL WEATHER SERVICE ST PAUL, AK
316 PM AKDT TUE AUG 4 2015

...................................
...THE ST PAUL AIRPORT CLIMATE SUMMARY FOR AUGUST 4 2015...
VALID TODAY AS OF 2:00 PM LOCAL TIME

CLIMATE NORMAL PERIOD  1981 TO  2010
CLIMATE RECORD PERIOD  1892 TO  2015

WEATHER ITEM   OBSERVED TIME    RECORD YEAR NORMAL DEPARTURE LAST
               VALUE    (LST)   VALUE       VALUE  FROM      YEAR
                                                   NORMAL
...................................................................
TEMPERATURE
TODAY
 MAXIMUM            51  0159 PM    59  2014     52      -1     59
 MINIMUM            47  0902 AM    36  2011     45       2     51
 AVERAGE            49                          49       0     55

PRECIPITATION
(INCHES)
 TODAY            0.00           0.94  1990   0.09   -0.09   0.00
 MONTH TO DATE    0.01                        0.34   -0.33   0.01
 SINCE JUN 1      2.77                        3.54   -0.77   2.10
 SINCE JAN 1      9.05                        9.70   -0.65   9.24

SNOWFALL
(INCHES)
 TODAY             0.0            0.0  2015    0.0     0.0    0.0
 MONTH TO DATE     0.0                         0.0     0.0    0.0
 SINCE JUN 1       0.0                         0.0     0.0    0.0
 SINCE JUL 1       0.0                         0.0     0.0    0.0
 SNOW DEPTH (IN)     0                                          0

DEGREE DAYS
 HEATING
  TODAY             16                          16       0     10
  MONTH TO DATE     56                          65      -9     40
  SINCE JUN 1     1154                        1297    -143   1114
  SINCE JUL 1      534                         618     -84    486

 COOLING
  TODAY              0                           0       0      0
  MONTH TO DATE      0                           0       0      0
  SINCE JUN 1        0                           0       0      0
  SINCE JAN 1        0                           0       0      0
...................................................................

WIND (MPH)
 HIGHEST WIND SPEED    24     HIGHEST WIND DIRECTION    360
 HIGHEST GUST SPEED    30     HIGHEST GUST DIRECTION     10
 AVERAGE WIND SPEED    MM

SKY COVER
  POSSIBLE SUNSHINE  MM            AVERAGE SKY COVER MM

WEATHER CONDITIONS
 THE FOLLOWING WEATHER WAS RECORDED TODAY.
  SMOKE OR HAZE
  FOG


RELATIVE HUMIDITY
 HIGHEST RH     MM PERCENT       MM
 LOWEST  RH     MM PERCENT       MM
 AVERAGE RH     MM PERCENT       MM
...................................................................

THE ST PAUL CLIMATE NORMALS FOR TOMORROW
                        NORMAL    RECORD   YEAR
 MAXIMUM TEMPERATURE      52        57     2013
 MINIMUM TEMPERATURE      46        36     2011

SUNRISE AND SUNSET
 AUG 4 2015..........SUNRISE  7:25 AM      SUNSET 11:28 PM
 AUG 5 2015..........SUNRISE  7:27 AM      SUNSET 11:26 PM

-  INDICATES NEGATIVE NUMBERS.
R  INDICATES RECORD HAS BEEN SET OR TIED.
MM INDICATES DATA IS MISSING.
T  INDICATES TRACE OF PRECIPITATION.

&&
-------------------------------------------------------------------

AMOUNT OF DAYLIGHT TODAY  (HOUR:MIN)........16 HOURS 3 MINUTES
GAIN/LOSS SINCE YESTERDAY (HOUR:MIN:SEC)....-0:04:13

$$
HCH AUG 15
