836
CDAK48 PASN 290911
CLISNP

CLIMATE REPORT
NATIONAL WEATHER SERVICE ST PAUL, AK
112 AM AKDT FRI APR 29 2016

...................................
...THE ST PAUL AIRPORT CLIMATE SUMMARY FOR APRIL 28 2016...

CLIMATE NORMAL PERIOD  1981 TO  2010
CLIMATE RECORD PERIOD  1892 TO  2016

WEATHER ITEM   OBSERVED TIME    RECORD YEAR NORMAL DEPARTURE LAST
               VALUE    (LST)   VALUE       VALUE  FROM      YEAR
                                                   NORMAL
...................................................................
TEMPERATURE
YESTERDAY
 MAXIMUM            47  0313 PM    49  1993     36      11     39
 MINIMUM            38  1139 PM    14  1982     29       9     34
 AVERAGE            43                          32      11     37

PRECIPITATION
(INCHES)
 YESTERDAY           T           1.12  1995   0.04   -0.04   0.03
 MONTH TO DATE    1.19                        1.01    0.18   1.23
 SINCE MAR 1      2.30                        2.08    0.22   1.91
 SINCE JAN 1      5.11                        4.96    0.15   4.23

SNOWFALL
(INCHES)
 YESTERDAY         0.0            3.7  1985    0.1    -0.1    0.0
 MONTH TO DATE     0.8                         5.5    -4.7    9.1
 SINCE MAR 1      11.7                        13.5    -1.8   18.5
 SINCE JUL 1      52.5                        58.5    -6.0   48.2
 SNOW DEPTH (IN)     0                                          0

DEGREE DAYS
 HEATING
  YESTERDAY         22                          33     -11     28
  MONTH TO DATE    801                        1007    -206    995
  SINCE MAR 1     1926                        2244    -318   2170
  SINCE JUL 1     7951                        9163   -1212   8127

 COOLING
  YESTERDAY          0                           0       0      0
  MONTH TO DATE      0                           0       0      0
  SINCE MAR 1        0                           0       0      0
  SINCE JAN 1        0                           0       0      0
...................................................................

WIND (MPH)
 HIGHEST WIND SPEED    24     HIGHEST WIND DIRECTION     50
 HIGHEST GUST SPEED    33     HIGHEST GUST DIRECTION     50
 AVERAGE WIND SPEED  16.9

SKY COVER
  POSSIBLE SUNSHINE    MM          AVERAGE SKY COVER     MM

WEATHER CONDITIONS
 THE FOLLOWING WEATHER WAS RECORDED YESTERDAY.
  FOG
RAIN


RELATIVE HUMIDITY
 HIGHEST RH     MM PERCENT       MM
 LOWEST  RH     MM PERCENT       MM
 AVERAGE RH     MM PERCENT       MM
...................................................................

THE ST PAUL CLIMATE NORMALS FOR TODAY
                           NORMAL    RECORD   YEAR
 MAXIMUM TEMPERATURE (F)     37        46     1989
 MINIMUM TEMPERATURE (F)     29        12     1982

SUNRISE AND SUNSET
 APR 29 2016..........SUNRISE  7:36 AM      SUNSET 11:03 PM
 APR 30 2016..........SUNRISE  7:33 AM      SUNSET 11:05 PM

-  INDICATES NEGATIVE NUMBERS.
R  INDICATES RECORD HAS BEEN SET OR TIED.
MM INDICATES DATA IS MISSING.
T  INDICATES TRACE OF PRECIPITATION.

&&
-------------------------------------------------------------------

AMOUNT OF DAYLIGHT TODAY  (HOUR:MIN)........15 HOURS 27 MINUTES
GAIN/LOSS SINCE YESTERDAY (HOUR:MIN:SEC)....+0:04:32

$$
*** APR 16
