000
CDAK48 PASN 162354
CLISNP

CLIMATE REPORT
NATIONAL WEATHER SERVICE ST PAUL, AK
354 PM AKDT WED APR 16 2014

...................................
...THE ST PAUL AIRPORT CLIMATE SUMMARY FOR APRIL 16 2014...
VALID TODAY AS OF 2:00 PM LOCAL TIME

CLIMATE NORMAL PERIOD  1981 TO  2010
CLIMATE RECORD PERIOD  1949 TO  2014

WEATHER ITEM   OBSERVED TIME    RECORD YEAR NORMAL DEPARTURE LAST
               VALUE    (LST)   VALUE       VALUE  FROM      YEAR
                                                   NORMAL
...................................................................
TEMPERATURE
TODAY
 MAXIMUM            40  0159 PM    41  1979     33       7     29
 MINIMUM            33  0638 AM     8  1985     25       8     22
 AVERAGE            37                          29       8     26

PRECIPITATION
(INCHES)
 TODAY            0.03           0.48  2002   0.04   -0.01   0.00
 MONTH TO DATE    0.67                        0.58    0.09   0.24
 SINCE MAR 1      1.87                        1.65    0.22   3.37
 SINCE JAN 1      6.20                        4.53    1.67   6.22

SNOWFALL
(INCHES)
 TODAY               T            2.2  1962    0.2    -0.2    0.0
 MONTH TO DATE     1.0                         3.7    -2.7    2.3
 SINCE MAR 1       9.4                        11.7    -2.3   29.2
 SINCE JUL 1      43.7                        56.7   -13.0   72.7
 SNOW DEPTH (IN)     T                                         30

DEGREE DAYS
 HEATING
  TODAY             28                          36      -8     39
  MONTH TO DATE    522                         599     -77    709
  SINCE MAR 1     1768                        1836     -68   1987
  SINCE JUL 1     8214                        8755    -541   9447

 COOLING
  TODAY              0                           0       0      0
  MONTH TO DATE      0                           0       0      0
  SINCE MAR 1        0                           0       0      0
  SINCE JAN 1        0                           0       0      0
...................................................................

WIND (MPH)
 HIGHEST WIND SPEED    16     HIGHEST WIND DIRECTION     80
 HIGHEST GUST SPEED    21     HIGHEST GUST DIRECTION     80
 AVERAGE WIND SPEED    MM

SKY COVER
  POSSIBLE SUNSHINE  MM            AVERAGE SKY COVER MM

WEATHER CONDITIONS
 THE FOLLOWING WEATHER WAS RECORDED TODAY.
FOG
RAIN
SNOW


RELATIVE HUMIDITY
 HIGHEST RH     MM PERCENT       MM
 LOWEST  RH     MM PERCENT       MM
 AVERAGE RH     MM PERCENT       MM
...................................................................

THE ST PAUL CLIMATE NORMALS FOR TOMORROW
                        NORMAL    RECORD   YEAR
 MAXIMUM TEMPERATURE      34        40     1991
 MINIMUM TEMPERATURE      26         8     1985

SUNRISE AND SUNSET
 APR 16 2014..........SUNRISE  8:10 AM      SUNSET 10:34 PM
 APR 17 2014..........SUNRISE  8:07 AM      SUNSET 10:36 PM

-  INDICATES NEGATIVE NUMBERS.
R  INDICATES RECORD HAS BEEN SET OR TIED.
MM INDICATES DATA IS MISSING.
T  INDICATES TRACE OF PRECIPITATION.

&&
-------------------------------------------------------------------

AMOUNT OF DAYLIGHT TODAY  (HOUR:MIN)........14 HOURS 24 MINUTES
GAIN/LOSS SINCE YESTERDAY (HOUR:MIN:SEC)....+0:04:46

$$
WIW APR 14
