000
CDAK48 PASN 252311
CLISNP

CLIMATE REPORT
NATIONAL WEATHER SERVICE ST PAUL, AK
311 PM AKDT THU AUG 25 2016

...................................
...THE ST PAUL AIRPORT CLIMATE SUMMARY FOR AUGUST 25 2016...
VALID TODAY AS OF 2:00 PM LOCAL TIME

CLIMATE NORMAL PERIOD  1981 TO  2010
CLIMATE RECORD PERIOD  1892 TO  2016

WEATHER ITEM   OBSERVED TIME    RECORD YEAR NORMAL DEPARTURE LAST
               VALUE    (LST)   VALUE       VALUE  FROM      YEAR
                                                   NORMAL
...................................................................
TEMPERATURE
TODAY
 MAXIMUM            53  0159 PM    66  1987     52       1     54
 MINIMUM            49  0745 AM    34  1963     46       3     51
 AVERAGE            51                          49       2     53

PRECIPITATION
(INCHES)
 TODAY               T           1.19  1959   0.11   -0.11   0.08
 MONTH TO DATE    2.61                        2.43    0.18   1.06
 SINCE JUN 1      5.08                        5.63   -0.55   3.82
 SINCE JAN 1     11.00                       11.79   -0.79  10.10

SNOWFALL
(INCHES)
 TODAY             0.0            0.0  2016    0.0     0.0    0.0
 MONTH TO DATE     0.0                         0.0     0.0    0.0
 SINCE JUN 1       0.0                         0.0     0.0    0.0
 SINCE JUL 1       0.0                         0.0     0.0    0.0
 SNOW DEPTH (IN)     0                                          0

DEGREE DAYS
 HEATING
  TODAY             14                          16      -2     12
  MONTH TO DATE    305                         401     -96    348
  SINCE JUN 1     1229                        1633    -404   1446
  SINCE JUL 1      697                         954    -257    826

 COOLING
  TODAY              0                           0       0      0
  MONTH TO DATE      0                           0       0      0
  SINCE JUN 1        0                           0       0      0
  SINCE JAN 1        0                           0       0      0
...................................................................

WIND (MPH)
 HIGHEST WIND SPEED    24     HIGHEST WIND DIRECTION    190
 HIGHEST GUST SPEED    30     HIGHEST GUST DIRECTION    190
 AVERAGE WIND SPEED    MM

SKY COVER
  POSSIBLE SUNSHINE  MM            AVERAGE SKY COVER MM

WEATHER CONDITIONS
 THE FOLLOWING WEATHER WAS RECORDED TODAY.
  RAIN


RELATIVE HUMIDITY
 HIGHEST RH     MM PERCENT       MM
 LOWEST  RH     MM PERCENT       MM
 AVERAGE RH     MM PERCENT       MM
...................................................................

THE ST PAUL CLIMATE NORMALS FOR TOMORROW
                        NORMAL    RECORD   YEAR
 MAXIMUM TEMPERATURE      52        64     1987
 MINIMUM TEMPERATURE      46        30     1963

SUNRISE AND SUNSET
 AUG 25 2016..........SUNRISE  8:10 AM      SUNSET 10:35 PM
 AUG 26 2016..........SUNRISE  8:12 AM      SUNSET 10:32 PM

-  INDICATES NEGATIVE NUMBERS.
R  INDICATES RECORD HAS BEEN SET OR TIED.
MM INDICATES DATA IS MISSING.
T  INDICATES TRACE OF PRECIPITATION.

&&
-------------------------------------------------------------------

AMOUNT OF DAYLIGHT TODAY  (HOUR:MIN)........14 HOURS 25 MINUTES
GAIN/LOSS SINCE YESTERDAY (HOUR:MIN:SEC)....-0:04:41

$$
HCH AUG 16
