000
CDAK48 PASN 161136
CLISNP

CLIMATE REPORT
NATIONAL WEATHER SERVICE ST PAUL, AK
336 AM AKDT TUE SEP 16 2014

...................................
...THE ST PAUL AIRPORT CLIMATE SUMMARY FOR SEPTEMBER 15 2014...

CLIMATE NORMAL PERIOD  1981 TO  2010
CLIMATE RECORD PERIOD  1892 TO  2014

WEATHER ITEM   OBSERVED TIME    RECORD YEAR NORMAL DEPARTURE LAST
               VALUE    (LST)   VALUE       VALUE  FROM      YEAR
                                                   NORMAL
...................................................................
TEMPERATURE
YESTERDAY
 MAXIMUM            54R 1245 PM    54  1995     50       4     49
 MINIMUM            46  1159 PM    32  1981     41       5     47
 AVERAGE            50                          46       4     48

PRECIPITATION
(INCHES)
 YESTERDAY        0.07           0.92  1989   0.10   -0.03   0.19
 MONTH TO DATE    2.60                        1.52    1.08   0.76
 SINCE SEP 1      2.60                        1.52    1.08   0.76
 SINCE JAN 1     15.83                       13.95    1.88  14.79

SNOWFALL
(INCHES)
 YESTERDAY         0.0              T  1993    0.0     0.0    0.0
 MONTH TO DATE     0.0                         0.0     0.0    0.0
 SINCE SEP 1       0.0                         0.0     0.0    0.0
 SINCE JUL 1       0.0                         0.0     0.0    0.0
 SNOW DEPTH (IN)     0                                          0

DEGREE DAYS
 HEATING
  YESTERDAY         15                          19      -4     17
  MONTH TO DATE    197                         270     -73    288
  SINCE SEP 1      197                         270     -73    288
  SINCE JUL 1     1014                        1322    -308   1331

 COOLING
  YESTERDAY          0                           0       0      0
  MONTH TO DATE      0                           0       0      0
  SINCE SEP 1        0                           0       0      0
  SINCE JAN 1        0                           0       0      0
...................................................................

WIND (MPH)
 HIGHEST WIND SPEED    13     HIGHEST WIND DIRECTION    230
 HIGHEST GUST SPEED    15     HIGHEST GUST DIRECTION    280
 AVERAGE WIND SPEED   6.7

SKY COVER
  POSSIBLE SUNSHINE    MM          AVERAGE SKY COVER     MM

WEATHER CONDITIONS
 THE FOLLOWING WEATHER WAS RECORDED YESTERDAY.
FOG
RAIN


RELATIVE HUMIDITY
 HIGHEST RH     MM PERCENT       MM
 LOWEST  RH     MM PERCENT       MM
 AVERAGE RH     MM PERCENT       MM
...................................................................

THE ST PAUL CLIMATE NORMALS FOR TODAY
                           NORMAL    RECORD   YEAR
 MAXIMUM TEMPERATURE (F)     50        54     1995
 MINIMUM TEMPERATURE (F)     41        28     1976

SUNRISE AND SUNSET
 SEP 16 2014..........SUNRISE  8:55 AM      SUNSET  9:36 PM
 SEP 17 2014..........SUNRISE  8:57 AM      SUNSET  9:34 PM

-  INDICATES NEGATIVE NUMBERS.
R  INDICATES RECORD HAS BEEN SET OR TIED.
MM INDICATES DATA IS MISSING.
T  INDICATES TRACE OF PRECIPITATION.

&&
-------------------------------------------------------------------

AMOUNT OF DAYLIGHT TODAY  (HOUR:MIN)........12 HOURS 41 MINUTES
GAIN/LOSS SINCE YESTERDAY (HOUR:MIN:SEC)....-0:04:48

$$
WIW SEP 14
