000
CDAK48 PASN 232325
CLISNP

CLIMATE REPORT
NATIONAL WEATHER SERVICE ST PAUL, AK
325 PM AKDT MON MAY 23 2016

...................................
...THE ST PAUL AIRPORT CLIMATE SUMMARY FOR MAY 23 2016...
VALID TODAY AS OF 2:00 PM LOCAL TIME

CLIMATE NORMAL PERIOD  1981 TO  2010
CLIMATE RECORD PERIOD  1892 TO  2016

WEATHER ITEM   OBSERVED TIME    RECORD YEAR NORMAL DEPARTURE LAST
               VALUE    (LST)   VALUE       VALUE  FROM      YEAR
                                                   NORMAL
...................................................................
TEMPERATURE
TODAY
 MAXIMUM            45  0149 PM    51  2009     42       3     46
 MINIMUM            42  0914 AM    24  1966     33       9     40
 AVERAGE            44                          38       6     43

PRECIPITATION
(INCHES)
 TODAY            0.01           0.50  1964   0.03   -0.02   0.13
 MONTH TO DATE    0.78                        0.83   -0.05   1.66
 SINCE MAR 1      3.09                        2.98    0.11   3.59
 SINCE JAN 1      5.90                        5.86    0.04   5.91

SNOWFALL
(INCHES)
 TODAY             0.0            1.9  1984    0.0     0.0    0.0
 MONTH TO DATE       T                         1.0    -1.0    0.3
 SINCE MAR 1      11.8                        14.7    -2.9   18.9
 SINCE JUL 1      52.6                        59.7    -7.1   48.6
 SNOW DEPTH (IN)     0                                          0

DEGREE DAYS
 HEATING
  TODAY             21                          27      -6     22
  MONTH TO DATE    587                         681     -94    599
  SINCE MAR 1     2571                        2989    -418   2828
  SINCE JUL 1     8596                        9908   -1312   8785

 COOLING
  TODAY              0                           0       0      0
  MONTH TO DATE      0                           0       0      0
  SINCE MAR 1        0                           0       0      0
  SINCE JAN 1        0                           0       0      0
...................................................................

WIND (MPH)
 HIGHEST WIND SPEED    23     HIGHEST WIND DIRECTION    230
 HIGHEST GUST SPEED    28     HIGHEST GUST DIRECTION    220
 AVERAGE WIND SPEED    MM

SKY COVER
  POSSIBLE SUNSHINE  MM            AVERAGE SKY COVER MM

WEATHER CONDITIONS
 THE FOLLOWING WEATHER WAS RECORDED TODAY.
  FOG
  RAIN


RELATIVE HUMIDITY
 HIGHEST RH     MM PERCENT       MM
 LOWEST  RH     MM PERCENT       MM
 AVERAGE RH     MM PERCENT       MM
...................................................................

THE ST PAUL CLIMATE NORMALS FOR TOMORROW
                        NORMAL    RECORD   YEAR
 MAXIMUM TEMPERATURE      42        54     2006
 MINIMUM TEMPERATURE      33        21     1983

SUNRISE AND SUNSET
 MAY 23 2016..........SUNRISE  6:46 AM      SUNSET 11:51 PM
 MAY 24 2016..........SUNRISE  6:45 AM      SUNSET 11:53 PM

-  INDICATES NEGATIVE NUMBERS.
R  INDICATES RECORD HAS BEEN SET OR TIED.
MM INDICATES DATA IS MISSING.
T  INDICATES TRACE OF PRECIPITATION.

&&
-------------------------------------------------------------------

AMOUNT OF DAYLIGHT TODAY  (HOUR:MIN)........17 HOURS 5 MINUTES
GAIN/LOSS SINCE YESTERDAY (HOUR:MIN:SEC)....+0:03:23

$$
HCH MAY 16
