000
CDUS46 KMTR 280826
CLISNS


CLIMATE REPORT
NATIONAL WEATHER SERVICE SAN FRANCISCO BAY AREA
1226 AM PST SUN DEC 28 2014


...................................

...THE SALINAS AIRPORT CLIMATE SUMMARY FOR DECEMBER 27 2014...

CLIMATE NORMAL PERIOD 1981 TO 2010
CLIMATE RECORD PERIOD 1930 TO 2014


WEATHER ITEM   OBSERVED TIME   RECORD YEAR NORMAL DEPARTURE LAST
                VALUE   (LST)  VALUE       VALUE  FROM      YEAR
                                                  NORMAL
..................................................................
TEMPERATURE (F)
 YESTERDAY
  MAXIMUM         58    439 PM  78    1956  61     -3       73
  MINIMUM         37    558 AM  23    1954  40     -3       44
  AVERAGE         48                        50     -2       59

PRECIPITATION (IN)
  YESTERDAY        0.00          2.67 1973   0.07  -0.07     0.00
  MONTH TO DATE    6.01                      1.65   4.36     0.21
  SINCE JUL 1      8.10                      3.83   4.27     0.94
  SINCE JAN 1     13.07                     12.55   0.52     3.27

DEGREE DAYS
 HEATING
  YESTERDAY       17                        15      2        6
  MONTH TO DATE  190                       380   -190      361
  SINCE DEC 1    190                       380   -190      361
  SINCE JUL 1    404                       998   -594      887

 COOLING
  YESTERDAY        0                         0      0        0
  MONTH TO DATE    1                         0      1        0
  SINCE DEC 1      1                         0      1        0
  SINCE JAN 1    270                       130    140      155
..................................................................


WIND (MPH)
  RESULTANT WIND SPEED   7   RESULTANT WIND DIRECTION   E (100)
  HIGHEST WIND SPEED    20   HIGHEST WIND DIRECTION     E (100)
  HIGHEST GUST SPEED    24   HIGHEST GUST DIRECTION     E (110)
  AVERAGE WIND SPEED     7.2


SKY COVER
  POSSIBLE SUNSHINE  MM
  AVERAGE SKY COVER 0.0


WEATHER CONDITIONS
 THE FOLLOWING WEATHER WAS RECORDED YESTERDAY.
  NO SIGNIFICANT WEATHER WAS OBSERVED.


RELATIVE HUMIDITY (PERCENT)
 HIGHEST    82          1000 PM
 LOWEST     43           200 PM
 AVERAGE    63

..........................................................


THE SALINAS AIRPORT CLIMATE NORMALS FOR TODAY
                         NORMAL    RECORD    YEAR
 MAXIMUM TEMPERATURE (F)   61        80      1956
 MINIMUM TEMPERATURE (F)   40        26      1966


SUNRISE AND SUNSET
DECEMBER 28 2014......SUNRISE   718 AM PST   SUNSET   458 PM PST
DECEMBER 29 2014......SUNRISE   718 AM PST   SUNSET   459 PM PST


-  INDICATES NEGATIVE NUMBERS.
R  INDICATES RECORD WAS SET OR TIED.
MM INDICATES DATA IS MISSING.
T  INDICATES TRACE AMOUNT.




$$
