000
CDUS46 KMTR 180025
CLISNS


CLIMATE REPORT
NATIONAL WEATHER SERVICE SAN FRANCISCO BAY AREA
525 PM PDT THU AUG 17 2017


...................................

...THE SALINAS AIRPORT CLIMATE SUMMARY FOR AUGUST 17 2017...
VALID TODAY AS OF 0500 PM LOCAL TIME.

CLIMATE NORMAL PERIOD 1981 TO 2010
CLIMATE RECORD PERIOD 1930 TO 2017


WEATHER ITEM   OBSERVED TIME   RECORD YEAR NORMAL DEPARTURE LAST
                VALUE   (LST)  VALUE       VALUE  FROM      YEAR
                                                  NORMAL
..................................................................
TEMPERATURE (F)
 TODAY
  MAXIMUM         72    231 PM  92    1941  72      0       70
  MINIMUM         60    730 AM  44    1940  56      4       54
  AVERAGE         66                        64      2       62

PRECIPITATION (IN)
  TODAY            0.00          0.12 1976   0.00   0.00     0.00
  MONTH TO DATE    T                         0.02  -0.02      T
  SINCE OCT 1     16.45                     12.65   3.80    13.47
  SINCE JAN 1     12.45                      8.74   3.71     8.57

DEGREE DAYS
 HEATING
  TODAY            0                         2     -2        3
  MONTH TO DATE    9                        34    -25       44
  SINCE JUN 1    151                       225    -74      212
  SINCE JUL 1     81                       112    -31      136

 COOLING
  TODAY            1                         1      0        0
  MONTH TO DATE   26                        14     12        0
  SINCE JUN 1     45                        44      1        8
  SINCE JAN 1     63                        60      3       31
..................................................................


WIND (MPH)
  RESULTANT WIND SPEED   4   RESULTANT WIND DIRECTION  NW (300)
  HIGHEST WIND SPEED    16   HIGHEST WIND DIRECTION    NW (300)
  HIGHEST GUST SPEED    20   HIGHEST GUST DIRECTION     W (290)
  AVERAGE WIND SPEED     6.2


SKY COVER
  POSSIBLE SUNSHINE  MM
  AVERAGE SKY COVER 0.6


WEATHER CONDITIONS
 THE FOLLOWING WEATHER WAS RECORDED TODAY.
  NO SIGNIFICANT WEATHER WAS OBSERVED.


RELATIVE HUMIDITY (PERCENT)
 HIGHEST    84           100 AM
 LOWEST     61           200 PM
 AVERAGE    73

..........................................................


THE SALINAS AIRPORT CLIMATE NORMALS FOR TOMORROW
                         NORMAL    RECORD    YEAR
 MAXIMUM TEMPERATURE (F)   72        84      1934
 MINIMUM TEMPERATURE (F)   56        42      1934


SUNRISE AND SUNSET
AUGUST 17 2017........SUNRISE   626 AM PDT   SUNSET   754 PM PDT
AUGUST 18 2017........SUNRISE   627 AM PDT   SUNSET   753 PM PDT


-  INDICATES NEGATIVE NUMBERS.
R  INDICATES RECORD WAS SET OR TIED.
MM INDICATES DATA IS MISSING.
T  INDICATES TRACE AMOUNT.




$$
