000
CDUS46 KMTR 250035
CLISNS


CLIMATE REPORT
NATIONAL WEATHER SERVICE SAN FRANCISCO BAY AREA
535 PM PDT SUN JUL 24 2016


...................................

...THE SALINAS AIRPORT CLIMATE SUMMARY FOR JULY 24 2016...
VALID TODAY AS OF 0500 PM LOCAL TIME.

CLIMATE NORMAL PERIOD 1981 TO 2010
CLIMATE RECORD PERIOD 1930 TO 2016


WEATHER ITEM   OBSERVED TIME   RECORD YEAR NORMAL DEPARTURE LAST
                VALUE   (LST)  VALUE       VALUE  FROM      YEAR
                                                  NORMAL
..................................................................
TEMPERATURE (F)
 TODAY
  MAXIMUM         70   1036 AM  85    2006  71     -1       75
  MINIMUM         52    454 AM  46    1936  55     -3       58
  AVERAGE         61                        63     -2       67

PRECIPITATION (IN)
  TODAY            0.00          T    2009   0.00   0.00     0.00
  MONTH TO DATE    T                         0.00   0.00     0.01
  SINCE OCT 1     13.47                     12.63   0.84     9.82
  SINCE JAN 1      8.57                      8.72  -0.15     1.83

DEGREE DAYS
 HEATING
  TODAY            4                         2      2        0
  MONTH TO DATE   73                        68      5        2
  SINCE JUN 1    149                       181    -32       83
  SINCE JUL 1     73                        68      5        2

 COOLING
  TODAY            0                         1     -1        2
  MONTH TO DATE    0                        24    -24       45
  SINCE JUN 1      8                        36    -28       57
  SINCE JAN 1     31                        52    -21       88
..................................................................


WIND (MPH)
  RESULTANT WIND SPEED   7   RESULTANT WIND DIRECTION   W (280)
  HIGHEST WIND SPEED    18   HIGHEST WIND DIRECTION     W (290)
  HIGHEST GUST SPEED    23   HIGHEST GUST DIRECTION     W (290)
  AVERAGE WIND SPEED     7.6


SKY COVER
  POSSIBLE SUNSHINE  MM
  AVERAGE SKY COVER 0.5


WEATHER CONDITIONS
 THE FOLLOWING WEATHER WAS RECORDED TODAY.
  FOG


RELATIVE HUMIDITY (PERCENT)
 HIGHEST    93           400 AM
 LOWEST     58           200 PM
 AVERAGE    76

..........................................................


THE SALINAS AIRPORT CLIMATE NORMALS FOR TOMORROW
                         NORMAL    RECORD    YEAR
 MAXIMUM TEMPERATURE (F)   71        87      1973
 MINIMUM TEMPERATURE (F)   56        42      1936


SUNRISE AND SUNSET
JULY 24 2016..........SUNRISE   507 AM PST   SUNSET   719 PM PST
JULY 25 2016..........SUNRISE   507 AM PST   SUNSET   718 PM PST


-  INDICATES NEGATIVE NUMBERS.
R  INDICATES RECORD WAS SET OR TIED.
MM INDICATES DATA IS MISSING.
T  INDICATES TRACE AMOUNT.




$$
