892
CDUS46 KMTR 180826
CLISNS


CLIMATE REPORT
NATIONAL WEATHER SERVICE SAN FRANCISCO BAY AREA
1226 AM PST SUN FEB 18 2018


...................................

...THE SALINAS AIRPORT CLIMATE SUMMARY FOR FEBRUARY 17 2018...

CLIMATE NORMAL PERIOD 1981 TO 2010
CLIMATE RECORD PERIOD 1930 TO 2018


WEATHER ITEM   OBSERVED TIME   RECORD YEAR NORMAL DEPARTURE LAST
                VALUE   (LST)  VALUE       VALUE  FROM      YEAR
                                                  NORMAL
..................................................................
TEMPERATURE (F)
 YESTERDAY
  MAXIMUM         73    230 PM  79    2007  63     10       57
  MINIMUM         38    700 AM  30    1956  43     -5       52
  AVERAGE         56                        53      3       55

PRECIPITATION (IN)
  YESTERDAY        0.00          0.91 2017   0.09  -0.09     0.91
  MONTH TO DATE    T                         1.51  -1.51     2.57
  SINCE OCT 1      2.51                      8.02  -5.51    12.43
  SINCE JAN 1      1.73                      4.11  -2.38     8.43

DEGREE DAYS
 HEATING
  YESTERDAY        9                        12     -3       10
  MONTH TO DATE  112                       210    -98      135
  SINCE DEC 1    742                      1070   -328     1026
  SINCE JUL 1   1178                      1688   -510     1596

 COOLING
  YESTERDAY        0                         0      0        0
  MONTH TO DATE    0                         0      0        0
  SINCE DEC 1      0                         0      0        0
  SINCE JAN 1      0                         0      0        0
..................................................................


WIND (MPH)
  RESULTANT WIND SPEED   1   RESULTANT WIND DIRECTION   E (70)
  HIGHEST WIND SPEED    18   HIGHEST WIND DIRECTION     E (110)
  HIGHEST GUST SPEED    21   HIGHEST GUST DIRECTION     E (110)
  AVERAGE WIND SPEED     7.7


SKY COVER
  POSSIBLE SUNSHINE  MM
  AVERAGE SKY COVER 0.0


WEATHER CONDITIONS
 THE FOLLOWING WEATHER WAS RECORDED YESTERDAY.
  NO SIGNIFICANT WEATHER WAS OBSERVED.


RELATIVE HUMIDITY (PERCENT)
 HIGHEST    89          1100 PM
 LOWEST     18           100 PM
 AVERAGE    54

..........................................................


THE SALINAS AIRPORT CLIMATE NORMALS FOR TODAY
                         NORMAL    RECORD    YEAR
 MAXIMUM TEMPERATURE (F)   63        79      1935
 MINIMUM TEMPERATURE (F)   44        30      1933


SUNRISE AND SUNSET
FEBRUARY 18 2018......SUNRISE   651 AM PST   SUNSET   550 PM PST
FEBRUARY 19 2018......SUNRISE   650 AM PST   SUNSET   551 PM PST


-  INDICATES NEGATIVE NUMBERS.
R  INDICATES RECORD WAS SET OR TIED.
MM INDICATES DATA IS MISSING.
T  INDICATES TRACE AMOUNT.




$$
