000
CDUS46 KMTR 180038
CLISNS


CLIMATE REPORT
NATIONAL WEATHER SERVICE SAN FRANCISCO BAY AREA
537 PM PDT TUE OCT 17 2017


...................................

...THE SALINAS AIRPORT CLIMATE SUMMARY FOR OCTOBER 17 2017...
VALID TODAY AS OF 0500 PM LOCAL TIME.

CLIMATE NORMAL PERIOD 1981 TO 2010
CLIMATE RECORD PERIOD 1930 TO 2017


WEATHER ITEM   OBSERVED TIME   RECORD YEAR NORMAL DEPARTURE LAST
                VALUE   (LST)  VALUE       VALUE  FROM      YEAR
                                                  NORMAL
..................................................................
TEMPERATURE (F)
 TODAY
  MAXIMUM         78   1212 PM  99    1933  73      5       69
  MINIMUM         52    311 AM  37    1938  50      2       55
  AVERAGE         65                        61      4       62

PRECIPITATION (IN)
  TODAY            0.00          0.61 2004   0.02  -0.02      T
  MONTH TO DATE    T                         0.25  -0.25     0.16
  SINCE OCT 1      T                         0.25  -0.25     0.16
  SINCE JAN 1     12.49                      9.17   3.32     8.73

DEGREE DAYS
 HEATING
  TODAY            0                         4     -4        3
  MONTH TO DATE   54                        61     -7       64
  SINCE SEP 1     84                       121    -37      142
  SINCE JUL 1    175                       256    -81      290

 COOLING
  TODAY            0                         1     -1        0
  MONTH TO DATE   17                        17      0       18
  SINCE SEP 1    162                        53    109       68
  SINCE JAN 1    230                       122    108      101
..................................................................


WIND (MPH)
  RESULTANT WIND SPEED   1   RESULTANT WIND DIRECTION   E (100)
  HIGHEST WIND SPEED    13   HIGHEST WIND DIRECTION     W (270)
  HIGHEST GUST SPEED    15   HIGHEST GUST DIRECTION     W (270)
  AVERAGE WIND SPEED     6.5


SKY COVER
  POSSIBLE SUNSHINE  MM
  AVERAGE SKY COVER 0.0


WEATHER CONDITIONS
 THE FOLLOWING WEATHER WAS RECORDED TODAY.
  HAZE


RELATIVE HUMIDITY (PERCENT)
 HIGHEST    55          1200 AM
 LOWEST     23          1200 PM
 AVERAGE    39

..........................................................


THE SALINAS AIRPORT CLIMATE NORMALS FOR TOMORROW
                         NORMAL    RECORD    YEAR
 MAXIMUM TEMPERATURE (F)   73       100      1933
 MINIMUM TEMPERATURE (F)   49        37      1949


SUNRISE AND SUNSET
OCTOBER 17 2017.......SUNRISE   716 AM PDT   SUNSET   627 PM PDT
OCTOBER 18 2017.......SUNRISE   717 AM PDT   SUNSET   626 PM PDT


-  INDICATES NEGATIVE NUMBERS.
R  INDICATES RECORD WAS SET OR TIED.
MM INDICATES DATA IS MISSING.
T  INDICATES TRACE AMOUNT.




$$
