000
CDUS45 KPIH 300733
CLISNT


CLIMATE REPORT
NATIONAL WEATHER SERVICE POCATELLO ID
131 AM MDT SUN APR 30 2017


...................................

...THE STANLEY ID CLIMATE SUMMARY FOR APRIL 29 2017...

CLIMATE NORMAL PERIOD 1981 TO 2010
CLIMATE RECORD PERIOD 1916 TO 2017


WEATHER ITEM   OBSERVED TIME   RECORD YEAR NORMAL DEPARTURE LAST
                VALUE   (LST)  VALUE       VALUE  FROM      YEAR
                                                  NORMAL
..................................................................
TEMPERATURE (F)
 YESTERDAY
  MAXIMUM         50    433 PM  77    1987  52     -2       52
  MINIMUM         16    603 AM   5    2011  23     -7       31
  AVERAGE         33                        38     -5       42

PRECIPITATION (IN)
  YESTERDAY        0.00          0.40 1995   0.05  -0.05     0.04
  MONTH TO DATE    2.06                      1.67   0.39     1.22
  SINCE OCT 1     25.52                     11.64  13.88    15.42
  SINCE JAN 1     14.19                      6.79   7.40     7.85

SNOWFALL (IN)
  YESTERDAY       MM
  MONTH TO DATE   MM
  SINCE MAR 1     MM
  SINCE JUL 1     MM
  SNOW DEPTH      MM

DEGREE DAYS
 HEATING
  YESTERDAY       32                        27      5       23
  MONTH TO DATE  921                       916      5      715
  SINCE MAR 1   1926                      2100   -174     1791
  SINCE JUL 1   9183                      9634   -451     8741

 COOLING
  YESTERDAY        0                         0      0        0
  MONTH TO DATE    0                         0      0        0
  SINCE MAR 1      0                         0      0        0
  SINCE JAN 1      0                         0      0        0
..................................................................


WIND (MPH)
  HIGHEST WIND SPEED    12   HIGHEST WIND DIRECTION     N (350)
  HIGHEST GUST SPEED    15   HIGHEST GUST DIRECTION     N (360)
  AVERAGE WIND SPEED     3.5


SKY COVER
  POSSIBLE SUNSHINE  MM
  AVERAGE SKY COVER 0.0


WEATHER CONDITIONS
 THE FOLLOWING WEATHER WAS RECORDED YESTERDAY.
  NO SIGNIFICANT WEATHER WAS OBSERVED.


RELATIVE HUMIDITY (PERCENT)
 HIGHEST    92           500 AM
 LOWEST     19           200 PM
 AVERAGE    56

..........................................................


THE STANLEY ID CLIMATE NORMALS FOR TODAY
                         NORMAL    RECORD    YEAR
 MAXIMUM TEMPERATURE (F)   53        75      1992
 MINIMUM TEMPERATURE (F)   24         9      2011
                                             1982


SUNRISE AND SUNSET
APRIL 30 2017.........SUNRISE   632 AM MDT   SUNSET   843 PM MDT
MAY  1 2017...........SUNRISE   630 AM MDT   SUNSET   844 PM MDT


-  INDICATES NEGATIVE NUMBERS.
R  INDICATES RECORD WAS SET OR TIED.
MM INDICATES DATA IS MISSING.
T  INDICATES TRACE AMOUNT.




$$
