000
CDUS45 KPIH 300738
CLISNT


CLIMATE REPORT
NATIONAL WEATHER SERVICE POCATELLO ID
137 AM MDT THU JUL 30 2015


...................................

...THE STANLEY ID CLIMATE SUMMARY FOR JULY 29 2015...

CLIMATE NORMAL PERIOD 1981 TO 2010
CLIMATE RECORD PERIOD 1916 TO 2015


WEATHER ITEM   OBSERVED TIME   RECORD YEAR NORMAL DEPARTURE LAST
                VALUE   (LST)  VALUE       VALUE  FROM      YEAR
                                                  NORMAL
..................................................................
TEMPERATURE (F)
 YESTERDAY
  MAXIMUM         79    431 PM  91    1968  80     -1       84
  MINIMUM         30    557 AM  26    1926  38     -8       40
  AVERAGE         55                        59     -4       62

PRECIPITATION (IN)
  YESTERDAY        0.00          0.57 1978   0.02  -0.02     0.00
  MONTH TO DATE    1.14                      0.65   0.49     0.19
  SINCE OCT 1     16.66                     15.42   1.24    17.06
  SINCE JAN 1      9.95                     10.57  -0.62    13.45

SNOWFALL (IN)
  YESTERDAY       MM
  MONTH TO DATE   MM
  SINCE JUN 1     MM
  SINCE JUL 1     MM
  SNOW DEPTH      MM

DEGREE DAYS
 HEATING
  YESTERDAY       10                         6      4        3
  MONTH TO DATE  206                       227    -21      110
  SINCE JUN 1    440                       681   -241      580
  SINCE JUL 1    206                       227    -21      110

 COOLING
  YESTERDAY        0                         0      0        0
  MONTH TO DATE    1                         0      1       11
  SINCE JUN 1     18                         0     18       11
  SINCE JAN 1     18                         0     18       11
..................................................................


WIND (MPH)
  HIGHEST WIND SPEED    12   HIGHEST WIND DIRECTION    NW (310)
  HIGHEST GUST SPEED    20   HIGHEST GUST DIRECTION     N (350)
  AVERAGE WIND SPEED     3.7


SKY COVER
  POSSIBLE SUNSHINE  MM
  AVERAGE SKY COVER 0.0


WEATHER CONDITIONS
 THE FOLLOWING WEATHER WAS RECORDED YESTERDAY.
  NO SIGNIFICANT WEATHER WAS OBSERVED.


RELATIVE HUMIDITY (PERCENT)
 HIGHEST    92           500 AM
 LOWEST     16           400 PM
 AVERAGE    54

..........................................................


THE STANLEY ID CLIMATE NORMALS FOR TODAY
                         NORMAL    RECORD    YEAR
 MAXIMUM TEMPERATURE (F)   80        92      2000
 MINIMUM TEMPERATURE (F)   38        26      1963
                                             1916


SUNRISE AND SUNSET
JULY 30 2015..........SUNRISE   625 AM MDT   SUNSET   907 PM MDT
JULY 31 2015..........SUNRISE   626 AM MDT   SUNSET   905 PM MDT


-  INDICATES NEGATIVE NUMBERS.
R  INDICATES RECORD WAS SET OR TIED.
MM INDICATES DATA IS MISSING.
T  INDICATES TRACE AMOUNT.




$$
