000
CDUS45 KPIH 180731
CLISNT


CLIMATE REPORT
NATIONAL WEATHER SERVICE POCATELLO ID
130 AM MDT FRI APR 18 2014


...................................

...THE STANLEY ID CLIMATE SUMMARY FOR APRIL 17 2014...

CLIMATE NORMAL PERIOD 1981 TO 2010
CLIMATE RECORD PERIOD 1916 TO 2014


WEATHER ITEM   OBSERVED TIME   RECORD YEAR NORMAL DEPARTURE LAST
                VALUE   (LST)  VALUE       VALUE  FROM      YEAR
                                                  NORMAL
..................................................................
TEMPERATURE (F)
 YESTERDAY
  MAXIMUM         52    520 PM  70    1994  48      4       37
  MINIMUM         17    615 AM  -2    1922  20     -3        8
  AVERAGE         35                        34      1       23

PRECIPITATION (IN)
  YESTERDAY        0.09          0.44 1992   0.05   0.04     0.00
  MONTH TO DATE    1.17                      0.98   0.19     1.38
  SINCE OCT 1     14.31                     10.95   3.36    12.40
  SINCE JAN 1     10.70                      6.10   4.60     4.21

SNOWFALL (IN)
  YESTERDAY       MM
  MONTH TO DATE   MM
  SINCE MAR 1     MM
  SINCE JUL 1     MM
  SNOW DEPTH      MM

DEGREE DAYS
 HEATING
  YESTERDAY       30                        31     -1       42
  MONTH TO DATE  561                       566     -5      549
  SINCE MAR 1   1708                      1750    -42     1748
  SINCE JUL 1   8876                      9284   -408     8833

 COOLING
  YESTERDAY        0                         0      0        0
  MONTH TO DATE    0                         0      0        0
  SINCE MAR 1      0                         0      0        0
  SINCE JAN 1      0                         0      0        0
..................................................................


WIND (MPH)
  HIGHEST WIND SPEED    15   HIGHEST WIND DIRECTION     S (160)
  HIGHEST GUST SPEED    22   HIGHEST GUST DIRECTION    SE (150)
  AVERAGE WIND SPEED     4.1


SKY COVER
  POSSIBLE SUNSHINE  MM
  AVERAGE SKY COVER 0.0


WEATHER CONDITIONS
 THE FOLLOWING WEATHER WAS RECORDED YESTERDAY.
  NO SIGNIFICANT WEATHER WAS OBSERVED.


RELATIVE HUMIDITY (PERCENT)
 HIGHEST    92          1100 PM
 LOWEST     35           200 PM
 AVERAGE    64

..........................................................


THE STANLEY ID CLIMATE NORMALS FOR TODAY
                         NORMAL    RECORD    YEAR
 MAXIMUM TEMPERATURE (F)   48        73      1994
 MINIMUM TEMPERATURE (F)   20         1      1970


SUNRISE AND SUNSET
APRIL 18 2014.........SUNRISE   651 AM MDT   SUNSET   828 PM MDT
APRIL 19 2014.........SUNRISE   649 AM MDT   SUNSET   829 PM MDT


-  INDICATES NEGATIVE NUMBERS.
R  INDICATES RECORD WAS SET OR TIED.
MM INDICATES DATA IS MISSING.
T  INDICATES TRACE AMOUNT.




$$
