000
CDUS45 KPIH 222322
CLISNT


CLIMATE REPORT
NATIONAL WEATHER SERVICE POCATELLO ID
421 PM MST MON DEC 22 2014


...................................

...THE STANLEY ID CLIMATE SUMMARY FOR DECEMBER 22 2014...
VALID TODAY AS OF 0400 PM LOCAL TIME.

CLIMATE NORMAL PERIOD 1981 TO 2010
CLIMATE RECORD PERIOD 1916 TO 2014


WEATHER ITEM   OBSERVED TIME   RECORD YEAR NORMAL DEPARTURE LAST
                VALUE   (LST)  VALUE       VALUE  FROM      YEAR
                                                  NORMAL
..................................................................
TEMPERATURE (F)
 TODAY
  MAXIMUM         33    231 PM  46    1964  25      8       31
  MINIMUM         29    359 PM -46    1990   3     26       11
  AVERAGE         31                        14     17       21

PRECIPITATION (IN)
  TODAY            0.02          2.00 1964   0.04  -0.02     0.00
  MONTH TO DATE    1.90                      0.88   1.02     1.36
  SINCE OCT 1      6.09                      4.46   1.63     3.45
  SINCE JAN 1     22.00                     16.67   5.33    13.95

SNOWFALL (IN)
  TODAY           MM
  MONTH TO DATE   MM
  SINCE DEC 1     MM
  SINCE JUL 1     MM
  SNOW DEPTH      MM

DEGREE DAYS
 HEATING
  TODAY           34                        51    -17       44
  MONTH TO DATE  833                      1104   -271     1198
  SINCE DEC 1    833                      1104   -271     1198
  SINCE JUL 1   3426                      4201   -775     3987

 COOLING
  TODAY            0                         0      0        0
  MONTH TO DATE    0                         0      0        0
  SINCE DEC 1      0                         0      0        0
  SINCE JAN 1     16                         3     13       19
..................................................................


WIND (MPH)
  HIGHEST WIND SPEED    21   HIGHEST WIND DIRECTION    NW (320)
  HIGHEST GUST SPEED    31   HIGHEST GUST DIRECTION    NW (300)
  AVERAGE WIND SPEED     8.7


SKY COVER
  POSSIBLE SUNSHINE  MM
  AVERAGE SKY COVER 0.0


WEATHER CONDITIONS
 THE FOLLOWING WEATHER WAS RECORDED TODAY.
  NO SIGNIFICANT WEATHER WAS OBSERVED.


RELATIVE HUMIDITY (PERCENT)
 HIGHEST    92           400 AM
 LOWEST     45           200 PM
 AVERAGE    69

..........................................................


THE STANLEY ID CLIMATE NORMALS FOR TOMORROW
                         NORMAL    RECORD    YEAR
 MAXIMUM TEMPERATURE (F)   25        45      1964
 MINIMUM TEMPERATURE (F)    3       -54      1983


SUNRISE AND SUNSET
DECEMBER 22 2014......SUNRISE   812 AM MST   SUNSET   504 PM MST
DECEMBER 23 2014......SUNRISE   813 AM MST   SUNSET   505 PM MST


-  INDICATES NEGATIVE NUMBERS.
R  INDICATES RECORD WAS SET OR TIED.
MM INDICATES DATA IS MISSING.
T  INDICATES TRACE AMOUNT.




$$
