000
CDUS45 KPIH 180737
CLISNT


CLIMATE REPORT
NATIONAL WEATHER SERVICE POCATELLO ID
1234 AM MST MON DEC 18 2017


...................................

...THE STANLEY ID CLIMATE SUMMARY FOR DECEMBER 17 2017...

CLIMATE NORMAL PERIOD 1981 TO 2010
CLIMATE RECORD PERIOD 1916 TO 2017


WEATHER ITEM   OBSERVED TIME   RECORD YEAR NORMAL DEPARTURE LAST
                VALUE   (LST)  VALUE       VALUE  FROM      YEAR
                                                  NORMAL
..................................................................
TEMPERATURE (F)
 YESTERDAY
  MAXIMUM         25    952 PM  44    1974  24      1        1
  MINIMUM         -5    609 AM -43    1964   3     -8      -25
  AVERAGE         10                        14     -4      -12

PRECIPITATION (IN)
  YESTERDAY        0.00          0.39 2012   0.05  -0.05     0.00
  MONTH TO DATE    0.48                      0.66  -0.18     4.07
  SINCE OCT 1      7.38                      4.24   3.14     9.53
  SINCE JAN 1     27.43                     16.45  10.98    20.52

SNOWFALL (IN)
  YESTERDAY       MM
  MONTH TO DATE   MM
  SINCE DEC 1     MM
  SINCE JUL 1     MM
  SNOW DEPTH      MM

DEGREE DAYS
 HEATING
  YESTERDAY       55                        51      4       77
  MONTH TO DATE  851                       849      2      927
  SINCE DEC 1    851                       849      2      927
  SINCE JUL 1   3492                      3946   -454     3544

 COOLING
  YESTERDAY        0                         0      0        0
  MONTH TO DATE    0                         0      0        0
  SINCE DEC 1      0                         0      0        0
  SINCE JAN 1     25                         3     22        4
..................................................................


WIND (MPH)
  HIGHEST WIND SPEED     7   HIGHEST WIND DIRECTION     N (10)
  HIGHEST GUST SPEED     8   HIGHEST GUST DIRECTION     N (360)
  AVERAGE WIND SPEED     0.9


SKY COVER
  POSSIBLE SUNSHINE  MM
  AVERAGE SKY COVER 0.0


WEATHER CONDITIONS
 THE FOLLOWING WEATHER WAS RECORDED YESTERDAY.
  NO SIGNIFICANT WEATHER WAS OBSERVED.


RELATIVE HUMIDITY (PERCENT)
 HIGHEST    91          1200 AM
 LOWEST     62           200 PM
 AVERAGE    77

..........................................................


THE STANLEY ID CLIMATE NORMALS FOR TODAY
                         NORMAL    RECORD    YEAR
 MAXIMUM TEMPERATURE (F)   25        41      1994
 MINIMUM TEMPERATURE (F)    3       -36      1984


SUNRISE AND SUNSET
DECEMBER 18 2017......SUNRISE   810 AM MST   SUNSET   503 PM MST
DECEMBER 19 2017......SUNRISE   811 AM MST   SUNSET   503 PM MST


-  INDICATES NEGATIVE NUMBERS.
R  INDICATES RECORD WAS SET OR TIED.
MM INDICATES DATA IS MISSING.
T  INDICATES TRACE AMOUNT.




$$
