000
CDUS45 KPIH 272326
CLISNT


CLIMATE REPORT
NATIONAL WEATHER SERVICE POCATELLO ID
425 PM MST MON FEB 27 2017


...................................

...THE STANLEY ID CLIMATE SUMMARY FOR FEBRUARY 27 2017...
VALID TODAY AS OF 0400 PM LOCAL TIME.

CLIMATE NORMAL PERIOD 1981 TO 2010
CLIMATE RECORD PERIOD 1916 TO 2017


WEATHER ITEM   OBSERVED TIME   RECORD YEAR NORMAL DEPARTURE LAST
                VALUE   (LST)  VALUE       VALUE  FROM      YEAR
                                                  NORMAL
..................................................................
TEMPERATURE (F)
 TODAY
  MAXIMUM         26    205 PM  54    2001  37    -11       42
  MINIMUM          3    449 AM -27    1993   7     -4       27
  AVERAGE         15                        22     -7       35

PRECIPITATION (IN)
  TODAY            0.03          0.36 2006   0.07  -0.04     0.03
  MONTH TO DATE    6.77                      1.72   5.05     1.06
  SINCE OCT 1     18.36                      8.09  10.27    11.08
  SINCE JAN 1      7.03                      3.24   3.79     3.51

SNOWFALL (IN)
  TODAY           MM
  MONTH TO DATE   MM
  SINCE DEC 1     MM
  SINCE JUL 1     MM
  SNOW DEPTH      MM

DEGREE DAYS
 HEATING
  TODAY           50                        43      7       30
  MONTH TO DATE 1069                      1263   -194     1109
  SINCE DEC 1   4595                      4395    200     4102
  SINCE JUL 1   7212                      7492   -280     6874

 COOLING
  TODAY            0                         0      0        0
  MONTH TO DATE    0                         0      0        0
  SINCE DEC 1      0                         0      0        0
  SINCE JAN 1      0                         0      0        0
..................................................................


WIND (MPH)
  HIGHEST WIND SPEED    12   HIGHEST WIND DIRECTION    NW (330)
  HIGHEST GUST SPEED    18   HIGHEST GUST DIRECTION    NW (330)
  AVERAGE WIND SPEED     2.9


SKY COVER
  POSSIBLE SUNSHINE  MM
  AVERAGE SKY COVER 0.0


WEATHER CONDITIONS
 THE FOLLOWING WEATHER WAS RECORDED TODAY.
  NO SIGNIFICANT WEATHER WAS OBSERVED.


RELATIVE HUMIDITY (PERCENT)
 HIGHEST    91           100 AM
 LOWEST     50           200 PM
 AVERAGE    71

..........................................................


THE STANLEY ID CLIMATE NORMALS FOR TOMORROW
                         NORMAL    RECORD    YEAR
 MAXIMUM TEMPERATURE (F)   38        65      1923
 MINIMUM TEMPERATURE (F)    7       -34      1922


SUNRISE AND SUNSET
FEBRUARY 27 2017......SUNRISE   720 AM MST   SUNSET   626 PM MST
FEBRUARY 28 2017......SUNRISE   718 AM MST   SUNSET   627 PM MST


-  INDICATES NEGATIVE NUMBERS.
R  INDICATES RECORD WAS SET OR TIED.
MM INDICATES DATA IS MISSING.
T  INDICATES TRACE AMOUNT.




$$
