000
CDUS45 KPIH 012323
CLISNT


CLIMATE REPORT
NATIONAL WEATHER SERVICE POCATELLO ID
521 PM MDT FRI AUG 1 2014


...................................

...THE STANLEY ID CLIMATE SUMMARY FOR AUGUST 1 2014...
VALID TODAY AS OF 0500 PM LOCAL TIME.

CLIMATE NORMAL PERIOD 1981 TO 2010
CLIMATE RECORD PERIOD 1916 TO 2014


WEATHER ITEM   OBSERVED TIME   RECORD YEAR NORMAL DEPARTURE LAST
                VALUE   (LST)  VALUE       VALUE  FROM      YEAR
                                                  NORMAL
..................................................................
TEMPERATURE (F)
 TODAY
  MAXIMUM         83    356 PM  90    2000  80      3       79
  MINIMUM         43    530 AM  22    1923  38      5       40
  AVERAGE         63                        59      4       60

PRECIPITATION (IN)
  TODAY            0.00          0.18 1976   0.02  -0.02     0.04
  MONTH TO DATE    0.00                      0.02  -0.02     0.04
  SINCE OCT 1     17.23                     15.48   1.75    14.46
  SINCE JAN 1     13.62                     10.63   2.99     6.27

SNOWFALL (IN)
  TODAY           MM
  MONTH TO DATE   MM
  SINCE JUN 1     MM
  SINCE JUL 1     MM
  SNOW DEPTH      MM

DEGREE DAYS
 HEATING
  TODAY            2                         6     -4        5
  MONTH TO DATE    2                         6     -4        5
  SINCE JUN 1    584                       701   -117      517
  SINCE JUL 1    114                       247   -133      148

 COOLING
  TODAY            0                         0      0        0
  MONTH TO DATE    0                         0      0        0
  SINCE JUN 1     12                         3      9       19
  SINCE JAN 1     12                         3      9       19
..................................................................


WIND (MPH)
  HIGHEST WIND SPEED    13   HIGHEST WIND DIRECTION    SW (220)
  HIGHEST GUST SPEED    17   HIGHEST GUST DIRECTION    SW (220)
  AVERAGE WIND SPEED     3.4


SKY COVER
  POSSIBLE SUNSHINE  MM
  AVERAGE SKY COVER 0.0


WEATHER CONDITIONS
 THE FOLLOWING WEATHER WAS RECORDED TODAY.
  NO SIGNIFICANT WEATHER WAS OBSERVED.


RELATIVE HUMIDITY (PERCENT)
 HIGHEST    92           500 AM
 LOWEST     17           200 PM
 AVERAGE    55

..........................................................


THE STANLEY ID CLIMATE NORMALS FOR TOMORROW
                         NORMAL    RECORD    YEAR
 MAXIMUM TEMPERATURE (F)   80        89      1992
 MINIMUM TEMPERATURE (F)   38        21      1988
                                             1923


SUNRISE AND SUNSET
AUGUST  1 2014........SUNRISE   627 AM MDT   SUNSET   904 PM MDT
AUGUST  2 2014........SUNRISE   629 AM MDT   SUNSET   903 PM MDT


-  INDICATES NEGATIVE NUMBERS.
R  INDICATES RECORD WAS SET OR TIED.
MM INDICATES DATA IS MISSING.
T  INDICATES TRACE AMOUNT.




$$
