000
CDUS45 KPIH 270732
CLISNT


CLIMATE REPORT
NATIONAL WEATHER SERVICE POCATELLO ID
130 AM MDT TUE JUN 27 2017


...................................

...THE STANLEY ID CLIMATE SUMMARY FOR JUNE 26 2017...

CLIMATE NORMAL PERIOD 1981 TO 2010
CLIMATE RECORD PERIOD 1916 TO 2017


WEATHER ITEM   OBSERVED TIME   RECORD YEAR NORMAL DEPARTURE LAST
                VALUE   (LST)  VALUE       VALUE  FROM      YEAR
                                                  NORMAL
..................................................................
TEMPERATURE (F)
 YESTERDAY
  MAXIMUM         87    307 PM  91    1988  71     16       80
  MINIMUM         38    458 AM  15    1976  34      4       27
  AVERAGE         63                        52     11       54

PRECIPITATION (IN)
  YESTERDAY        0.03          1.01 1971   0.04  -0.01     0.00
  MONTH TO DATE    0.85                      1.23  -0.38     0.38
  SINCE OCT 1     27.54                     14.61  12.93    16.97
  SINCE JAN 1     16.21                      9.76   6.45     9.40

SNOWFALL (IN)
  YESTERDAY       MM
  MONTH TO DATE   MM
  SINCE JUN 1     MM
  SINCE JUL 1     MM
  SNOW DEPTH      MM

DEGREE DAYS
 HEATING
  YESTERDAY        2                        13    -11       11
  MONTH TO DATE  304                       407   -103      297
  SINCE JUN 1    304                       407   -103      297
  SINCE JUL 1  10107                     10749   -642     9674

 COOLING
  YESTERDAY        0                         0      0        0
  MONTH TO DATE    2                         0      2        0
  SINCE JUN 1      2                         0      2        0
  SINCE JAN 1      2                         0      2        0
..................................................................


WIND (MPH)
  HIGHEST WIND SPEED    24   HIGHEST WIND DIRECTION     S (200)
  HIGHEST GUST SPEED    36   HIGHEST GUST DIRECTION    SW (210)
  AVERAGE WIND SPEED     4.7


SKY COVER
  POSSIBLE SUNSHINE  MM
  AVERAGE SKY COVER 0.0


WEATHER CONDITIONS
 THE FOLLOWING WEATHER WAS RECORDED YESTERDAY.
  NO SIGNIFICANT WEATHER WAS OBSERVED.


RELATIVE HUMIDITY (PERCENT)
 HIGHEST    85           400 AM
 LOWEST     13           300 PM
 AVERAGE    49

..........................................................


THE STANLEY ID CLIMATE NORMALS FOR TODAY
                         NORMAL    RECORD    YEAR
 MAXIMUM TEMPERATURE (F)   71        91      2015
 MINIMUM TEMPERATURE (F)   34        21      2012


SUNRISE AND SUNSET
JUNE 27 2017..........SUNRISE   558 AM MDT   SUNSET   927 PM MDT
JUNE 28 2017..........SUNRISE   559 AM MDT   SUNSET   927 PM MDT


-  INDICATES NEGATIVE NUMBERS.
R  INDICATES RECORD WAS SET OR TIED.
MM INDICATES DATA IS MISSING.
T  INDICATES TRACE AMOUNT.




$$
