000
CDUS45 KPIH 050740
CLISNT


CLIMATE REPORT
NATIONAL WEATHER SERVICE POCATELLO ID
130 AM MDT SAT SEP 5 2015


...................................

...THE STANLEY ID CLIMATE SUMMARY FOR SEPTEMBER 4 2015...

CLIMATE NORMAL PERIOD 1981 TO 2010
CLIMATE RECORD PERIOD 1916 TO 2015


WEATHER ITEM   OBSERVED TIME   RECORD YEAR NORMAL DEPARTURE LAST
                VALUE   (LST)  VALUE       VALUE  FROM      YEAR
                                                  NORMAL
..................................................................
TEMPERATURE (F)
 YESTERDAY
  MAXIMUM         60    508 PM  89    1988  71    -11       67
  MINIMUM         36    719 AM  20    1989  30      6       22
  AVERAGE         48                        51     -3       45

PRECIPITATION (IN)
  YESTERDAY        0.84R         0.10 1997   0.04   0.80     0.00
  MONTH TO DATE    0.84                      0.14   0.70     0.00
  SINCE OCT 1     18.07                     16.28   1.79    18.32
  SINCE JAN 1     11.36                     11.43  -0.07    14.71

SNOWFALL (IN)
  YESTERDAY       MM
  MONTH TO DATE   MM
  SINCE SEP 1     MM
  SINCE JUL 1     MM
  SNOW DEPTH      MM

DEGREE DAYS
 HEATING
  YESTERDAY       17                        14      3       20
  MONTH TO DATE   48                        55     -7       71
  SINCE SEP 1     48                        55     -7       71
  SINCE JUL 1    463                       575   -112      410

 COOLING
  YESTERDAY        0                         0      0        0
  MONTH TO DATE    0                         0      0        0
  SINCE SEP 1      0                         0      0        0
  SINCE JAN 1     25                         3     22       16
..................................................................


WIND (MPH)
  HIGHEST WIND SPEED    16   HIGHEST WIND DIRECTION    SE (140)
  HIGHEST GUST SPEED    26   HIGHEST GUST DIRECTION    SE (150)
  AVERAGE WIND SPEED     4.4


SKY COVER
  POSSIBLE SUNSHINE  MM
  AVERAGE SKY COVER 0.0


WEATHER CONDITIONS
 THE FOLLOWING WEATHER WAS RECORDED YESTERDAY.
  NO SIGNIFICANT WEATHER WAS OBSERVED.


RELATIVE HUMIDITY (PERCENT)
 HIGHEST    92           600 AM
 LOWEST     41           800 PM
 AVERAGE    67

..........................................................


THE STANLEY ID CLIMATE NORMALS FOR TODAY
                         NORMAL    RECORD    YEAR
 MAXIMUM TEMPERATURE (F)   71        88      1988
 MINIMUM TEMPERATURE (F)   30        16      1921


SUNRISE AND SUNSET
SEPTEMBER  5 2015.....SUNRISE   707 AM MDT   SUNSET   809 PM MDT
SEPTEMBER  6 2015.....SUNRISE   708 AM MDT   SUNSET   807 PM MDT


-  INDICATES NEGATIVE NUMBERS.
R  INDICATES RECORD WAS SET OR TIED.
MM INDICATES DATA IS MISSING.
T  INDICATES TRACE AMOUNT.




$$
