000
CDUS45 KPIH 260733
CLISNT


CLIMATE REPORT
NATIONAL WEATHER SERVICE POCATELLO ID
132 AM MDT THU MAR 26 2015


...................................

...THE STANLEY ID CLIMATE SUMMARY FOR MARCH 25 2015...

CLIMATE NORMAL PERIOD 1981 TO 2010
CLIMATE RECORD PERIOD 1916 TO 2015


WEATHER ITEM   OBSERVED TIME   RECORD YEAR NORMAL DEPARTURE LAST
                VALUE   (LST)  VALUE       VALUE  FROM      YEAR
                                                  NORMAL
..................................................................
TEMPERATURE (F)
 YESTERDAY
  MAXIMUM         43    252 PM  54    2012  43      0       53
  MINIMUM         10    705 AM -11    1923  15     -5       13
  AVERAGE         27                        29     -2       33

PRECIPITATION (IN)
  YESTERDAY        0.00          0.58 2006   0.06  -0.06     0.04
  MONTH TO DATE    0.96                      1.42  -0.46     2.02
  SINCE OCT 1     10.94                      9.58   1.36    12.17
  SINCE JAN 1      4.23                      4.73  -0.50     8.56

SNOWFALL (IN)
  YESTERDAY       MM
  MONTH TO DATE   MM
  SINCE MAR 1     MM
  SINCE JUL 1     MM
  SNOW DEPTH      MM

DEGREE DAYS
 HEATING
  YESTERDAY       38                        36      2       32
  MONTH TO DATE  796                       970   -174      925
  SINCE MAR 1    796                       970   -174      925
  SINCE JUL 1   7174                      8504  -1330     8093

 COOLING
  YESTERDAY        0                         0      0        0
  MONTH TO DATE    0                         0      0        0
  SINCE MAR 1      0                         0      0        0
  SINCE JAN 1      0                         0      0        0
..................................................................


WIND (MPH)
  HIGHEST WIND SPEED    12   HIGHEST WIND DIRECTION     N (350)
  HIGHEST GUST SPEED    16   HIGHEST GUST DIRECTION     N (360)
  AVERAGE WIND SPEED     3.4


SKY COVER
  POSSIBLE SUNSHINE  MM
  AVERAGE SKY COVER 0.0


WEATHER CONDITIONS
 THE FOLLOWING WEATHER WAS RECORDED YESTERDAY.
  NO SIGNIFICANT WEATHER WAS OBSERVED.


RELATIVE HUMIDITY (PERCENT)
 HIGHEST    84           200 AM
 LOWEST     38           200 PM
 AVERAGE    61

..........................................................


THE STANLEY ID CLIMATE NORMALS FOR TODAY
                         NORMAL    RECORD    YEAR
 MAXIMUM TEMPERATURE (F)   43        58      1978
 MINIMUM TEMPERATURE (F)   15       -28      1917


SUNRISE AND SUNSET
MARCH 26 2015.........SUNRISE   732 AM MDT   SUNSET   759 PM MDT
MARCH 27 2015.........SUNRISE   730 AM MDT   SUNSET   801 PM MDT


-  INDICATES NEGATIVE NUMBERS.
R  INDICATES RECORD WAS SET OR TIED.
MM INDICATES DATA IS MISSING.
T  INDICATES TRACE AMOUNT.




$$
