000
CDUS45 KPIH 192324
CLISNT


CLIMATE REPORT
NATIONAL WEATHER SERVICE POCATELLO ID
522 PM MDT SAT AUG 19 2017


...................................

...THE STANLEY ID CLIMATE SUMMARY FOR AUGUST 19 2017...
VALID TODAY AS OF 0500 PM LOCAL TIME.

CLIMATE NORMAL PERIOD 1981 TO 2010
CLIMATE RECORD PERIOD 1916 TO 2017


WEATHER ITEM   OBSERVED TIME   RECORD YEAR NORMAL DEPARTURE LAST
                VALUE   (LST)  VALUE       VALUE  FROM      YEAR
                                                  NORMAL
..................................................................
TEMPERATURE (F)
 TODAY
  MAXIMUM         81    247 PM  92    1969  77      4       83
  MINIMUM         34    631 AM  18    1920  34      0       37
  AVERAGE         58                        56      2       60

PRECIPITATION (IN)
  TODAY            0.00          0.53 1990   0.01  -0.01     0.00
  MONTH TO DATE    0.43                      0.36   0.07     0.02
  SINCE OCT 1     28.98                     15.82  13.16    17.15
  SINCE JAN 1     17.65                     10.97   6.68     9.58

SNOWFALL (IN)
  TODAY           MM
  MONTH TO DATE   MM
  SINCE JUN 1     MM
  SINCE JUL 1     MM
  SNOW DEPTH      MM

DEGREE DAYS
 HEATING
  TODAY            7                         9     -2        5
  MONTH TO DATE   91                       142    -51      131
  SINCE JUN 1    508                       837   -329      671
  SINCE JUL 1    164                       383   -219      367

 COOLING
  TODAY            0                         0      0        0
  MONTH TO DATE    0                         0      0        0
  SINCE JUN 1     21                         3     18        3
  SINCE JAN 1     21                         3     18        3
..................................................................


WIND (MPH)
  HIGHEST WIND SPEED    16   HIGHEST WIND DIRECTION     N (340)
  HIGHEST GUST SPEED    25   HIGHEST GUST DIRECTION     W (270)
  AVERAGE WIND SPEED     3.1


SKY COVER
  POSSIBLE SUNSHINE  MM
  AVERAGE SKY COVER 0.0


WEATHER CONDITIONS
 THE FOLLOWING WEATHER WAS RECORDED TODAY.
  NO SIGNIFICANT WEATHER WAS OBSERVED.


RELATIVE HUMIDITY (PERCENT)
 HIGHEST    70           600 AM
 LOWEST     15           300 PM
 AVERAGE    43

..........................................................


THE STANLEY ID CLIMATE NORMALS FOR TOMORROW
                         NORMAL    RECORD    YEAR
 MAXIMUM TEMPERATURE (F)   77        88      2009
                                             1992
 MINIMUM TEMPERATURE (F)   34        19      1928


SUNRISE AND SUNSET
AUGUST 19 2017........SUNRISE   648 AM MDT   SUNSET   837 PM MDT
AUGUST 20 2017........SUNRISE   649 AM MDT   SUNSET   836 PM MDT


-  INDICATES NEGATIVE NUMBERS.
R  INDICATES RECORD WAS SET OR TIED.
MM INDICATES DATA IS MISSING.
T  INDICATES TRACE AMOUNT.




$$
