000
CDUS45 KPIH 270731
CLISNT


CLIMATE REPORT
NATIONAL WEATHER SERVICE POCATELLO ID
1231 AM MST FRI FEB 27 2015


...................................

...THE STANLEY ID CLIMATE SUMMARY FOR FEBRUARY 26 2015...

CLIMATE NORMAL PERIOD 1981 TO 2010
CLIMATE RECORD PERIOD 1916 TO 2015


WEATHER ITEM   OBSERVED TIME   RECORD YEAR NORMAL DEPARTURE LAST
                VALUE   (LST)  VALUE       VALUE  FROM      YEAR
                                                  NORMAL
..................................................................
TEMPERATURE (F)
 YESTERDAY
  MAXIMUM         37    158 PM  50    2006  37      0       46
                                      1986
  MINIMUM         17    732 AM -23    1964   7     10       10
  AVERAGE         27                        22      5       28

PRECIPITATION (IN)
  YESTERDAY        0.03          0.47 2009   0.07  -0.04     0.00
  MONTH TO DATE    1.83                      1.65   0.18     4.46
  SINCE OCT 1      9.98                      8.02   1.96    10.03
  SINCE JAN 1      3.27                      3.17   0.10     6.42

SNOWFALL (IN)
  YESTERDAY       MM
  MONTH TO DATE   MM
  SINCE DEC 1     MM
  SINCE JUL 1     MM
  SNOW DEPTH      MM

DEGREE DAYS
 HEATING
  YESTERDAY       38                        43     -5       37
  MONTH TO DATE  925                      1220   -295     1160
  SINCE DEC 1   3705                      4352   -647     4311
  SINCE JUL 1   6298                      7449  -1151     7100

 COOLING
  YESTERDAY        0                         0      0        0
  MONTH TO DATE    0                         0      0        0
  SINCE DEC 1      0                         0      0        0
  SINCE JAN 1      0                         0      0        0
..................................................................


WIND (MPH)
  HIGHEST WIND SPEED    10   HIGHEST WIND DIRECTION     N (10)
  HIGHEST GUST SPEED    15   HIGHEST GUST DIRECTION     N (10)
  AVERAGE WIND SPEED     2.0


SKY COVER
  POSSIBLE SUNSHINE  MM
  AVERAGE SKY COVER 0.0


WEATHER CONDITIONS
 THE FOLLOWING WEATHER WAS RECORDED YESTERDAY.
  NO SIGNIFICANT WEATHER WAS OBSERVED.


RELATIVE HUMIDITY (PERCENT)
 HIGHEST    84           600 AM
 LOWEST     44           200 PM
 AVERAGE    64

..........................................................


THE STANLEY ID CLIMATE NORMALS FOR TODAY
                         NORMAL    RECORD    YEAR
 MAXIMUM TEMPERATURE (F)   37        54      2001
 MINIMUM TEMPERATURE (F)    7       -27      1993


SUNRISE AND SUNSET
FEBRUARY 27 2015......SUNRISE   720 AM MST   SUNSET   625 PM MST
FEBRUARY 28 2015......SUNRISE   719 AM MST   SUNSET   626 PM MST


-  INDICATES NEGATIVE NUMBERS.
R  INDICATES RECORD WAS SET OR TIED.
MM INDICATES DATA IS MISSING.
T  INDICATES TRACE AMOUNT.




$$
