000
CDUS45 KPIH 010730
CLISNT


CLIMATE REPORT
NATIONAL WEATHER SERVICE POCATELLO ID
128 AM MDT SUN MAY 1 2016


...................................

...THE STANLEY ID CLIMATE SUMMARY FOR APRIL 30 2016...

CLIMATE NORMAL PERIOD 1981 TO 2010
CLIMATE RECORD PERIOD 1916 TO 2016


WEATHER ITEM   OBSERVED TIME   RECORD YEAR NORMAL DEPARTURE LAST
                VALUE   (LST)  VALUE       VALUE  FROM      YEAR
                                                  NORMAL
..................................................................
TEMPERATURE (F)
 YESTERDAY
  MAXIMUM         51    404 PM  75    1992  53     -2       63
  MINIMUM         28    131 AM   9    2011  24      4       27
                                      1982
  AVERAGE         40                        38      2       45

PRECIPITATION (IN)
  YESTERDAY        0.00          0.41 2001   0.05  -0.05     0.00
                                      1964
  MONTH TO DATE    1.22                      1.72  -0.50     1.07
  SINCE OCT 1     15.42                     11.69   3.73    12.25
  SINCE JAN 1      7.85                      6.84   1.01     5.54

SNOWFALL (IN)
  YESTERDAY       MM
  MONTH TO DATE   MM
  SINCE MAR 1     MM
  SINCE JUL 1     MM
  SNOW DEPTH      MM

DEGREE DAYS
 HEATING
  YESTERDAY       25                        27     -2       20
  MONTH TO DATE  740                       943   -203      829
  SINCE MAR 1   1816                      2126   -310     1765
  SINCE JUL 1   8766                      9660   -894     8143

 COOLING
  YESTERDAY        0                         0      0        0
  MONTH TO DATE    0                         0      0        0
  SINCE MAR 1      0                         0      0        0
  SINCE JAN 1      0                         0      0        0
..................................................................


WIND (MPH)
  HIGHEST WIND SPEED    16   HIGHEST WIND DIRECTION     E (80)
  HIGHEST GUST SPEED    25   HIGHEST GUST DIRECTION     E (80)
  AVERAGE WIND SPEED     4.1


SKY COVER
  POSSIBLE SUNSHINE  MM
  AVERAGE SKY COVER 0.0


WEATHER CONDITIONS
 THE FOLLOWING WEATHER WAS RECORDED YESTERDAY.
  NO SIGNIFICANT WEATHER WAS OBSERVED.


RELATIVE HUMIDITY (PERCENT)
 HIGHEST    85          1200 AM
 LOWEST     36           200 PM
 AVERAGE    61

..........................................................


THE STANLEY ID CLIMATE NORMALS FOR TODAY
                         NORMAL    RECORD    YEAR
 MAXIMUM TEMPERATURE (F)   53        73      1981
 MINIMUM TEMPERATURE (F)   24         7      2008


SUNRISE AND SUNSET
MAY  1 2016...........SUNRISE   630 AM MDT   SUNSET   844 PM MDT
MAY  2 2016...........SUNRISE   629 AM MDT   SUNSET   845 PM MDT


-  INDICATES NEGATIVE NUMBERS.
R  INDICATES RECORD WAS SET OR TIED.
MM INDICATES DATA IS MISSING.
T  INDICATES TRACE AMOUNT.




$$
