000
CDUS45 KCYS 242232
CLISNY


CLIMATE REPORT
NATIONAL WEATHER SERVICE CHEYENNE WY
331 PM MST SAT JAN 24 2015


...................................

...THE SIDNEY NE AIRPORT CLIMATE SUMMARY FOR JANUARY 24 2015...
VALID AS OF 0300 PM LOCAL TIME.

CLIMATE NORMAL PERIOD 1981 TO 2010
CLIMATE RECORD PERIOD 1948 TO 2015


WEATHER ITEM   OBSERVED TIME   RECORD YEAR NORMAL DEPARTURE LAST
                VALUE   (LST)  VALUE       VALUE  FROM      YEAR
                                                  NORMAL
..................................................................
TEMPERATURE (F)
 TODAY
  MAXIMUM         50   1059 AM  69    1981  42      8       56
  MINIMUM         26    629 AM -13    1949  17      9       14
  AVERAGE         38                        29      9       35

PRECIPITATION (IN)
  TODAY            0.00          0.08 1978   0.01  -0.01     0.00
  MONTH TO DATE    0.03                      0.15  -0.12     0.04
  SINCE JAN 1      0.03                      0.15  -0.12     0.04

DEGREE DAYS
 HEATING
  TODAY           27                        36     -9       30
  MONTH TO DATE  951                       864     87      844
  SINCE DEC 1   2154                      1989    165     1986
  SINCE JUL 1   3644                      3411    233     3478

 COOLING
  TODAY            0                         0      0        0
  MONTH TO DATE    0                         0      0        0
  SINCE DEC 1      0                         0      0        0
  SINCE JAN 1      0                         0      0        0
..................................................................


WIND (MPH)
  HIGHEST WIND SPEED    28   HIGHEST WIND DIRECTION    NW (320)
  HIGHEST GUST SPEED    35   HIGHEST GUST DIRECTION    NW (310)
  AVERAGE WIND SPEED    16.5


SKY COVER
  AVERAGE SKY COVER 0.2


WEATHER CONDITIONS
 THE FOLLOWING WEATHER WAS RECORDED TODAY.
  NO SIGNIFICANT WEATHER WAS OBSERVED.


RELATIVE HUMIDITY (PERCENT)
 HIGHEST    75           500 AM
 LOWEST     32          1100 AM
 AVERAGE    54

..........................................................


THE SIDNEY NE AIRPORT CLIMATE NORMALS FOR TOMORROW
                         NORMAL    RECORD    YEAR
 MAXIMUM TEMPERATURE (F)   42        64      2002
 MINIMUM TEMPERATURE (F)   17       -15      1966


SUNRISE AND SUNSET
JANUARY 24 2015.......SUNRISE   710 AM MST   SUNSET   459 PM MST
JANUARY 25 2015.......SUNRISE   709 AM MST   SUNSET   500 PM MST


-  INDICATES NEGATIVE NUMBERS.
R  INDICATES RECORD WAS SET OR TIED.
MM INDICATES DATA IS MISSING.
T  INDICATES TRACE AMOUNT.




$$
