000
CDUS45 KCYS 252127
CLISNY


CLIMATE REPORT
NATIONAL WEATHER SERVICE CHEYENNE WY
326 PM MDT MON JUL 25 2016


...................................

...THE SIDNEY NE AIRPORT CLIMATE SUMMARY FOR JULY 25 2016...
VALID AS OF 0300 PM LOCAL TIME.

CLIMATE NORMAL PERIOD 1981 TO 2010
CLIMATE RECORD PERIOD 1948 TO 2016


WEATHER ITEM   OBSERVED TIME   RECORD YEAR NORMAL DEPARTURE LAST
                VALUE   (LST)  VALUE       VALUE  FROM      YEAR
                                                  NORMAL
..................................................................
TEMPERATURE (F)
 TODAY
  MAXIMUM         88    159 PM 105    2003  91     -3       93
  MINIMUM         50R   325 AM  50    2004  61    -11       60
                                      1996
  AVERAGE         69                        76     -7       77

PRECIPITATION (IN)
  TODAY            0.00          1.34 1981   0.09  -0.09     0.00
  MONTH TO DATE    0.39                      2.41  -2.02     1.58
  SINCE JAN 1      8.18                     12.35  -4.17    18.67

DEGREE DAYS
 HEATING
  TODAY            0                         0      0        0
  MONTH TO DATE    0                         0      0        7
  SINCE JUN 1     10                        59    -49        7
  SINCE JUL 1      0                         0      0        7

 COOLING
  TODAY            4                        11     -7       12
  MONTH TO DATE  249                       255     -6      193
  SINCE JUN 1    459                       392     67      302
  SINCE JAN 1    463                       414     49      302
..................................................................


WIND (MPH)
  HIGHEST WIND SPEED    24   HIGHEST WIND DIRECTION     S (160)
  HIGHEST GUST SPEED    33   HIGHEST GUST DIRECTION     S (160)
  AVERAGE WIND SPEED    11.7


SKY COVER
  AVERAGE SKY COVER 0.0


WEATHER CONDITIONS
 THE FOLLOWING WEATHER WAS RECORDED TODAY.
  NO SIGNIFICANT WEATHER WAS OBSERVED.


RELATIVE HUMIDITY (PERCENT)
 HIGHEST    96           100 AM
 LOWEST     39           100 PM
 AVERAGE    68

..........................................................


THE SIDNEY NE AIRPORT CLIMATE NORMALS FOR TOMORROW
                         NORMAL    RECORD    YEAR
 MAXIMUM TEMPERATURE (F)   91        99      2011
                                             2000
 MINIMUM TEMPERATURE (F)   61        48      1971


SUNRISE AND SUNSET
JULY 25 2016..........SUNRISE   542 AM MDT   SUNSET   815 PM MDT
JULY 26 2016..........SUNRISE   542 AM MDT   SUNSET   814 PM MDT


-  INDICATES NEGATIVE NUMBERS.
R  INDICATES RECORD WAS SET OR TIED.
MM INDICATES DATA IS MISSING.
T  INDICATES TRACE AMOUNT.




$$
