000
CDUS45 KCYS 160728
CLISNY


CLIMATE REPORT
NATIONAL WEATHER SERVICE CHEYENNE WY
127 AM MDT TUE SEP 16 2014


...................................

...THE SIDNEY NE AIRPORT CLIMATE SUMMARY FOR SEPTEMBER 15 2014...

CLIMATE NORMAL PERIOD 1981 TO 2010
CLIMATE RECORD PERIOD 1948 TO 2014


WEATHER ITEM   OBSERVED TIME   RECORD YEAR NORMAL DEPARTURE LAST
                VALUE   (LST)  VALUE       VALUE  FROM      YEAR
                                                  NORMAL
..................................................................
TEMPERATURE (F)
 YESTERDAY
  MAXIMUM         68    352 PM  94    1955  79    -11       65
                                      1948
  MINIMUM         40    545 AM  28    1993  48     -8       55
  AVERAGE         54                        64    -10       60

PRECIPITATION (IN)
  YESTERDAY        0.00          0.80 2006   0.04  -0.04     0.32
  MONTH TO DATE    0.67                      0.74  -0.07     4.24
  SINCE JAN 1     12.35                     15.90  -3.55    12.41

DEGREE DAYS
 HEATING
  YESTERDAY       11                         4      7        5
  MONTH TO DATE   96                        31     65       10
  SINCE SEP 1     96                        31     65       10
  SINCE JUL 1    108                        42     66       19

 COOLING
  YESTERDAY        0                         3     -3        0
  MONTH TO DATE   27                        63    -36      130
  SINCE SEP 1     27                        63    -36      130
  SINCE JAN 1    585                       805   -220      893
..................................................................


WIND (MPH)
  HIGHEST WIND SPEED    18   HIGHEST WIND DIRECTION     S (170)
  HIGHEST GUST SPEED    24   HIGHEST GUST DIRECTION     S (160)
  AVERAGE WIND SPEED    10.6


SKY COVER
  AVERAGE SKY COVER 0.4


WEATHER CONDITIONS
 THE FOLLOWING WEATHER WAS RECORDED YESTERDAY.
  NO SIGNIFICANT WEATHER WAS OBSERVED.


RELATIVE HUMIDITY (PERCENT)
 HIGHEST    89           500 AM
 LOWEST     42           200 PM
 AVERAGE    66

..........................................................


THE SIDNEY NE AIRPORT CLIMATE NORMALS FOR TODAY
                         NORMAL    RECORD    YEAR
 MAXIMUM TEMPERATURE (F)   79        93      2000
 MINIMUM TEMPERATURE (F)   48        29      1965


SUNRISE AND SUNSET
SEPTEMBER 16 2014.....SUNRISE   633 AM MDT   SUNSET   659 PM MDT
SEPTEMBER 17 2014.....SUNRISE   634 AM MDT   SUNSET   658 PM MDT


-  INDICATES NEGATIVE NUMBERS.
R  INDICATES RECORD WAS SET OR TIED.
MM INDICATES DATA IS MISSING.
T  INDICATES TRACE AMOUNT.




$$
