000
CDUS45 KPUB 201152
CLISPD


CLIMATE REPORT
NATIONAL WEATHER SERVICE PUEBLO
452 AM MST THU NOV 20 2014


...................................

...THE SPRINGFIELD CO CLIMATE SUMMARY FOR NOVEMBER 19 2014...

CLIMATE NORMAL PERIOD 1981 TO 2010
CLIMATE RECORD PERIOD 9999 TO 9999


WEATHER ITEM   OBSERVED TIME   NORMAL DEPARTURE LAST
                VALUE   (LST)  VALUE  FROM      YEAR
                                      NORMAL
......................................................
TEMPERATURE (F)
 YESTERDAY
  MAXIMUM         50    226 PM  55     -5       65
  MINIMUM         19    651 AM  25     -6       21
  AVERAGE         35                            43

PRECIPITATION (IN)
  YESTERDAY        0.00          0.02  -0.02     0.00
  MONTH TO DATE    0.41          0.40   0.01     0.01
  SINCE SEP 1      2.72          3.12  -0.40     3.77
  SINCE JAN 1     13.36         16.86  -3.50    13.51

DEGREE DAYS
 HEATING
  YESTERDAY       30            25      5       22
  MONTH TO DATE  526           399    127      339
  SINCE SEP 1    873           837     36      759
  SINCE JUL 1    879           844     35      760

 COOLING
  YESTERDAY        0             0      0        0
  MONTH TO DATE    0             0      0        0
  SINCE SEP 1    127           127      0      194
  SINCE JAN 1   1042          1028     14     1358
......................................................


WIND (MPH)
  HIGHEST WIND SPEED    23   HIGHEST WIND DIRECTION     S (190)
  HIGHEST GUST SPEED    29   HIGHEST GUST DIRECTION     S (190)
  AVERAGE WIND SPEED     9.4


SKY COVER
  POSSIBLE SUNSHINE  MM



RELATIVE HUMIDITY (PERCENT)
 HIGHEST    84           500 AM
 LOWEST     31           100 PM
 AVERAGE    58

..........................................................


THE SPRINGFIELD CO CLIMATE NORMALS FOR TODAY
                         NORMAL    RECORD    YEAR
 MAXIMUM TEMPERATURE (F)   55        MM        MM
 MINIMUM TEMPERATURE (F)   24        MM        MM


SUNRISE AND SUNSET
NOVEMBER 20 2014......SUNRISE   635 AM MST   SUNSET   437 PM MST
NOVEMBER 21 2014......SUNRISE   636 AM MST   SUNSET   437 PM MST


-  INDICATES NEGATIVE NUMBERS.
R  INDICATES RECORD WAS SET OR TIED.
MM INDICATES DATA IS MISSING.
T  INDICATES TRACE AMOUNT.




$$
