000
CDUS45 KPUB 221146
CLISPD


CLIMATE REPORT
NATIONAL WEATHER SERVICE PUEBLO
445 AM MST SUN JAN 22 2017


...................................

...THE SPRINGFIELD CO CLIMATE SUMMARY FOR JANUARY 21 2017...

CLIMATE NORMAL PERIOD 1981 TO 2010
CLIMATE RECORD PERIOD 9999 TO 9999


WEATHER ITEM   OBSERVED TIME   NORMAL DEPARTURE LAST
                VALUE   (LST)  VALUE  FROM      YEAR
                                      NORMAL
......................................................
TEMPERATURE (F)
 YESTERDAY
  MAXIMUM         45   1246 PM  47     -2       43
  MINIMUM         22    728 AM  18      4       19
  AVERAGE         34                            31

PRECIPITATION (IN)
  YESTERDAY        0.00          0.01  -0.01     0.00
  MONTH TO DATE    0.17          0.20  -0.03     0.15
  SINCE DEC 1      0.24          0.71  -0.47     0.24
  SINCE JAN 1      0.17          0.20  -0.03     0.15

DEGREE DAYS
 HEATING
  YESTERDAY       31            33     -2       34
  MONTH TO DATE  727           698     29      717
  SINCE DEC 1   1820          1710    110     1694
  SINCE JUL 1   2637          2856   -219     2699

 COOLING
  YESTERDAY        0             0      0        0
  MONTH TO DATE    0             0      0        0
  SINCE DEC 1      0             0      0        0
  SINCE JAN 1      0             0      0        0
......................................................


WIND (MPH)
  HIGHEST WIND SPEED    23   HIGHEST WIND DIRECTION     N (340)
  HIGHEST GUST SPEED    29   HIGHEST GUST DIRECTION    NW (330)
  AVERAGE WIND SPEED    10.1


SKY COVER
  POSSIBLE SUNSHINE  MM



RELATIVE HUMIDITY (PERCENT)
 HIGHEST   100           100 AM
 LOWEST     53          1000 AM
 AVERAGE    77

..........................................................


THE SPRINGFIELD CO CLIMATE NORMALS FOR TODAY
                         NORMAL    RECORD    YEAR
 MAXIMUM TEMPERATURE (F)   47        MM        MM
 MINIMUM TEMPERATURE (F)   18        MM        MM


SUNRISE AND SUNSET
JANUARY 22 2017.......SUNRISE   700 AM MST   SUNSET   504 PM MST
JANUARY 23 2017.......SUNRISE   700 AM MST   SUNSET   506 PM MST


-  INDICATES NEGATIVE NUMBERS.
R  INDICATES RECORD WAS SET OR TIED.
MM INDICATES DATA IS MISSING.
T  INDICATES TRACE AMOUNT.




$$
