596
CDUS45 KPUB 221024
CLISPD


CLIMATE REPORT
NATIONAL WEATHER SERVICE PUEBLO
424 AM MDT WED MAR 22 2017


...................................

...THE SPRINGFIELD CO CLIMATE SUMMARY FOR MARCH 21 2017...

CLIMATE NORMAL PERIOD 1981 TO 2010
CLIMATE RECORD PERIOD 9999 TO 9999


WEATHER ITEM   OBSERVED TIME   NORMAL DEPARTURE LAST
                VALUE   (LST)  VALUE  FROM      YEAR
                                      NORMAL
......................................................
TEMPERATURE (F)
 YESTERDAY
  MAXIMUM         65    222 PM  60      5       79
  MINIMUM         35    555 AM  29      6       21
  AVERAGE         50                            50

PRECIPITATION (IN)
  YESTERDAY        0.00          0.03  -0.03     0.00
  MONTH TO DATE    0.00          0.69  -0.69     0.01
  SINCE MAR 1      0.00          0.69  -0.69     0.01
  SINCE JAN 1      0.19          1.50  -1.31     0.33

DEGREE DAYS
 HEATING
  YESTERDAY       15            21     -6       15
  MONTH TO DATE  346           495   -149      447
  SINCE MAR 1    346           495   -149      447
  SINCE JUL 1   3936          4501   -565     4123

 COOLING
  YESTERDAY        0             0      0        0
  MONTH TO DATE    0             0      0        0
  SINCE MAR 1      0             0      0        0
  SINCE JAN 1      0             0      0        0
......................................................


WIND (MPH)
  HIGHEST WIND SPEED    21   HIGHEST WIND DIRECTION     E (80)
  HIGHEST GUST SPEED    26   HIGHEST GUST DIRECTION     E (80)
  AVERAGE WIND SPEED    10.9


SKY COVER
  POSSIBLE SUNSHINE  MM



RELATIVE HUMIDITY (PERCENT)
 HIGHEST    92           400 AM
 LOWEST     40           200 PM
 AVERAGE    66

..........................................................


THE SPRINGFIELD CO CLIMATE NORMALS FOR TODAY
                         NORMAL    RECORD    YEAR
 MAXIMUM TEMPERATURE (F)   60        MM        MM
 MINIMUM TEMPERATURE (F)   29        MM        MM


SUNRISE AND SUNSET
MARCH 22 2017.........SUNRISE   651 AM MDT   SUNSET   704 PM MDT
MARCH 23 2017.........SUNRISE   649 AM MDT   SUNSET   705 PM MDT


-  INDICATES NEGATIVE NUMBERS.
R  INDICATES RECORD WAS SET OR TIED.
MM INDICATES DATA IS MISSING.
T  INDICATES TRACE AMOUNT.




$$
