000
CDUS45 KPUB 281030
CLISPD


CLIMATE REPORT
NATIONAL WEATHER SERVICE PUEBLO
430 AM MDT TUE JUL 28 2015


...................................

...THE SPRINGFIELD CO CLIMATE SUMMARY FOR JULY 27 2015...

CLIMATE NORMAL PERIOD 1981 TO 2010
CLIMATE RECORD PERIOD 9999 TO 9999


WEATHER ITEM   OBSERVED TIME   NORMAL DEPARTURE LAST
                VALUE   (LST)  VALUE  FROM      YEAR
                                      NORMAL
......................................................
TEMPERATURE (F)
 YESTERDAY
  MAXIMUM         97    316 PM  90      7       86
  MINIMUM         65    544 AM  62      3       64
  AVERAGE         81                            75

PRECIPITATION (IN)
  YESTERDAY        0.03          0.10  -0.07     0.05
  MONTH TO DATE    3.15          2.42   0.73     2.61
  SINCE JUN 1      4.01          4.92  -0.91     4.54
  SINCE JAN 1     11.58         10.49   1.09     8.43

DEGREE DAYS
 HEATING
  YESTERDAY        0             0      0        0
  MONTH TO DATE    0             0      0        1
  SINCE JUN 1      0            21    -21       23
  SINCE JUL 1      0             0      0        1

 COOLING
  YESTERDAY       16            11      5       10
  MONTH TO DATE  299           306     -7      306
  SINCE JUN 1    546           514     32      525
  SINCE JAN 1    547           568    -21      583
......................................................


WIND (MPH)
  HIGHEST WIND SPEED    31   HIGHEST WIND DIRECTION     S (180)
  HIGHEST GUST SPEED    38   HIGHEST GUST DIRECTION     S (180)
  AVERAGE WIND SPEED    15.5


SKY COVER
  POSSIBLE SUNSHINE  MM



RELATIVE HUMIDITY (PERCENT)
 HIGHEST    87           400 AM
 LOWEST     24           400 PM
 AVERAGE    56

..........................................................


THE SPRINGFIELD CO CLIMATE NORMALS FOR TODAY
                         NORMAL    RECORD    YEAR
 MAXIMUM TEMPERATURE (F)   90        MM        MM
 MINIMUM TEMPERATURE (F)   62        MM        MM


SUNRISE AND SUNSET
JULY 28 2015..........SUNRISE   552 AM MDT   SUNSET   802 PM MDT
JULY 29 2015..........SUNRISE   552 AM MDT   SUNSET   801 PM MDT


-  INDICATES NEGATIVE NUMBERS.
R  INDICATES RECORD WAS SET OR TIED.
MM INDICATES DATA IS MISSING.
T  INDICATES TRACE AMOUNT.




$$
