077
CDUS45 KPUB 101125
CLISPD


CLIMATE REPORT
NATIONAL WEATHER SERVICE PUEBLO
425 AM MST WED FEB 10 2016


...................................

...THE SPRINGFIELD CO CLIMATE SUMMARY FOR FEBRUARY 9 2016...

CLIMATE NORMAL PERIOD 1981 TO 2010
CLIMATE RECORD PERIOD 9999 TO 9999


WEATHER ITEM   OBSERVED TIME   NORMAL DEPARTURE LAST
                VALUE   (LST)  VALUE  FROM      YEAR
                                      NORMAL
......................................................
TEMPERATURE (F)
 YESTERDAY
  MAXIMUM         59    113 PM  49     10       68
  MINIMUM         26    932 PM  20      6       27
  AVERAGE         43                            48

PRECIPITATION (IN)
  YESTERDAY        0.00          0.02  -0.02     0.00
  MONTH TO DATE    0.14          0.17  -0.03     0.00
  SINCE DEC 1      0.39          1.05  -0.66     1.81
  SINCE JAN 1      0.30          0.54  -0.24     1.04

DEGREE DAYS
 HEATING
  YESTERDAY       22            31     -9       17
  MONTH TO DATE  312           282     30      192
  SINCE DEC 1   2261          2312    -51     2115
  SINCE JUL 1   3266          3458   -192     3247

 COOLING
  YESTERDAY        0             0      0        0
  MONTH TO DATE    0             0      0        0
  SINCE DEC 1      0             0      0        0
  SINCE JAN 1      0             0      0        0
......................................................


WIND (MPH)
  HIGHEST WIND SPEED    28   HIGHEST WIND DIRECTION     N (340)
  HIGHEST GUST SPEED    34   HIGHEST GUST DIRECTION    NW (320)
  AVERAGE WIND SPEED    11.7


SKY COVER
  POSSIBLE SUNSHINE  MM



RELATIVE HUMIDITY (PERCENT)
 HIGHEST    78          1000 PM
 LOWEST     24          1100 AM
 AVERAGE    51

..........................................................


THE SPRINGFIELD CO CLIMATE NORMALS FOR TODAY
                         NORMAL    RECORD    YEAR
 MAXIMUM TEMPERATURE (F)   49        MM        MM
 MINIMUM TEMPERATURE (F)   20        MM        MM


SUNRISE AND SUNSET
FEBRUARY 10 2016......SUNRISE   645 AM MST   SUNSET   524 PM MST
FEBRUARY 11 2016......SUNRISE   644 AM MST   SUNSET   525 PM MST


-  INDICATES NEGATIVE NUMBERS.
R  INDICATES RECORD WAS SET OR TIED.
MM INDICATES DATA IS MISSING.
T  INDICATES TRACE AMOUNT.




$$
