000
CDUS43 KILX 282157
CLISPI


CLIMATE REPORT
NATIONAL WEATHER SERVICE LINCOLN IL
456 PM CDT WED JUN 28 2017


...................................

...THE SPRINGFIELD IL CLIMATE SUMMARY FOR JUNE 28 2017...
VALID TODAY AS OF 0400 PM LOCAL TIME.

CLIMATE NORMAL PERIOD 1981 TO 2010
CLIMATE RECORD PERIOD 1879 TO 2017


WEATHER ITEM   OBSERVED TIME   RECORD YEAR NORMAL DEPARTURE LAST
                VALUE   (LST)  VALUE       VALUE  FROM      YEAR
                                                  NORMAL
..................................................................
TEMPERATURE (F)
 TODAY
  MAXIMUM         87    236 PM 104    1934  86      1       84
  MINIMUM         64    407 AM  50    1968  65     -1       62
  AVERAGE         76                        75      1       73

PRECIPITATION (IN)
  TODAY            0.00          3.43 1951   0.14  -0.14     0.00
  MONTH TO DATE    1.18                      4.19  -3.01     1.92
  SINCE JUN 1      1.18                      4.19  -3.01     1.92
  SINCE JAN 1     17.90                     18.20  -0.30    15.51

SNOWFALL (IN)
  TODAY            0.0           0.0    MM   0.0    0.0      0.0
  MONTH TO DATE    0.0                       0.0    0.0      0.0
  SINCE JUN 1      0.0                       0.0    0.0      0.0
  SINCE JUL 1     10.3                      20.9  -10.6     15.7
  SNOW DEPTH       0

DEGREE DAYS
 HEATING
  TODAY            0                         0      0        0
  MONTH TO DATE    2                        11     -9        0
  SINCE JUN 1      2                        11     -9        0
  SINCE JUL 1   4166                      5481  -1315     4317

 COOLING
  TODAY           11                        10      1        8
  MONTH TO DATE  292                       218     74      360
  SINCE JUN 1    292                       218     74      360
  SINCE JAN 1    436                       322    114      485
..................................................................


WIND (MPH)
  HIGHEST WIND SPEED    28   HIGHEST WIND DIRECTION     S (180)
  HIGHEST GUST SPEED    35   HIGHEST GUST DIRECTION     S (170)
  AVERAGE WIND SPEED    13.7


SKY COVER
  POSSIBLE SUNSHINE  MM
  AVERAGE SKY COVER 0.1


WEATHER CONDITIONS
 THE FOLLOWING WEATHER WAS RECORDED TODAY.
  NO SIGNIFICANT WEATHER WAS OBSERVED.


RELATIVE HUMIDITY (PERCENT)
 HIGHEST    68           500 AM
 LOWEST     48           300 PM
 AVERAGE    58

..........................................................


THE SPRINGFIELD IL CLIMATE NORMALS FOR TOMORROW
                         NORMAL    RECORD    YEAR
 MAXIMUM TEMPERATURE (F)   86       103      1936
 MINIMUM TEMPERATURE (F)   65        50      2004


SUNRISE AND SUNSET
JUNE 28 2017..........SUNRISE   533 AM CDT   SUNSET   831 PM CDT
JUNE 29 2017..........SUNRISE   533 AM CDT   SUNSET   831 PM CDT


-  INDICATES NEGATIVE NUMBERS.
R  INDICATES RECORD WAS SET OR TIED.
MM INDICATES DATA IS MISSING.
T  INDICATES TRACE AMOUNT.




$$
