000
CDUS43 KILX 220643
CLISPI


CLIMATE REPORT
NATIONAL WEATHER SERVICE LINCOLN IL
142 AM CDT FRI AUG 22 2014


...................................

...THE SPRINGFIELD IL CLIMATE SUMMARY FOR AUGUST 21 2014...

CLIMATE NORMAL PERIOD 1981 TO 2010
CLIMATE RECORD PERIOD 1879 TO 2014


WEATHER ITEM   OBSERVED TIME   RECORD YEAR NORMAL DEPARTURE LAST
                VALUE   (LST)  VALUE       VALUE  FROM      YEAR
                                                  NORMAL
..................................................................
TEMPERATURE (F)
 YESTERDAY
  MAXIMUM         90    519 PM 104    1936  85      5       88
  MINIMUM         73    616 AM  44    1950  63     10       64
  AVERAGE         82                        74      8       76

PRECIPITATION (IN)
  YESTERDAY        0.00          1.25 1915   0.10  -0.10     0.00
  MONTH TO DATE    4.08                      2.22   1.86     0.34
  SINCE JUN 1     15.48                     10.62   4.86     5.65
  SINCE JAN 1     29.77                     24.63   5.14    30.67

SNOWFALL (IN)
  YESTERDAY        0.0           0.0    MM   0.0    0.0      0.0
  MONTH TO DATE    0.0                       0.0    0.0      0.0
  SINCE JUN 1      0.0                       0.0    0.0      0.0
  SINCE JUL 1      0.0                       0.0    0.0      0.0
  SNOW DEPTH       0

DEGREE DAYS
 HEATING
  YESTERDAY        0                         0      0        0
  MONTH TO DATE    0                         0      0        5
  SINCE JUN 1      3                        16    -13       23
  SINCE JUL 1      3                         1      2       11

 COOLING
  YESTERDAY       17                         9      8       11
  MONTH TO DATE  171                       206    -35      123
  SINCE JUN 1    689                       781    -92      671
  SINCE JAN 1    865                       885    -20      797
..................................................................


WIND (MPH)
  HIGHEST WIND SPEED    14   HIGHEST WIND DIRECTION     S (190)
  HIGHEST GUST SPEED    19   HIGHEST GUST DIRECTION    SW (220)
  AVERAGE WIND SPEED     8.2


SKY COVER
  POSSIBLE SUNSHINE  MM
  AVERAGE SKY COVER 0.1


WEATHER CONDITIONS
 THE FOLLOWING WEATHER WAS RECORDED YESTERDAY.
  NO SIGNIFICANT WEATHER WAS OBSERVED.


RELATIVE HUMIDITY (PERCENT)
 HIGHEST    93           400 AM
 LOWEST     65          1100 AM
 AVERAGE    79

..........................................................


THE SPRINGFIELD IL CLIMATE NORMALS FOR TODAY
                         NORMAL    RECORD    YEAR
 MAXIMUM TEMPERATURE (F)   85       104      1936
 MINIMUM TEMPERATURE (F)   63        51      1950


SUNRISE AND SUNSET
AUGUST 22 2014........SUNRISE   617 AM CDT   SUNSET   745 PM CDT
AUGUST 23 2014........SUNRISE   618 AM CDT   SUNSET   744 PM CDT


-  INDICATES NEGATIVE NUMBERS.
R  INDICATES RECORD WAS SET OR TIED.
MM INDICATES DATA IS MISSING.
T  INDICATES TRACE AMOUNT.




$$
