000
CDUS43 KILX 160652
CLISPI


CLIMATE REPORT
NATIONAL WEATHER SERVICE LINCOLN IL
1243 AM CST TUE JAN 16 2018


...................................

...THE SPRINGFIELD IL CLIMATE SUMMARY FOR JANUARY 15 2018...

CLIMATE NORMAL PERIOD 1981 TO 2010
CLIMATE RECORD PERIOD 1879 TO 2018


WEATHER ITEM   OBSERVED TIME   RECORD YEAR NORMAL DEPARTURE LAST
                VALUE   (LST)  VALUE       VALUE  FROM      YEAR
                                                  NORMAL
..................................................................
TEMPERATURE (F)
 YESTERDAY
  MAXIMUM         29    708 AM  65    1949  35     -6       35
  MINIMUM          1   1159 PM -17    1888  18    -17       29
  AVERAGE         15                        26    -11       32

PRECIPITATION (IN)
  YESTERDAY        0.08          0.86 1885   0.06   0.02     0.01
  MONTH TO DATE    0.22                      0.94  -0.72     0.76
  SINCE DEC 1      0.59                      3.46  -2.87     1.67
  SINCE JAN 1      0.22                      0.94  -0.72     0.76

SNOWFALL (IN)
  YESTERDAY        1.3           5.2  1997   0.2    1.1      0.0
  MONTH TO DATE    1.6                       3.1   -1.5      0.9
  SINCE DEC 1      5.7                       8.7   -3.0      3.6
  SINCE JUL 1      5.7                       9.3   -3.6      3.6
  SNOW DEPTH       1

DEGREE DAYS
 HEATING
  YESTERDAY       50                        39     11       33
  MONTH TO DATE  706                       574    132      562
  SINCE DEC 1   1765                      1646    119     1610
  SINCE JUL 1   2630                      2714    -84     2261

 COOLING
  YESTERDAY        0                         0      0        0
  MONTH TO DATE    0                         0      0        0
  SINCE DEC 1      0                         0      0        0
  SINCE JAN 1      0                         0      0        0
..................................................................


WIND (MPH)
  HIGHEST WIND SPEED    25   HIGHEST WIND DIRECTION    NW (300)
  HIGHEST GUST SPEED    31   HIGHEST GUST DIRECTION    NW (300)
  AVERAGE WIND SPEED    14.6


SKY COVER
  POSSIBLE SUNSHINE  MM
  AVERAGE SKY COVER 0.7


WEATHER CONDITIONS
 THE FOLLOWING WEATHER WAS RECORDED YESTERDAY.
  LIGHT SNOW
  FOG
  HAZE


RELATIVE HUMIDITY (PERCENT)
 HIGHEST    92           100 AM
 LOWEST     61           400 PM
 AVERAGE    77

..........................................................


THE SPRINGFIELD IL CLIMATE NORMALS FOR TODAY
                         NORMAL    RECORD    YEAR
 MAXIMUM TEMPERATURE (F)   35        67      1990
 MINIMUM TEMPERATURE (F)   18       -20      1977


SUNRISE AND SUNSET
JANUARY 16 2018.......SUNRISE   718 AM CST   SUNSET   500 PM CST
JANUARY 17 2018.......SUNRISE   717 AM CST   SUNSET   501 PM CST


-  INDICATES NEGATIVE NUMBERS.
R  INDICATES RECORD WAS SET OR TIED.
MM INDICATES DATA IS MISSING.
T  INDICATES TRACE AMOUNT.




$$
