000
CDUS43 KILX 190636
CLISPI


CLIMATE REPORT
NATIONAL WEATHER SERVICE LINCOLN IL
1234 AM CST SUN FEB 19 2017


...................................

...THE SPRINGFIELD IL CLIMATE SUMMARY FOR FEBRUARY 18 2017...

CLIMATE NORMAL PERIOD 1981 TO 2010
CLIMATE RECORD PERIOD 1879 TO 2017


WEATHER ITEM   OBSERVED TIME   RECORD YEAR NORMAL DEPARTURE LAST
                VALUE   (LST)  VALUE       VALUE  FROM      YEAR
                                                  NORMAL
..................................................................
TEMPERATURE (F)
 YESTERDAY
  MAXIMUM         68R   348 PM  65    1997  41     27       51
                                      1971
  MINIMUM         43    503 AM -15    1993  23     20       32
  AVERAGE         56                        32     24       42

PRECIPITATION (IN)
  YESTERDAY        0.00          1.28 1881   0.07  -0.07     0.00
  MONTH TO DATE    0.17                      1.09  -0.92     0.88
  SINCE DEC 1      2.10                      5.43  -3.33     8.53
  SINCE JAN 1      1.19                      2.91  -1.72     1.97

SNOWFALL (IN)
  YESTERDAY        0.0           3.3  1982   0.2   -0.2      0.0
  MONTH TO DATE    2.1                       3.8   -1.7      5.7
  SINCE DEC 1      5.7                      15.8  -10.1     12.5
  SINCE JUL 1      5.7                      16.4  -10.7     13.0
  SNOW DEPTH       0

DEGREE DAYS
 HEATING
  YESTERDAY        9                        33    -24       23
  MONTH TO DATE  469                       637   -168      627
  SINCE DEC 1   2464                      2895   -431     2432
  SINCE JUL 1   3115                      3963   -848     3202

 COOLING
  YESTERDAY        0                         0      0        0
  MONTH TO DATE    0                         0      0        0
  SINCE DEC 1      0                         0      0        0
  SINCE JAN 1      0                         0      0        0
..................................................................


WIND (MPH)
  HIGHEST WIND SPEED    17   HIGHEST WIND DIRECTION     W (270)
  HIGHEST GUST SPEED    22   HIGHEST GUST DIRECTION     W (250)
  AVERAGE WIND SPEED     8.8


SKY COVER
  POSSIBLE SUNSHINE  MM
  AVERAGE SKY COVER 0.0


WEATHER CONDITIONS
 THE FOLLOWING WEATHER WAS RECORDED YESTERDAY.
  FOG


RELATIVE HUMIDITY (PERCENT)
 HIGHEST    93          1100 PM
 LOWEST     37           100 PM
 AVERAGE    65

..........................................................


THE SPRINGFIELD IL CLIMATE NORMALS FOR TODAY
                         NORMAL    RECORD    YEAR
 MAXIMUM TEMPERATURE (F)   41        70      1930
 MINIMUM TEMPERATURE (F)   24        -9      1979


SUNRISE AND SUNSET
FEBRUARY 19 2017......SUNRISE   646 AM CST   SUNSET   540 PM CST
FEBRUARY 20 2017......SUNRISE   644 AM CST   SUNSET   541 PM CST


-  INDICATES NEGATIVE NUMBERS.
R  INDICATES RECORD WAS SET OR TIED.
MM INDICATES DATA IS MISSING.
T  INDICATES TRACE AMOUNT.




$$
