000
CDUS43 KILX 180642
CLISPI


CLIMATE REPORT
NATIONAL WEATHER SERVICE LINCOLN IL
1242 AM CST THU DEC 18 2014


...................................

...THE SPRINGFIELD IL CLIMATE SUMMARY FOR DECEMBER 17 2014...

CLIMATE NORMAL PERIOD 1981 TO 2010
CLIMATE RECORD PERIOD 1879 TO 2014


WEATHER ITEM   OBSERVED TIME   RECORD YEAR NORMAL DEPARTURE LAST
                VALUE   (LST)  VALUE       VALUE  FROM      YEAR
                                                  NORMAL
..................................................................
TEMPERATURE (F)
 YESTERDAY
  MAXIMUM         28    134 AM  64    1908  37     -9       35
  MINIMUM         21    851 PM  -5    1989  22     -1       15
  AVERAGE         25                        30     -5       25

PRECIPITATION (IN)
  YESTERDAY        0.00          1.42 1924   0.07  -0.07     0.07
  MONTH TO DATE    1.05                      1.51  -0.46     0.91
  SINCE DEC 1      1.05                      1.51  -0.46     0.91
  SINCE JAN 1     44.54                     36.42   8.12    37.66

SNOWFALL (IN)
  YESTERDAY        0.0           4.8  1882   0.2   -0.2      0.8
  MONTH TO DATE    T                         2.6   -2.6      8.2
  SINCE DEC 1      T                         2.6   -2.6      8.2
  SINCE JUL 1      3.7                       3.2    0.5      8.9
  SNOW DEPTH       0

DEGREE DAYS
 HEATING
  YESTERDAY       40                        35      5       40
  MONTH TO DATE  511                       557    -46      653
  SINCE DEC 1    511                       557    -46      653
  SINCE JUL 1   1747                      1625    122     1835

 COOLING
  YESTERDAY        0                         0      0        0
  MONTH TO DATE    0                         0      0        0
  SINCE DEC 1      0                         0      0        0
  SINCE JAN 1   1162                      1122     40     1145
..................................................................


WIND (MPH)
  HIGHEST WIND SPEED    17   HIGHEST WIND DIRECTION     W (290)
  HIGHEST GUST SPEED    20   HIGHEST GUST DIRECTION     W (290)
  AVERAGE WIND SPEED     7.1


SKY COVER
  POSSIBLE SUNSHINE  MM
  AVERAGE SKY COVER 0.6


WEATHER CONDITIONS
 THE FOLLOWING WEATHER WAS RECORDED YESTERDAY.
  NO SIGNIFICANT WEATHER WAS OBSERVED.


RELATIVE HUMIDITY (PERCENT)
 HIGHEST    92          1100 PM
 LOWEST     68           200 PM
 AVERAGE    80

..........................................................


THE SPRINGFIELD IL CLIMATE NORMALS FOR TODAY
                         NORMAL    RECORD    YEAR
 MAXIMUM TEMPERATURE (F)   37        64      1962
 MINIMUM TEMPERATURE (F)   22       -11      1983


SUNRISE AND SUNSET
DECEMBER 18 2014......SUNRISE   715 AM CST   SUNSET   436 PM CST
DECEMBER 19 2014......SUNRISE   715 AM CST   SUNSET   436 PM CST


-  INDICATES NEGATIVE NUMBERS.
R  INDICATES RECORD WAS SET OR TIED.
MM INDICATES DATA IS MISSING.
T  INDICATES TRACE AMOUNT.




$$
