000
CDUS43 KILX 222237
CLISPI


CLIMATE REPORT
NATIONAL WEATHER SERVICE LINCOLN IL
437 PM CST MON DEC 22 2014


...................................

...THE SPRINGFIELD IL CLIMATE SUMMARY FOR DECEMBER 22 2014...
VALID TODAY AS OF 0400 PM LOCAL TIME.

CLIMATE NORMAL PERIOD 1981 TO 2010
CLIMATE RECORD PERIOD 1879 TO 2014


WEATHER ITEM   OBSERVED TIME   RECORD YEAR NORMAL DEPARTURE LAST
                VALUE   (LST)  VALUE       VALUE  FROM      YEAR
                                                  NORMAL
..................................................................
TEMPERATURE (F)
 TODAY
  MAXIMUM         46    359 PM  60    1994  36     10       33
  MINIMUM         36    831 AM -18    1989  21     15       21
                                      1983
  AVERAGE         41                        28     13       27

PRECIPITATION (IN)
  TODAY            0.47          2.18 1988   0.08   0.39     0.04
  MONTH TO DATE    1.58                      1.88  -0.30     1.60
  SINCE DEC 1      1.58                      1.88  -0.30     1.60
  SINCE JAN 1     45.07                     36.79   8.28    38.35

SNOWFALL (IN)
  TODAY            0.0           8.7  1883   0.2   -0.2       T
  MONTH TO DATE    0.5                       3.6   -3.1      8.2
  SINCE DEC 1      0.5                       3.6   -3.1      8.2
  SINCE JUL 1      4.2                       4.2    0.0      8.9
  SNOW DEPTH       0

DEGREE DAYS
 HEATING
  TODAY           24                        37    -13       38
  MONTH TO DATE  665                       738    -73      805
  SINCE DEC 1    665                       738    -73      805
  SINCE JUL 1   1901                      1806     95     1987

 COOLING
  TODAY            0                         0      0        0
  MONTH TO DATE    0                         0      0        0
  SINCE DEC 1      0                         0      0        0
  SINCE JAN 1   1162                      1122     40     1145
..................................................................


WIND (MPH)
  HIGHEST WIND SPEED    20   HIGHEST WIND DIRECTION    SE (150)
  HIGHEST GUST SPEED    24   HIGHEST GUST DIRECTION    SE (130)
  AVERAGE WIND SPEED    13.9


SKY COVER
  POSSIBLE SUNSHINE  MM
  AVERAGE SKY COVER 1.0


WEATHER CONDITIONS
 THE FOLLOWING WEATHER WAS RECORDED TODAY.
  RAIN
  LIGHT RAIN
  FOG


RELATIVE HUMIDITY (PERCENT)
 HIGHEST   100          1000 AM
 LOWEST     70          1200 AM
 AVERAGE    85

..........................................................


THE SPRINGFIELD IL CLIMATE NORMALS FOR TOMORROW
                         NORMAL    RECORD    YEAR
 MAXIMUM TEMPERATURE (F)   36        66      1933
 MINIMUM TEMPERATURE (F)   21       -21      1989


SUNRISE AND SUNSET
DECEMBER 22 2014......SUNRISE   717 AM CST   SUNSET   438 PM CST
DECEMBER 23 2014......SUNRISE   717 AM CST   SUNSET   438 PM CST


-  INDICATES NEGATIVE NUMBERS.
R  INDICATES RECORD WAS SET OR TIED.
MM INDICATES DATA IS MISSING.
T  INDICATES TRACE AMOUNT.




$$
