839
CDUS43 KILX 060634
CLISPI


CLIMATE REPORT
NATIONAL WEATHER SERVICE LINCOLN IL
134 AM CDT FRI MAY 6 2016


...................................

...THE SPRINGFIELD IL CLIMATE SUMMARY FOR MAY 5 2016...

CLIMATE NORMAL PERIOD 1981 TO 2010
CLIMATE RECORD PERIOD 1879 TO 2016


WEATHER ITEM   OBSERVED TIME   RECORD YEAR NORMAL DEPARTURE LAST
                VALUE   (LST)  VALUE       VALUE  FROM      YEAR
                                                  NORMAL
..................................................................
TEMPERATURE (F)
 YESTERDAY
  MAXIMUM         69    444 PM  93    1943  72     -3       87
  MINIMUM         42    452 AM  34    1944  49     -7       61
  AVERAGE         56                        60     -4       74

PRECIPITATION (IN)
  YESTERDAY        0.00          3.35 1882   0.13  -0.13     0.00
  MONTH TO DATE    0.07                      0.66  -0.59     0.03
  SINCE MAR 1      8.43                      6.80   1.63     3.71
  SINCE JAN 1     10.76                     10.43   0.33     6.99

SNOWFALL (IN)
  YESTERDAY        0.0           0.0    MM   0.0    0.0      0.0
  MONTH TO DATE    0.0                       0.0    0.0      0.0
  SINCE MAR 1      0.1                       2.8   -2.7      3.7
  SINCE JUL 1     15.7                      20.9   -5.2     33.9
  SNOW DEPTH       0

DEGREE DAYS
 HEATING
  YESTERDAY        9                         6      3        0
  MONTH TO DATE   43                        33     10       13
  SINCE MAR 1    815                      1107   -292     1028
  SINCE JUL 1   4241                      5378  -1137     5597

 COOLING
  YESTERDAY        0                         1     -1        9
  MONTH TO DATE    0                         5     -5       25
  SINCE MAR 1     20                        25     -5       35
  SINCE JAN 1     20                        25     -5       35
..................................................................


WIND (MPH)
  HIGHEST WIND SPEED    20   HIGHEST WIND DIRECTION     N (360)
  HIGHEST GUST SPEED    23   HIGHEST GUST DIRECTION     N (10)
  AVERAGE WIND SPEED     8.7


SKY COVER
  POSSIBLE SUNSHINE  MM
  AVERAGE SKY COVER 0.1


WEATHER CONDITIONS
 THE FOLLOWING WEATHER WAS RECORDED YESTERDAY.
  NO SIGNIFICANT WEATHER WAS OBSERVED.


RELATIVE HUMIDITY (PERCENT)
 HIGHEST    82           400 AM
 LOWEST     39           400 PM
 AVERAGE    61

..........................................................


THE SPRINGFIELD IL CLIMATE NORMALS FOR TODAY
                         NORMAL    RECORD    YEAR
 MAXIMUM TEMPERATURE (F)   72        90      2012
 MINIMUM TEMPERATURE (F)   49        34      1944


SUNRISE AND SUNSET
MAY  6 2016...........SUNRISE   553 AM CDT   SUNSET   759 PM CDT
MAY  7 2016...........SUNRISE   551 AM CDT   SUNSET   800 PM CDT


-  INDICATES NEGATIVE NUMBERS.
R  INDICATES RECORD WAS SET OR TIED.
MM INDICATES DATA IS MISSING.
T  INDICATES TRACE AMOUNT.




$$
