000
CDUS43 KILX 010650
CLISPI


CLIMATE REPORT
NATIONAL WEATHER SERVICE LINCOLN IL
149 AM CDT SAT NOV 1 2014


...................................

...THE SPRINGFIELD IL CLIMATE SUMMARY FOR OCTOBER 31 2014...

CLIMATE NORMAL PERIOD 1981 TO 2010
CLIMATE RECORD PERIOD 1879 TO 2014


WEATHER ITEM   OBSERVED TIME   RECORD YEAR NORMAL DEPARTURE LAST
                VALUE   (LST)  VALUE       VALUE  FROM      YEAR
                                                  NORMAL
..................................................................
TEMPERATURE (F)
 YESTERDAY
  MAXIMUM         47    230 PM  86    1950  60    -13       65
  MINIMUM         32   1158 PM  22    1925  40     -8       46
  AVERAGE         40                        50    -10       56

PRECIPITATION (IN)
  YESTERDAY        T             1.42 1994   0.10  -0.10     1.10
  MONTH TO DATE    4.12                      3.15   0.97     3.60
  SINCE SEP 1      9.30                      6.05   3.25     4.85
  SINCE JAN 1     41.63                     31.70   9.93    35.52

SNOWFALL (IN)
  YESTERDAY        0.0           T    1993   0.0    0.0      0.0
                                      1951
  MONTH TO DATE    0.0                       T      0.0       T
  SINCE SEP 1      0.0                       T      0.0       T
  SINCE JUL 1      0.0                       T      0.0       T
  SNOW DEPTH       0

DEGREE DAYS
 HEATING
  YESTERDAY       25                        15     10        9
  MONTH TO DATE  301                       328    -27      357
  SINCE SEP 1    378                       405    -27      396
  SINCE JUL 1    381                       410    -29      407

 COOLING
  YESTERDAY        0                         0      0        0
  MONTH TO DATE   13                        22     -9       45
  SINCE SEP 1    129                       151    -22      205
  SINCE JAN 1   1162                      1121     41     1145
..................................................................


WIND (MPH)
  HIGHEST WIND SPEED    31   HIGHEST WIND DIRECTION     N (350)
  HIGHEST GUST SPEED    40   HIGHEST GUST DIRECTION     N (350)
  AVERAGE WIND SPEED    15.6


SKY COVER
  POSSIBLE SUNSHINE  MM
  AVERAGE SKY COVER 0.6


WEATHER CONDITIONS
 THE FOLLOWING WEATHER WAS RECORDED YESTERDAY.
  LIGHT RAIN


RELATIVE HUMIDITY (PERCENT)
 HIGHEST    86          1200 AM
 LOWEST     37           200 PM
 AVERAGE    62

..........................................................


THE SPRINGFIELD IL CLIMATE NORMALS FOR TODAY
                         NORMAL    RECORD    YEAR
 MAXIMUM TEMPERATURE (F)   60        83      1950
 MINIMUM TEMPERATURE (F)   40        21      1993


SUNRISE AND SUNSET
NOVEMBER  1 2014......SUNRISE   728 AM CDT   SUNSET   557 PM CDT
NOVEMBER  2 2014......SUNRISE   629 AM CST   SUNSET   455 PM CST


-  INDICATES NEGATIVE NUMBERS.
R  INDICATES RECORD WAS SET OR TIED.
MM INDICATES DATA IS MISSING.
T  INDICATES TRACE AMOUNT.




$$
