000
CDUS43 KILX 222143
CLISPI


CLIMATE REPORT
NATIONAL WEATHER SERVICE LINCOLN IL
432 PM CDT SUN OCT 22 2017


...................................

...THE SPRINGFIELD IL CLIMATE SUMMARY FOR OCTOBER 22 2017...
VALID TODAY AS OF 0400 PM LOCAL TIME.

CLIMATE NORMAL PERIOD 1981 TO 2010
CLIMATE RECORD PERIOD 1879 TO 2017


WEATHER ITEM   OBSERVED TIME   RECORD YEAR NORMAL DEPARTURE LAST
                VALUE   (LST)  VALUE       VALUE  FROM      YEAR
                                                  NORMAL
..................................................................
TEMPERATURE (F)
 TODAY
  MAXIMUM         72   1008 AM  85    1963  64      8       66
                                      1947
  MINIMUM         54    214 PM  23    1997  42     12       36
                                      1976
  AVERAGE         63                        53     10       51

PRECIPITATION (IN)
  TODAY            0.02          1.85 1889   0.11  -0.09     0.00
  MONTH TO DATE    5.03                      2.22   2.81     1.80
  SINCE SEP 1      5.04                      5.12  -0.08     3.65
  SINCE JAN 1     30.08                     30.77  -0.69    39.50

SNOWFALL (IN)
  TODAY            0.0           T    1937   0.0    0.0      0.0
                                      1916
  MONTH TO DATE    0.0                       0.0    0.0      0.0
  SINCE SEP 1      0.0                       0.0    0.0      0.0
  SINCE JUL 1      0.0                       0.0    0.0      0.0
  SNOW DEPTH       0

DEGREE DAYS
 HEATING
  TODAY            2                        12    -10       14
  MONTH TO DATE   49                       205   -156       98
  SINCE SEP 1     85                       281   -196      110
  SINCE JUL 1     85                       286   -201      111

 COOLING
  TODAY            0                         0      0        0
  MONTH TO DATE   80                        19     61       65
  SINCE SEP 1    289                       148    141      323
  SINCE JAN 1   1401                      1118    283     1599
..................................................................


WIND (MPH)
  HIGHEST WIND SPEED    23   HIGHEST WIND DIRECTION     S (160)
  HIGHEST GUST SPEED    31   HIGHEST GUST DIRECTION     S (160)
  AVERAGE WIND SPEED    15.7


SKY COVER
  POSSIBLE SUNSHINE  MM
  AVERAGE SKY COVER 0.8


WEATHER CONDITIONS
 THE FOLLOWING WEATHER WAS RECORDED TODAY.
  LIGHT RAIN
  FOG


RELATIVE HUMIDITY (PERCENT)
 HIGHEST    93          1200 PM
 LOWEST     68          1200 AM
 AVERAGE    81

..........................................................


THE SPRINGFIELD IL CLIMATE NORMALS FOR TOMORROW
                         NORMAL    RECORD    YEAR
 MAXIMUM TEMPERATURE (F)   64        85      1963
 MINIMUM TEMPERATURE (F)   42        24      1981


SUNRISE AND SUNSET
OCTOBER 22 2017.......SUNRISE   717 AM CDT   SUNSET   609 PM CDT
OCTOBER 23 2017.......SUNRISE   718 AM CDT   SUNSET   608 PM CDT


-  INDICATES NEGATIVE NUMBERS.
R  INDICATES RECORD WAS SET OR TIED.
MM INDICATES DATA IS MISSING.
T  INDICATES TRACE AMOUNT.




$$
