000
CDUS43 KILX 270703
CLISPI


CLIMATE REPORT
NATIONAL WEATHER SERVICE LINCOLN IL
203 AM CDT MON MAR 27 2017


...................................

...THE SPRINGFIELD IL CLIMATE SUMMARY FOR MARCH 26 2017...

CLIMATE NORMAL PERIOD 1981 TO 2010
CLIMATE RECORD PERIOD 1879 TO 2017


WEATHER ITEM   OBSERVED TIME   RECORD YEAR NORMAL DEPARTURE LAST
                VALUE   (LST)  VALUE       VALUE  FROM      YEAR
                                                  NORMAL
..................................................................
TEMPERATURE (F)
 YESTERDAY
  MAXIMUM         58    358 PM  81    1991  57      1       63
  MINIMUM         47   1159 PM   6    1955  36     11       36
  AVERAGE         53                        46      7       50

PRECIPITATION (IN)
  YESTERDAY        0.00          1.43 1891   0.09  -0.09     0.00
  MONTH TO DATE    1.96                      2.16  -0.20     3.04
  SINCE MAR 1      1.96                      2.16  -0.20     3.04
  SINCE JAN 1      3.43                      5.79  -2.36     5.37

SNOWFALL (IN)
  YESTERDAY        0.0           1.2  1934   0.0    0.0      0.0
  MONTH TO DATE    4.6                       2.3    2.3      0.1
  SINCE MAR 1      4.6                       2.3    2.3      0.1
  SINCE JUL 1     10.3                      20.4  -10.1     15.7
  SNOW DEPTH       0

DEGREE DAYS
 HEATING
  YESTERDAY       12                        19     -7       15
  MONTH TO DATE  529                       620    -91      402
  SINCE MAR 1    529                       620    -91      402
  SINCE JUL 1   3784                      4891  -1107     3828

 COOLING
  YESTERDAY        0                         0      0        0
  MONTH TO DATE    0                         0      0        0
  SINCE MAR 1      0                         0      0        0
  SINCE JAN 1      0                         0      0        0
..................................................................


WIND (MPH)
  HIGHEST WIND SPEED    20   HIGHEST WIND DIRECTION     W (260)
  HIGHEST GUST SPEED    23   HIGHEST GUST DIRECTION     W (260)
  AVERAGE WIND SPEED     8.2


SKY COVER
  POSSIBLE SUNSHINE  MM
  AVERAGE SKY COVER 0.8


WEATHER CONDITIONS
 THE FOLLOWING WEATHER WAS RECORDED YESTERDAY.
  FOG


RELATIVE HUMIDITY (PERCENT)
 HIGHEST   100           400 AM
 LOWEST     77           600 PM
 AVERAGE    89

..........................................................


THE SPRINGFIELD IL CLIMATE NORMALS FOR TODAY
                         NORMAL    RECORD    YEAR
 MAXIMUM TEMPERATURE (F)   57        84      1910
 MINIMUM TEMPERATURE (F)   36        14      1955


SUNRISE AND SUNSET
MARCH 27 2017.........SUNRISE   650 AM CDT   SUNSET   718 PM CDT
MARCH 28 2017.........SUNRISE   649 AM CDT   SUNSET   719 PM CDT


-  INDICATES NEGATIVE NUMBERS.
R  INDICATES RECORD WAS SET OR TIED.
MM INDICATES DATA IS MISSING.
T  INDICATES TRACE AMOUNT.




$$
