000
CDUS44 KOUN 290633 RRA
CLISPS

CLIMATE REPORT
NATIONAL WEATHER SERVICE NORMAN OK
132 AM CDT WED MAR 29 2017


...................................

...THE WICHITA FALLS CLIMATE SUMMARY FOR MARCH 28 2017...

CLIMATE NORMAL PERIOD 1981 TO 2010
CLIMATE RECORD PERIOD 1897 TO 2017


WEATHER ITEM   OBSERVED TIME   RECORD YEAR NORMAL DEPARTURE LAST
                VALUE   (LST)  VALUE       VALUE  FROM      YEAR
                                                  NORMAL
..................................................................
TEMPERATURE (F)
 YESTERDAY
  MAXIMUM         71    804 PM  96    1928  71      0       71
  MINIMUM         51    323 AM  23    1931  44      7       36
  AVERAGE         61                        58      3       54

PRECIPITATION (IN)
  YESTERDAY        0.37          1.09 1938   0.07   0.30     0.00
  MONTH TO DATE    0.48                      2.01  -1.53     1.35
  SINCE JAN 1      4.45                      4.90  -0.45     3.05

SNOWFALL (IN)
  YESTERDAY        0.0                       0.0    0.0      0.0
  MONTH TO DATE    0.0                       0.5   -0.5      0.0
  SINCE JUL 1      T                         3.9   -3.9      2.6
  SNOW DEPTH       0

DEGREE DAYS
 HEATING
  YESTERDAY        4                         9     -5       11
  MONTH TO DATE  191                       334   -143      218
  SINCE JUL 1   2035                      2780   -745     2180

 COOLING
  YESTERDAY        0                         1     -1        0
  MONTH TO DATE   57                        14     43        3
  SINCE JAN 1     75                        17     58       12
..................................................................


WIND (MPH)
  HIGHEST WIND SPEED    29   HIGHEST WIND DIRECTION    NW (320)
  HIGHEST GUST SPEED    38   HIGHEST GUST DIRECTION    NW (320)
  AVERAGE WIND SPEED    15.1


SKY COVER
  AVERAGE SKY COVER 0.8


WEATHER CONDITIONS
 THE FOLLOWING WEATHER WAS RECORDED YESTERDAY.
  THUNDERSTORM
  HEAVY RAIN
  RAIN
  FOG
  HAZE


RELATIVE HUMIDITY (PERCENT)
 HIGHEST    89           300 AM
 LOWEST     70           100 PM
 AVERAGE    80

..........................................................


THE WICHITA FALLS CLIMATE NORMALS FOR TODAY
                         NORMAL    RECORD    YEAR
 MAXIMUM TEMPERATURE (F)   71        98      1967
 MINIMUM TEMPERATURE (F)   44        23      1944


SUNRISE AND SUNSET
MARCH 29 2017.........SUNRISE   725 AM CDT   SUNSET   753 PM CDT
MARCH 30 2017.........SUNRISE   724 AM CDT   SUNSET   753 PM CDT


-  INDICATES NEGATIVE NUMBERS.
R  INDICATES RECORD WAS SET OR TIED.
MM INDICATES DATA IS MISSING.
T  INDICATES TRACE AMOUNT.




$$
