148
CDUS44 KOUN 250633
CLISPS

CLIMATE REPORT
NATIONAL WEATHER SERVICE NORMAN OK
133 AM CDT MON JUL 25 2016


...................................

...THE WICHITA FALLS CLIMATE SUMMARY FOR JULY 24 2016...

CLIMATE NORMAL PERIOD 1981 TO 2010
CLIMATE RECORD PERIOD 1897 TO 2016


WEATHER ITEM   OBSERVED TIME   RECORD YEAR NORMAL DEPARTURE LAST
                VALUE   (LST)  VALUE       VALUE  FROM      YEAR
                                                  NORMAL
..................................................................
TEMPERATURE (F)
 YESTERDAY
  MAXIMUM        100    341 PM 109    1969  98      2       99
  MINIMUM         72    547 AM  60    1970  73     -1       75
  AVERAGE         86                        85      1       87

PRECIPITATION (IN)
  YESTERDAY        0.00          1.86 1975   0.04  -0.04     0.00
  MONTH TO DATE    1.72                      1.24   0.48     2.75
  SINCE JAN 1     21.50                     16.88   4.62    32.05

DEGREE DAYS
 COOLING
  YESTERDAY       21                        20      1       22
  MONTH TO DATE  494                       460     34      455
  SINCE JAN 1   1211                      1215     -4     1147
..................................................................


WIND (MPH)
  HIGHEST WIND SPEED    16   HIGHEST WIND DIRECTION    SE (130)
  HIGHEST GUST SPEED    21   HIGHEST GUST DIRECTION    SW (210)
  AVERAGE WIND SPEED     9.3


SKY COVER
  AVERAGE SKY COVER 0.0


WEATHER CONDITIONS
 THE FOLLOWING WEATHER WAS RECORDED YESTERDAY.
  NO SIGNIFICANT WEATHER WAS OBSERVED.


RELATIVE HUMIDITY (PERCENT)
 HIGHEST    84           600 AM
 LOWEST     35           100 PM
 AVERAGE    60

..........................................................


THE WICHITA FALLS CLIMATE NORMALS FOR TODAY
                         NORMAL    RECORD    YEAR
 MAXIMUM TEMPERATURE (F)   98       111      1964
 MINIMUM TEMPERATURE (F)   73        64      2004


SUNRISE AND SUNSET
JULY 25 2016..........SUNRISE   641 AM CDT   SUNSET   840 PM CDT
JULY 26 2016..........SUNRISE   642 AM CDT   SUNSET   839 PM CDT


-  INDICATES NEGATIVE NUMBERS.
R  INDICATES RECORD WAS SET OR TIED.
MM INDICATES DATA IS MISSING.
T  INDICATES TRACE AMOUNT.




$$
