000
CDUS44 KOUN 110629
CLISPS

CLIMATE REPORT
NATIONAL WEATHER SERVICE NORMAN OK
1228 AM CST SUN DEC 11 2016


...................................

...THE WICHITA FALLS CLIMATE SUMMARY FOR DECEMBER 10 2016...

CLIMATE NORMAL PERIOD 1981 TO 2010
CLIMATE RECORD PERIOD 1897 TO 2016


WEATHER ITEM   OBSERVED TIME   RECORD YEAR NORMAL DEPARTURE LAST
                VALUE   (LST)  VALUE       VALUE  FROM      YEAR
                                                  NORMAL
..................................................................
TEMPERATURE (F)
 YESTERDAY
  MAXIMUM         54    340 PM  81    1996  55     -1       74
  MINIMUM         33    721 AM  12    2013  31      2       44
                                      1977
  AVERAGE         44                        43      1       59

PRECIPITATION (IN)
  YESTERDAY        0.00          0.94 1946   0.06  -0.06     0.00
  MONTH TO DATE    0.82                      0.56   0.26     0.00
  SINCE JAN 1     37.16                     27.86   9.30    44.76

SNOWFALL (IN)
  YESTERDAY        0.0                       0.0    0.0      0.0
  MONTH TO DATE    0.0                       0.2   -0.2      0.0
  SINCE JUL 1      0.0                       0.5   -0.5      0.0
  SNOW DEPTH       0

DEGREE DAYS
 HEATING
  YESTERDAY       21                        22     -1        6
  MONTH TO DATE  240                       204     36      150
  SINCE JUL 1    491                       711   -220      526
..................................................................


WIND (MPH)
  HIGHEST WIND SPEED    28   HIGHEST WIND DIRECTION     S (180)
  HIGHEST GUST SPEED    37   HIGHEST GUST DIRECTION     S (190)
  AVERAGE WIND SPEED    16.6


SKY COVER
  AVERAGE SKY COVER 0.6


WEATHER CONDITIONS
 THE FOLLOWING WEATHER WAS RECORDED YESTERDAY.
  HAZE


RELATIVE HUMIDITY (PERCENT)
 HIGHEST    77          1100 PM
 LOWEST     44           300 PM
 AVERAGE    61

..........................................................


THE WICHITA FALLS CLIMATE NORMALS FOR TODAY
                         NORMAL    RECORD    YEAR
 MAXIMUM TEMPERATURE (F)   55        81      2015
 MINIMUM TEMPERATURE (F)   31        14      1957


SUNRISE AND SUNSET
DECEMBER 11 2016......SUNRISE   729 AM CST   SUNSET   525 PM CST
DECEMBER 12 2016......SUNRISE   730 AM CST   SUNSET   526 PM CST


-  INDICATES NEGATIVE NUMBERS.
R  INDICATES RECORD WAS SET OR TIED.
MM INDICATES DATA IS MISSING.
T  INDICATES TRACE AMOUNT.




$$
