000
CDUS44 KOUN 062331
CLISPS

CLIMATE REPORT
NATIONAL WEATHER SERVICE NORMAN OK
528 PM CST FRI MAR 6 2015


...................................

...THE WICHITA FALLS CLIMATE SUMMARY FOR MARCH 6 2015...
VALID TODAY AS OF 0500 PM LOCAL TIME.

CLIMATE NORMAL PERIOD 1981 TO 2010
CLIMATE RECORD PERIOD 1897 TO 2015


WEATHER ITEM   OBSERVED TIME   RECORD YEAR NORMAL DEPARTURE LAST
                VALUE   (LST)  VALUE       VALUE  FROM      YEAR
                                                  NORMAL
..................................................................
TEMPERATURE (F)
 TODAY
  MAXIMUM         55    416 PM  91    1929  64     -9       57
  MINIMUM         22    644 AM   8    1989  39    -17       30
  AVERAGE         39                        51    -12       44

PRECIPITATION (IN)
  TODAY            0.00          1.70 1970   0.08  -0.08     0.00
  MONTH TO DATE    0.18                      0.48  -0.30     0.09
  SINCE JAN 1      2.78                      3.37  -0.59     0.44

SNOWFALL (IN)
  TODAY            0.0                       0.0    0.0      0.0
  MONTH TO DATE    1.8                       0.1    1.7       T
  SINCE JUL 1      6.5                       3.5    3.0      5.0
  SNOW DEPTH       0

DEGREE DAYS
 HEATING
  TODAY           26                        14     12       21
  MONTH TO DATE  169                        89     80      184
  SINCE JUL 1   2608                      2535     73     2954

 COOLING
  TODAY            0                         0      0        0
  MONTH TO DATE    0                         0      0        0
  SINCE JAN 1      0                         3     -3        0
..................................................................


WIND (MPH)
  HIGHEST WIND SPEED    16   HIGHEST WIND DIRECTION    SW (240)
  HIGHEST GUST SPEED    23   HIGHEST GUST DIRECTION     S (200)
  AVERAGE WIND SPEED    10.6


SKY COVER
  AVERAGE SKY COVER 0.0


WEATHER CONDITIONS
 THE FOLLOWING WEATHER WAS RECORDED TODAY.
  NO SIGNIFICANT WEATHER WAS OBSERVED.


RELATIVE HUMIDITY (PERCENT)
 HIGHEST    81           300 AM
 LOWEST     38           200 PM
 AVERAGE    60

..........................................................


THE WICHITA FALLS CLIMATE NORMALS FOR TOMORROW
                         NORMAL    RECORD    YEAR
 MAXIMUM TEMPERATURE (F)   64        88      1929
 MINIMUM TEMPERATURE (F)   39        11      1989


SUNRISE AND SUNSET
MARCH  6 2015.........SUNRISE   657 AM CST   SUNSET   634 PM CST
MARCH  7 2015.........SUNRISE   655 AM CST   SUNSET   635 PM CST


-  INDICATES NEGATIVE NUMBERS.
R  INDICATES RECORD WAS SET OR TIED.
MM INDICATES DATA IS MISSING.
T  INDICATES TRACE AMOUNT.




$$
