000
CDUS44 KOUN 072211
CLISPS

CLIMATE REPORT
NATIONAL WEATHER SERVICE NORMAN OK
510 PM CDT TUE JUL 7 2015


...................................

...THE WICHITA FALLS CLIMATE SUMMARY FOR JULY 7 2015...
VALID TODAY AS OF 0500 PM LOCAL TIME.

CLIMATE NORMAL PERIOD 1981 TO 2010
CLIMATE RECORD PERIOD 1897 TO 2015


WEATHER ITEM   OBSERVED TIME   RECORD YEAR NORMAL DEPARTURE LAST
                VALUE   (LST)  VALUE       VALUE  FROM      YEAR
                                                  NORMAL
..................................................................
TEMPERATURE (F)
 TODAY
  MAXIMUM         81   1229 AM 110    1996  96    -15       98
                                      1970
  MINIMUM         71    745 AM  59    1972  71      0       72
  AVERAGE         76                        84     -8       85

PRECIPITATION (IN)
  TODAY            0.97          2.58 1950   0.06   0.91     0.00
  MONTH TO DATE    1.00                      0.42   0.58     2.13
  SINCE JAN 1     30.30                     16.06  14.24    10.37

DEGREE DAYS
 COOLING
  TODAY           11                        19     -8       20
  MONTH TO DATE  129                       127      2      112
  SINCE JAN 1    821                       882    -61     1002
..................................................................


WIND (MPH)
  HIGHEST WIND SPEED    22   HIGHEST WIND DIRECTION     S (180)
  HIGHEST GUST SPEED    26   HIGHEST GUST DIRECTION    SW (240)
  AVERAGE WIND SPEED    10.4


SKY COVER
  AVERAGE SKY COVER 0.8


WEATHER CONDITIONS
 THE FOLLOWING WEATHER WAS RECORDED TODAY.
  HEAVY RAIN
  RAIN
  LIGHT RAIN
  FOG


RELATIVE HUMIDITY (PERCENT)
 HIGHEST   100           900 AM
 LOWEST     58          1200 AM
 AVERAGE    79

..........................................................


THE WICHITA FALLS CLIMATE NORMALS FOR TOMORROW
                         NORMAL    RECORD    YEAR
 MAXIMUM TEMPERATURE (F)   96       110      2011
                                             1939
 MINIMUM TEMPERATURE (F)   71        57      1952


SUNRISE AND SUNSET
JULY  7 2015..........SUNRISE   629 AM CDT   SUNSET   848 PM CDT
JULY  8 2015..........SUNRISE   630 AM CDT   SUNSET   848 PM CDT


-  INDICATES NEGATIVE NUMBERS.
R  INDICATES RECORD WAS SET OR TIED.
MM INDICATES DATA IS MISSING.
T  INDICATES TRACE AMOUNT.




$$
