000
CDUS44 KOUN 202332
CLISPS

CLIMATE REPORT
NATIONAL WEATHER SERVICE NORMAN OK
529 PM CST TUE FEB 20 2018


...................................

...THE WICHITA FALLS CLIMATE SUMMARY FOR FEBRUARY 20 2018...
VALID TODAY AS OF 0500 PM LOCAL TIME.

CLIMATE NORMAL PERIOD 1981 TO 2010
CLIMATE RECORD PERIOD 1897 TO 2018


WEATHER ITEM   OBSERVED TIME   RECORD YEAR NORMAL DEPARTURE LAST
                VALUE   (LST)  VALUE       VALUE  FROM      YEAR
                                                  NORMAL
..................................................................
TEMPERATURE (F)
 TODAY
  MAXIMUM         72   1044 AM  89    1976  59     13       71
  MINIMUM         31    459 PM  19    1955  35     -4       54
  AVERAGE         52                        47      5       63

PRECIPITATION (IN)
  TODAY            0.72          1.51 1997   0.07   0.65     0.13
  MONTH TO DATE    0.81                      1.16  -0.35     2.10
  SINCE DEC 1      1.79                      3.92  -2.13     4.80
  SINCE JAN 1      0.82                      2.30  -1.48     3.97

SNOWFALL (IN)
  TODAY            0.0           5.0  1912   0.0    0.0      0.0
  MONTH TO DATE    0.0                       0.5   -0.5      0.0
  SINCE DEC 1      T                         2.9   -2.9       T
  SINCE JUL 1      T                         3.2   -3.2       T

DEGREE DAYS
 HEATING
  TODAY           13                        18     -5        2
  MONTH TO DATE  423                       402     21      250
  SINCE DEC 1   1813                      1805      8     1527
  SINCE JUL 1   2227                      2312    -85     1778

 COOLING
  TODAY            0                         0      0        0
  MONTH TO DATE    9                         0      9       10
  SINCE DEC 1     10                         2      8       13
  SINCE JAN 1      9                         1      8       10
..................................................................


WIND (MPH)
  HIGHEST WIND SPEED    37   HIGHEST WIND DIRECTION     N (350)
  HIGHEST GUST SPEED    42   HIGHEST GUST DIRECTION     N (350)
  AVERAGE WIND SPEED    19.6


SKY COVER
  AVERAGE SKY COVER 0.7


WEATHER CONDITIONS
 THE FOLLOWING WEATHER WAS RECORDED TODAY.
  THUNDERSTORM
  RAIN
  LIGHT RAIN
  LT FREEZING RAIN
  FOG


RELATIVE HUMIDITY (PERCENT)
 HIGHEST    92           200 PM
 LOWEST     66           700 AM
 AVERAGE    79

..........................................................


THE WICHITA FALLS CLIMATE NORMALS FOR TOMORROW
                         NORMAL    RECORD    YEAR
 MAXIMUM TEMPERATURE (F)   60        90      1996
 MINIMUM TEMPERATURE (F)   35        13      1939


SUNRISE AND SUNSET
FEBRUARY 20 2018......SUNRISE   713 AM CST   SUNSET   623 PM CST
FEBRUARY 21 2018......SUNRISE   712 AM CST   SUNSET   623 PM CST


-  INDICATES NEGATIVE NUMBERS.
R  INDICATES RECORD WAS SET OR TIED.
MM INDICATES DATA IS MISSING.
T  INDICATES TRACE AMOUNT.




$$
