979
CDUS44 KOUN 230635 RRA
CLISPS

CLIMATE REPORT
NATIONAL WEATHER SERVICE NORMAN OK
134 AM CDT TUE MAY 23 2017


...................................

...THE WICHITA FALLS CLIMATE SUMMARY FOR MAY 22 2017...

CLIMATE NORMAL PERIOD 1981 TO 2010
CLIMATE RECORD PERIOD 1897 TO 2017


WEATHER ITEM   OBSERVED TIME   RECORD YEAR NORMAL DEPARTURE LAST
                VALUE   (LST)  VALUE       VALUE  FROM      YEAR
                                                  NORMAL
..................................................................
TEMPERATURE (F)
 YESTERDAY
  MAXIMUM         77    335 PM 106    1939  85     -8       85
  MINIMUM         53    342 AM  45    1931  62     -9       65
  AVERAGE         65                        73     -8       75

PRECIPITATION (IN)
  YESTERDAY        0.02          5.12 1975   0.13  -0.11     0.10
  MONTH TO DATE    4.54                      2.55   1.99     3.14
  SINCE MAR 1      6.33                      7.36  -1.03    11.80
  SINCE JAN 1     10.30                     10.25   0.05    13.50

SNOWFALL (IN)
  YESTERDAY        0.0           0.0  2002   0.0    0.0      0.0
  MONTH TO DATE    0.0                       0.0    0.0      0.0
  SINCE MAR 1      0.0                       0.5   -0.5       T
  SINCE JUL 1      T                         3.9   -3.9      2.6
  SNOW DEPTH       0

DEGREE DAYS
 HEATING
  YESTERDAY        0                         0      0        0
  MONTH TO DATE   12                        20     -8       41
  SINCE MAR 1    317                       519   -202      350
  SINCE JUL 1   2161                      2965   -804     2312

 COOLING
  YESTERDAY        0                         9     -9       10
  MONTH TO DATE  117                       137    -20       88
  SINCE MAR 1    248                       226     22      147
  SINCE JAN 1    266                       229     37      156
..................................................................


WIND (MPH)
  HIGHEST WIND SPEED    22   HIGHEST WIND DIRECTION    SE (120)
  HIGHEST GUST SPEED    26   HIGHEST GUST DIRECTION    NE (50)
  AVERAGE WIND SPEED     5.7


SKY COVER
  AVERAGE SKY COVER 0.7


WEATHER CONDITIONS
 THE FOLLOWING WEATHER WAS RECORDED YESTERDAY.
  THUNDERSTORM
  RAIN
  LIGHT RAIN


RELATIVE HUMIDITY (PERCENT)
 HIGHEST    86           300 AM
 LOWEST     54           300 PM
 AVERAGE    70

..........................................................


THE WICHITA FALLS CLIMATE NORMALS FOR TODAY
                         NORMAL    RECORD    YEAR
 MAXIMUM TEMPERATURE (F)   85       110      2000
 MINIMUM TEMPERATURE (F)   62        51      1963
                                             1931


SUNRISE AND SUNSET
MAY 23 2017...........SUNRISE   627 AM CDT   SUNSET   834 PM CDT
MAY 24 2017...........SUNRISE   627 AM CDT   SUNSET   835 PM CDT


-  INDICATES NEGATIVE NUMBERS.
R  INDICATES RECORD WAS SET OR TIED.
MM INDICATES DATA IS MISSING.
T  INDICATES TRACE AMOUNT.




$$
