000
CDUS44 KOUN 260638
CLISPS

CLIMATE REPORT
NATIONAL WEATHER SERVICE NORMAN OK
136 AM CDT SAT JUL 26 2014


...................................

...THE WICHITA FALLS CLIMATE SUMMARY FOR JULY 25 2014...

CLIMATE NORMAL PERIOD 1981 TO 2010
CLIMATE RECORD PERIOD 1897 TO 2014


WEATHER ITEM   OBSERVED TIME   RECORD YEAR NORMAL DEPARTURE LAST
                VALUE   (LST)  VALUE       VALUE  FROM      YEAR
                                                  NORMAL
..................................................................
TEMPERATURE (F)
 YESTERDAY
  MAXIMUM         99    448 PM 111    1964  98      1       89
  MINIMUM         71    614 AM  64    2004  73     -2       75
  AVERAGE         85                        85      0       82

PRECIPITATION (IN)
  YESTERDAY        0.00          1.32 1926   0.05  -0.05     0.05
  MONTH TO DATE    4.50                      1.29   3.21     2.84
  SINCE JAN 1     12.74                     16.93  -4.19    12.96

DEGREE DAYS
 COOLING
  YESTERDAY       20                        20      0       17
  MONTH TO DATE  407                       480    -73      454
  SINCE JAN 1   1297                      1235     62     1341
..................................................................


WIND (MPH)
  HIGHEST WIND SPEED    21   HIGHEST WIND DIRECTION     S (200)
  HIGHEST GUST SPEED    22   HIGHEST GUST DIRECTION    SW (220)
  AVERAGE WIND SPEED    11.7


SKY COVER
  AVERAGE SKY COVER 0.0


WEATHER CONDITIONS
 THE FOLLOWING WEATHER WAS RECORDED YESTERDAY.
  NO SIGNIFICANT WEATHER WAS OBSERVED.


RELATIVE HUMIDITY (PERCENT)
 HIGHEST    84           500 AM
 LOWEST     26           600 PM
 AVERAGE    55

..........................................................


THE WICHITA FALLS CLIMATE NORMALS FOR TODAY
                         NORMAL    RECORD    YEAR
 MAXIMUM TEMPERATURE (F)   98       109      2011
                                             1964
 MINIMUM TEMPERATURE (F)   73        63      2004


SUNRISE AND SUNSET
JULY 26 2014..........SUNRISE   641 AM CDT   SUNSET   839 PM CDT
JULY 27 2014..........SUNRISE   642 AM CDT   SUNSET   839 PM CDT


-  INDICATES NEGATIVE NUMBERS.
R  INDICATES RECORD WAS SET OR TIED.
MM INDICATES DATA IS MISSING.
T  INDICATES TRACE AMOUNT.




$$
