000
CDUS42 KTBW 010838
CLISRQ


CLIMATE REPORT
NATIONAL WEATHER SERVICE TAMPA BAY FL
432 AM EDT TUE SEP 1 2015


...................................

...THE SARASOTA BRADENTON CLIMATE SUMMARY FOR AUGUST 31 2015...

CLIMATE NORMAL PERIOD 1981 TO 2010
CLIMATE RECORD PERIOD 1911 TO 2015


WEATHER ITEM   OBSERVED TIME   RECORD YEAR NORMAL DEPARTURE LAST
                VALUE   (LST)  VALUE       VALUE  FROM      YEAR
                                                  NORMAL
..................................................................
TEMPERATURE (F)
 YESTERDAY
  MAXIMUM         87    303 PM  97    1970  90     -3       96
  MINIMUM         76   1159 PM  65    1927  75      1       73
  AVERAGE         82                        82      0       85

PRECIPITATION (IN)
  YESTERDAY        0.05          1.82 1988   0.28  -0.23     0.72
  MONTH TO DATE    4.47                      9.14  -4.67     3.97
  SINCE JUN 1     15.01                     24.63  -9.62    13.10
  SINCE JAN 1     27.33                     38.33 -11.00    31.48

DEGREE DAYS
 HEATING
  YESTERDAY        0                         0      0        0
  MONTH TO DATE    0                         0      0        0
  SINCE JUN 1      0                         0      0        0
  SINCE JUL 1      0                         0      0        0

 COOLING
  YESTERDAY       17                        17      0       20
  MONTH TO DATE  547                       535     12      627
  SINCE JUN 1   1595                      1546     49     1734
  SINCE JAN 1   2635                      2297    338     2546
..................................................................


WIND (MPH)
  HIGHEST WIND SPEED    17   HIGHEST WIND DIRECTION    SE (140)
  HIGHEST GUST SPEED    21   HIGHEST GUST DIRECTION     S (160)
  AVERAGE WIND SPEED     8.8


SKY COVER
  POSSIBLE SUNSHINE  MM
  AVERAGE SKY COVER 0.3


WEATHER CONDITIONS
 THE FOLLOWING WEATHER WAS RECORDED YESTERDAY.
  THUNDERSTORM
  RAIN
  LIGHT RAIN
  FOG


RELATIVE HUMIDITY (PERCENT)
 HIGHEST    94           100 AM
 LOWEST     63          1200 PM

..........................................................


THE SARASOTA BRADENTON CLIMATE NORMALS FOR TODAY
                         NORMAL    RECORD    YEAR
 MAXIMUM TEMPERATURE (F)   90        96      2014
 MINIMUM TEMPERATURE (F)   75        63      1927


SUNRISE AND SUNSET
SEPTEMBER  1 2015.....SUNRISE   709 AM EDT   SUNSET   751 PM EDT
SEPTEMBER  2 2015.....SUNRISE   710 AM EDT   SUNSET   750 PM EDT


-  INDICATES NEGATIVE NUMBERS.
R  INDICATES RECORD WAS SET OR TIED.
MM INDICATES DATA IS MISSING.
T  INDICATES TRACE AMOUNT.




$$


&&
------------------------------------------------------------------
******************** SUPPLEMENTAL DATA ***************************

...GULF WATER TEMPERATURE AT NEW PASS 86 DEGREES
