000
CDUS42 KTBW 250830
CLISRQ


CLIMATE REPORT
NATIONAL WEATHER SERVICE TAMPA BAY FL
428 AM EDT SUN SEP 25 2016


...................................

...THE SARASOTA BRADENTON CLIMATE SUMMARY FOR SEPTEMBER 24 2016...

CLIMATE NORMAL PERIOD 1981 TO 2010
CLIMATE RECORD PERIOD 1911 TO 2016


WEATHER ITEM   OBSERVED TIME   RECORD YEAR NORMAL DEPARTURE LAST
                VALUE   (LST)  VALUE       VALUE  FROM      YEAR
                                                  NORMAL
..................................................................
TEMPERATURE (F)
 YESTERDAY
  MAXIMUM         93    317 PM  95    1921  88      5       89
  MINIMUM         77   1159 PM  59    1916  73      4       73
  AVERAGE         85                        81      4       81

PRECIPITATION (IN)
  YESTERDAY        0.00          4.68 1928   0.19  -0.19     0.00
  MONTH TO DATE    3.91                      6.19  -2.28     5.01
  SINCE SEP 1      3.91                      6.19  -2.28     5.01
  SINCE JAN 1     43.63                     44.52  -0.89    32.34

DEGREE DAYS
 HEATING
  YESTERDAY        0                         0      0        0
  MONTH TO DATE    0                         0      0        0
  SINCE SEP 1      0                         0      0        0
  SINCE JUL 1      0                         0      0        0

 COOLING
  YESTERDAY       20                        16      4       16
  MONTH TO DATE  470                       401     69      407
  SINCE SEP 1    470                       401     69      407
  SINCE JAN 1   3249                      2698    551     3042
..................................................................


WIND (MPH)
  HIGHEST WIND SPEED    14   HIGHEST WIND DIRECTION     W (270)
  HIGHEST GUST SPEED    19   HIGHEST GUST DIRECTION     W (270)
  AVERAGE WIND SPEED     6.4


SKY COVER
  POSSIBLE SUNSHINE  MM
  AVERAGE SKY COVER 0.1


WEATHER CONDITIONS
 THE FOLLOWING WEATHER WAS RECORDED YESTERDAY.
  THUNDERSTORM


RELATIVE HUMIDITY (PERCENT)
 HIGHEST    88           700 AM
 LOWEST     56          1200 PM

..........................................................


THE SARASOTA BRADENTON CLIMATE NORMALS FOR TODAY
                         NORMAL    RECORD    YEAR
 MAXIMUM TEMPERATURE (F)   88        95      1995
 MINIMUM TEMPERATURE (F)   73        63      1996


SUNRISE AND SUNSET
SEPTEMBER 25 2016.....SUNRISE   720 AM EDT   SUNSET   723 PM EDT
SEPTEMBER 26 2016.....SUNRISE   721 AM EDT   SUNSET   721 PM EDT


-  INDICATES NEGATIVE NUMBERS.
R  INDICATES RECORD WAS SET OR TIED.
MM INDICATES DATA IS MISSING.
T  INDICATES TRACE AMOUNT.




$$


&&
------------------------------------------------------------------
******************** SUPPLEMENTAL DATA ***************************

...GULF WATER TEMPERATURE AT VENICE 86 DEGREES
