000
CDUS42 KTBW 232224
CLISRQ


CLIMATE REPORT
NATIONAL WEATHER SERVICE TAMPA BAY FL
522 PM EST THU FEB 23 2017


...................................

...THE SARASOTA BRADENTON CLIMATE SUMMARY FOR FEBRUARY 23 2017...
VALID TODAY AS OF 0500 PM LOCAL TIME.

CLIMATE NORMAL PERIOD 1981 TO 2010
CLIMATE RECORD PERIOD 1911 TO 2017


WEATHER ITEM   OBSERVED TIME   RECORD YEAR NORMAL DEPARTURE LAST
                VALUE   (LST)  VALUE       VALUE  FROM      YEAR
                                                  NORMAL
..................................................................
TEMPERATURE (F)
 TODAY
  MAXIMUM         80    456 PM  86    1962  74      6       81
  MINIMUM         56    406 AM  33    1978  54      2       62
  AVERAGE         68                        64      4       72

PRECIPITATION (IN)
  TODAY            0.00          1.32 1990   0.14  -0.14     0.00
  MONTH TO DATE    0.72                      1.98  -1.26     0.99
  SINCE DEC 1      3.67                      7.00  -3.33     6.69
  SINCE JAN 1      2.42                      4.47  -2.05     5.40

DEGREE DAYS
 HEATING
  TODAY            0                         3     -3        0
  MONTH TO DATE   26                        83    -57      102
  SINCE DEC 1    137                       370   -233      272
  SINCE JUL 1    148                       403   -255      276

 COOLING
  TODAY            3                         2      1        7
  MONTH TO DATE   52                        42     10       36
  SINCE DEC 1    301                       168    133      320
  SINCE JAN 1    138                        94     44       61
..................................................................


WIND (MPH)
  RESULTANT WIND SPEED   5   RESULTANT WIND DIRECTION   N (0)
  HIGHEST WIND SPEED    17   HIGHEST WIND DIRECTION     N (340)
  HIGHEST GUST SPEED    22   HIGHEST GUST DIRECTION     N (350)
  AVERAGE WIND SPEED     5.9


SKY COVER
  POSSIBLE SUNSHINE  MM
  AVERAGE SKY COVER 0.7


WEATHER CONDITIONS
 THE FOLLOWING WEATHER WAS RECORDED TODAY.
  FOG


RELATIVE HUMIDITY (PERCENT)
 HIGHEST   100           200 AM
 LOWEST     58           500 PM

..........................................................


THE SARASOTA BRADENTON CLIMATE NORMALS FOR TOMORROW
                         NORMAL    RECORD    YEAR
 MAXIMUM TEMPERATURE (F)   74        87      2001
 MINIMUM TEMPERATURE (F)   55        32      1964


SUNRISE AND SUNSET
FEBRUARY 23 2017......SUNRISE   700 AM EST   SUNSET   627 PM EST
FEBRUARY 24 2017......SUNRISE   659 AM EST   SUNSET   628 PM EST


-  INDICATES NEGATIVE NUMBERS.
R  INDICATES RECORD WAS SET OR TIED.
MM INDICATES DATA IS MISSING.
T  INDICATES TRACE AMOUNT.




$$


&&
------------------------------------------------------------------
******************** SUPPLEMENTAL DATA ***************************

...GULF WATER TEMPERATURE AT VENICE 71 DEGREES
