000
CDUS42 KTBW 052217
CLISRQ


CLIMATE REPORT
NATIONAL WEATHER SERVICE TAMPA BAY FL
514 PM EST THU MAR 5 2015


...................................

...THE SARASOTA BRADENTON CLIMATE SUMMARY FOR MARCH 5 2015...
VALID TODAY AS OF 0500 PM LOCAL TIME.

CLIMATE NORMAL PERIOD 1981 TO 2010
CLIMATE RECORD PERIOD 1911 TO 2015


WEATHER ITEM   OBSERVED TIME   RECORD YEAR NORMAL DEPARTURE LAST
                VALUE   (LST)  VALUE       VALUE  FROM      YEAR
                                                  NORMAL
..................................................................
TEMPERATURE (F)
 TODAY
  MAXIMUM         81    118 PM  88    1997  75      6       79
  MINIMUM         61    512 AM  32    1971  56      5       62
  AVERAGE         71                        65      6       71

PRECIPITATION (IN)
  TODAY            0.00          0.88 1957   0.14  -0.14     0.00
  MONTH TO DATE    0.00                      0.64  -0.64     0.01
  SINCE MAR 1      0.00                      0.64  -0.64     0.01
  SINCE JAN 1      4.88                      5.83  -0.95     3.63

DEGREE DAYS
 HEATING
  TODAY            0                         3     -3        0
  MONTH TO DATE    0                        15    -15        3
  SINCE MAR 1      0                        15    -15        3
  SINCE JUL 1    457                       433     24      311

 COOLING
  TODAY            6                         3      3        6
  MONTH TO DATE   40                        15     25       15
  SINCE MAR 1     40                        15     25       15
  SINCE JAN 1    109                       119    -10      131
..................................................................


WIND (MPH)
  RESULTANT WIND SPEED   8   RESULTANT WIND DIRECTION   S (180)
  HIGHEST WIND SPEED    20   HIGHEST WIND DIRECTION     S (200)
  HIGHEST GUST SPEED    25   HIGHEST GUST DIRECTION     S (180)
  AVERAGE WIND SPEED     9.5


SKY COVER
  POSSIBLE SUNSHINE  MM
  AVERAGE SKY COVER 0.1


WEATHER CONDITIONS
 THE FOLLOWING WEATHER WAS RECORDED TODAY.
  FOG


RELATIVE HUMIDITY (PERCENT)
 HIGHEST   100           200 AM
 LOWEST     69           100 PM

..........................................................


THE SARASOTA BRADENTON CLIMATE NORMALS FOR TOMORROW
                         NORMAL    RECORD    YEAR
 MAXIMUM TEMPERATURE (F)   75        88      1944
 MINIMUM TEMPERATURE (F)   56        37      1960


SUNRISE AND SUNSET
MARCH  5 2015.........SUNRISE   651 AM EST   SUNSET   633 PM EST
MARCH  6 2015.........SUNRISE   650 AM EST   SUNSET   634 PM EST


-  INDICATES NEGATIVE NUMBERS.
R  INDICATES RECORD WAS SET OR TIED.
MM INDICATES DATA IS MISSING.
T  INDICATES TRACE AMOUNT.




$$


&&
------------------------------------------------------------------
******************** SUPPLEMENTAL DATA ***************************

...GULF WATER TEMPERATURE AT NEW PASS 72
