000
CDUS42 KJAX 310531
CLISSI


CLIMATE REPORT
NATIONAL WEATHER SERVICE JACKSONVILLE FL
1231 AM EST SAT JAN 31 2015


...................................

...THE ST SIMONS ISLAND CLIMATE SUMMARY FOR JANUARY 30 2015...

CLIMATE NORMAL PERIOD 1981 TO 2010
CLIMATE RECORD PERIOD 1948 TO 2015


WEATHER ITEM   OBSERVED TIME   RECORD YEAR NORMAL DEPARTURE LAST
                VALUE   (LST)  VALUE       VALUE  FROM      YEAR
                                                  NORMAL
..................................................................
TEMPERATURE (F)
 YESTERDAY
  MAXIMUM         63    330 PM  82    1975  61      2       39
  MINIMUM         44   1116 PM  15    1966  43      1       31
  AVERAGE         54                        52      2       35

PRECIPITATION (IN)
  YESTERDAY        0.00          1.59 1994   0.11  -0.11     0.00
  MONTH TO DATE    3.03                      3.10  -0.07     4.59
  SINCE DEC 1      4.35                      5.74  -1.39     6.47
  SINCE JAN 1      3.03                      3.10  -0.07     4.59

SNOWFALL (IN)
  YESTERDAY        0.0           0.0    MM                   0.0
  MONTH TO DATE    0.0                                        T
  SINCE DEC 1      0.0                                        T
  SINCE JUL 1      0.0                                        T
  SNOW DEPTH       0

DEGREE DAYS
 HEATING
  YESTERDAY       11                        13     -2       30
  MONTH TO DATE  382                       411    -29      511
  SINCE DEC 1    638                       762   -124      740
  SINCE JUL 1    924                       942    -18      930

 COOLING
  YESTERDAY        0                         0      0        0
  MONTH TO DATE    6                         0      6        0
  SINCE DEC 1     12                        13     -1       18
  SINCE JAN 1      6                         0      6        0
..................................................................


WIND (MPH)
  HIGHEST WIND SPEED    17   HIGHEST WIND DIRECTION    NW (330)
  HIGHEST GUST SPEED    28   HIGHEST GUST DIRECTION    NW (310)
  AVERAGE WIND SPEED     7.7


SKY COVER
  POSSIBLE SUNSHINE  MM
  AVERAGE SKY COVER 0.1


WEATHER CONDITIONS
 THE FOLLOWING WEATHER WAS RECORDED YESTERDAY.
  NO SIGNIFICANT WEATHER WAS OBSERVED.


RELATIVE HUMIDITY (PERCENT)
 HIGHEST    89          1200 AM
 LOWEST     27           400 PM
 AVERAGE    58

..........................................................


THE ST SIMONS ISLAND CLIMATE NORMALS FOR TODAY
                         NORMAL    RECORD    YEAR
 MAXIMUM TEMPERATURE (F)   61        80      1974
 MINIMUM TEMPERATURE (F)   44        20      1966


SUNRISE AND SUNSET
JANUARY 31 2015.......SUNRISE   718 AM EST   SUNSET   600 PM EST
FEBRUARY  1 2015......SUNRISE   718 AM EST   SUNSET   601 PM EST


-  INDICATES NEGATIVE NUMBERS.
R  INDICATES RECORD WAS SET OR TIED.
MM INDICATES DATA IS MISSING.
T  INDICATES TRACE AMOUNT.




$$
