000
CDUS42 KJAX 220533
CLISSI


CLIMATE REPORT
NATIONAL WEATHER SERVICE JACKSONVILLE FL
133 AM EDT FRI MAY 22 2015


...................................

...THE ST SIMONS ISLAND CLIMATE SUMMARY FOR MAY 21 2015...

CLIMATE NORMAL PERIOD 1981 TO 2010
CLIMATE RECORD PERIOD 1948 TO 2015


WEATHER ITEM   OBSERVED TIME   RECORD YEAR NORMAL DEPARTURE LAST
                VALUE   (LST)  VALUE       VALUE  FROM      YEAR
                                                  NORMAL
..................................................................
TEMPERATURE (F)
 YESTERDAY
  MAXIMUM         94    402 PM  98    1962  83     11       85
  MINIMUM         73    607 AM  51    1954  68      5       63
  AVERAGE         84                        76      8       74

PRECIPITATION (IN)
  YESTERDAY        0.00          0.79 1972   0.05  -0.05     0.00
  MONTH TO DATE    0.61                      1.07  -0.46     1.47
  SINCE MAR 1      6.41                      7.44  -1.03    11.93
  SINCE JAN 1     12.13                     14.13  -2.00    18.41

SNOWFALL (IN)
  YESTERDAY        0.0           0.0    MM                   0.0
  MONTH TO DATE    0.0                                       0.0
  SINCE MAR 1      0.0                                       0.0
  SINCE JUL 1      0.0                                        T
  SNOW DEPTH      MM

DEGREE DAYS
 HEATING
  YESTERDAY        0                         0      0        0
  MONTH TO DATE    1                         2     -1        1
  SINCE MAR 1    115                       235   -120      266
  SINCE JUL 1   1495                      1486      9     1494

 COOLING
  YESTERDAY       19                        11      8        9
  MONTH TO DATE  212                       177     35      165
  SINCE MAR 1    417                       311    106      295
  SINCE JAN 1    423                       320    103      303
..................................................................


WIND (MPH)
  HIGHEST WIND SPEED    MM   HIGHEST WIND DIRECTION    MM
  HIGHEST GUST SPEED    MM   HIGHEST GUST DIRECTION    MM
  AVERAGE WIND SPEED    MM


SKY COVER
  POSSIBLE SUNSHINE  MM
  AVERAGE SKY COVER  MM


WEATHER CONDITIONS
 THE FOLLOWING WEATHER WAS RECORDED YESTERDAY.
  NO SIGNIFICANT WEATHER WAS OBSERVED.


RELATIVE HUMIDITY (PERCENT)
 HIGHEST    MM
 LOWEST     MM
 AVERAGE    MM

..........................................................


THE ST SIMONS ISLAND CLIMATE NORMALS FOR TODAY
                         NORMAL    RECORD    YEAR
 MAXIMUM TEMPERATURE (F)   84        94      2006
                                             1962
 MINIMUM TEMPERATURE (F)   69        53      1954


SUNRISE AND SUNSET
MAY 22 2015...........SUNRISE   626 AM EDT   SUNSET   819 PM EDT
MAY 23 2015...........SUNRISE   626 AM EDT   SUNSET   819 PM EDT


-  INDICATES NEGATIVE NUMBERS.
R  INDICATES RECORD WAS SET OR TIED.
MM INDICATES DATA IS MISSING.
T  INDICATES TRACE AMOUNT.




$$
