000
CDUS42 KJAX 250526
CLISSI


CLIMATE REPORT
NATIONAL WEATHER SERVICE JACKSONVILLE FL
126 AM EDT SUN JUN 25 2017


...................................

...THE ST SIMONS ISLAND CLIMATE SUMMARY FOR JUNE 24 2017...

CLIMATE NORMAL PERIOD 1981 TO 2010
CLIMATE RECORD PERIOD 1948 TO 2017


WEATHER ITEM   OBSERVED TIME   RECORD YEAR NORMAL DEPARTURE LAST
                VALUE   (LST)  VALUE       VALUE  FROM      YEAR
                                                  NORMAL
..................................................................
TEMPERATURE (F)
 YESTERDAY
  MAXIMUM         94    137 PM 102    1950  89      5       96
  MINIMUM         79    710 AM  63    1990  74      5       77
  AVERAGE         87                        81      6       87

PRECIPITATION (IN)
  YESTERDAY        0.00          3.14 1958   0.17  -0.17     0.00
  MONTH TO DATE    3.44                      3.93  -0.49     3.23
  SINCE JUN 1      3.44                      3.93  -0.49     3.23
  SINCE JAN 1     15.58                     18.85  -3.27    16.26

SNOWFALL (IN)
  YESTERDAY        0.0           0.0    MM                   0.0
  MONTH TO DATE    0.0                                       0.0
  SINCE JUN 1      0.0                                       0.0
  SINCE JUL 1      0.0                                       0.0
  SNOW DEPTH       0

DEGREE DAYS
 HEATING
  YESTERDAY        0                         0      0        0
  MONTH TO DATE    0                         0      0        0
  SINCE JUN 1      0                         0      0        0
  SINCE JUL 1    781                      1488   -707     1021

 COOLING
  YESTERDAY       22                        16      6       22
  MONTH TO DATE  361                       358      3      409
  SINCE JUN 1    361                       358      3      409
  SINCE JAN 1   1069                       800    269      933
..................................................................


WIND (MPH)
  HIGHEST WIND SPEED    16   HIGHEST WIND DIRECTION     S (160)
  HIGHEST GUST SPEED    23   HIGHEST GUST DIRECTION     S (160)
  AVERAGE WIND SPEED     9.2


SKY COVER
  POSSIBLE SUNSHINE  MM
  AVERAGE SKY COVER 0.1


WEATHER CONDITIONS
 THE FOLLOWING WEATHER WAS RECORDED YESTERDAY.
  NO SIGNIFICANT WEATHER WAS OBSERVED.


RELATIVE HUMIDITY (PERCENT)
 HIGHEST    91           400 AM
 LOWEST     52           100 PM
 AVERAGE    72

..........................................................


THE ST SIMONS ISLAND CLIMATE NORMALS FOR TODAY
                         NORMAL    RECORD    YEAR
 MAXIMUM TEMPERATURE (F)   89       102      1950
 MINIMUM TEMPERATURE (F)   74        67      1974


SUNRISE AND SUNSET
JUNE 25 2017..........SUNRISE   623 AM EDT   SUNSET   833 PM EDT
JUNE 26 2017..........SUNRISE   624 AM EDT   SUNSET   833 PM EDT


-  INDICATES NEGATIVE NUMBERS.
R  INDICATES RECORD WAS SET OR TIED.
MM INDICATES DATA IS MISSING.
T  INDICATES TRACE AMOUNT.




$$
