000
CDUS42 KJAX 060532
CLISSI


CLIMATE REPORT
NATIONAL WEATHER SERVICE JACKSONVILLE FL
1232 AM EST FRI MAR 6 2015


...................................

...THE ST SIMONS ISLAND CLIMATE SUMMARY FOR MARCH 5 2015...

CLIMATE NORMAL PERIOD 1981 TO 2010
CLIMATE RECORD PERIOD 1948 TO 2015


WEATHER ITEM   OBSERVED TIME   RECORD YEAR NORMAL DEPARTURE LAST
                VALUE   (LST)  VALUE       VALUE  FROM      YEAR
                                                  NORMAL
..................................................................
TEMPERATURE (F)
 YESTERDAY
  MAXIMUM         84R   349 PM  83    1985  67     17       48
  MINIMUM         58    150 AM  28    1960  49      9       39
  AVERAGE         71                        58     13       44

PRECIPITATION (IN)
  YESTERDAY        0.06          1.74 1959   0.13  -0.07     0.15
  MONTH TO DATE    0.08                      0.69  -0.61     0.16
  SINCE MAR 1      0.08                      0.69  -0.61     0.16
  SINCE JAN 1      5.80                      7.38  -1.58     6.64

SNOWFALL (IN)
  YESTERDAY        0.0           0.0    MM                   0.0
  MONTH TO DATE    0.0                                       0.0
  SINCE MAR 1      0.0                                       0.0
  SINCE JUL 1      0.0                                        T
  SNOW DEPTH       0

DEGREE DAYS
 HEATING
  YESTERDAY        0                         8     -8       21
  MONTH TO DATE   20                        40    -20       52
  SINCE MAR 1     20                        40    -20       52
  SINCE JUL 1   1400                      1291    109     1280

 COOLING
  YESTERDAY        6                         1      5        0
  MONTH TO DATE    6                         4      2        3
  SINCE MAR 1      6                         4      2        3
  SINCE JAN 1     12                        13     -1       11
..................................................................


WIND (MPH)
  HIGHEST WIND SPEED    20   HIGHEST WIND DIRECTION     N (340)
  HIGHEST GUST SPEED    28   HIGHEST GUST DIRECTION     N (340)
  AVERAGE WIND SPEED     8.9


SKY COVER
  POSSIBLE SUNSHINE  MM
  AVERAGE SKY COVER 0.5


WEATHER CONDITIONS
 THE FOLLOWING WEATHER WAS RECORDED YESTERDAY.
  LIGHT RAIN
  FOG


RELATIVE HUMIDITY (PERCENT)
 HIGHEST   100           800 AM
 LOWEST     47           400 PM
 AVERAGE    74

..........................................................


THE ST SIMONS ISLAND CLIMATE NORMALS FOR TODAY
                         NORMAL    RECORD    YEAR
 MAXIMUM TEMPERATURE (F)   67        85      2003
 MINIMUM TEMPERATURE (F)   50        26      1960


SUNRISE AND SUNSET
MARCH  6 2015.........SUNRISE   647 AM EST   SUNSET   627 PM EST
MARCH  7 2015.........SUNRISE   646 AM EST   SUNSET   628 PM EST


-  INDICATES NEGATIVE NUMBERS.
R  INDICATES RECORD WAS SET OR TIED.
MM INDICATES DATA IS MISSING.
T  INDICATES TRACE AMOUNT.




$$
