000
CDUS42 KJAX 282225
CLISSI


CLIMATE REPORT
NATIONAL WEATHER SERVICE JACKSONVILLE FL
525 PM EST SUN DEC 28 2014


...................................

...THE ST SIMONS ISLAND CLIMATE SUMMARY FOR DECEMBER 28 2014...
VALID TODAY AS OF 0500 PM LOCAL TIME.

CLIMATE NORMAL PERIOD 1981 TO 2010
CLIMATE RECORD PERIOD 1948 TO 2014


WEATHER ITEM   OBSERVED TIME   RECORD YEAR NORMAL DEPARTURE LAST
                VALUE   (LST)  VALUE       VALUE  FROM      YEAR
                                                  NORMAL
..................................................................
TEMPERATURE (F)
 TODAY
  MAXIMUM         78    221 PM  81    1971  61     17       63
  MINIMUM         54    739 AM  29    2010  43     11       49
  AVERAGE         66                        52     14       56

PRECIPITATION (IN)
  TODAY            0.00          1.35 2000   0.09  -0.09     0.06
  MONTH TO DATE    1.22                      2.39  -1.17     1.39
  SINCE DEC 1      1.22                      2.39  -1.17     1.39
  SINCE JAN 1     43.94                     44.75  -0.81    51.56

SNOWFALL (IN)
  TODAY            0.0           0.0    MM                   0.0
  MONTH TO DATE    0.0                                       0.0
  SINCE DEC 1      0.0                                       0.0
  SINCE JUL 1      0.0                                       0.0

DEGREE DAYS
 HEATING
  TODAY            0                        13    -13        9
  MONTH TO DATE  234                       309    -75      209
  SINCE DEC 1    234                       309    -75      209
  SINCE JUL 1    520                       489     31      399

 COOLING
  TODAY            1                         0      1        0
  MONTH TO DATE    3                         9     -6       18
  SINCE DEC 1      3                         9     -6       18
  SINCE JAN 1   2589                      2624    -35     2605
..................................................................


WIND (MPH)
  HIGHEST WIND SPEED    12   HIGHEST WIND DIRECTION    SW (220)
  HIGHEST GUST SPEED    14   HIGHEST GUST DIRECTION    SW (220)
  AVERAGE WIND SPEED     2.7


SKY COVER
  POSSIBLE SUNSHINE  MM
  AVERAGE SKY COVER 0.1


WEATHER CONDITIONS
 THE FOLLOWING WEATHER WAS RECORDED TODAY.
  FOG


RELATIVE HUMIDITY (PERCENT)
 HIGHEST   100           700 AM
 LOWEST     60           200 PM
 AVERAGE    80

..........................................................


THE ST SIMONS ISLAND CLIMATE NORMALS FOR TOMORROW
                         NORMAL    RECORD    YEAR
 MAXIMUM TEMPERATURE (F)   61        78      1984
 MINIMUM TEMPERATURE (F)   43        27      1977


SUNRISE AND SUNSET
DECEMBER 28 2014......SUNRISE   723 AM EST   SUNSET   531 PM EST
DECEMBER 29 2014......SUNRISE   723 AM EST   SUNSET   532 PM EST


-  INDICATES NEGATIVE NUMBERS.
R  INDICATES RECORD WAS SET OR TIED.
MM INDICATES DATA IS MISSING.
T  INDICATES TRACE AMOUNT.




$$
