000
CDUS42 KJAX 280531
CLISSI


CLIMATE REPORT
NATIONAL WEATHER SERVICE JACKSONVILLE FL
130 AM EDT SAT MAR 28 2015


...................................

...THE ST SIMONS ISLAND CLIMATE SUMMARY FOR MARCH 27 2015...

CLIMATE NORMAL PERIOD 1981 TO 2010
CLIMATE RECORD PERIOD 1948 TO 2015


WEATHER ITEM   OBSERVED TIME   RECORD YEAR NORMAL DEPARTURE LAST
                VALUE   (LST)  VALUE       VALUE  FROM      YEAR
                                                  NORMAL
..................................................................
TEMPERATURE (F)
 YESTERDAY
  MAXIMUM         76    129 PM  88    2011  71      5       66
  MINIMUM         53   1159 PM  30    1955  54     -1       44
  AVERAGE         65                        62      3       55

PRECIPITATION (IN)
  YESTERDAY        0.24          4.26 1984   0.13   0.11     0.00
  MONTH TO DATE    2.37                      3.40  -1.03     2.12
  SINCE MAR 1      2.37                      3.40  -1.03     2.12
  SINCE JAN 1      8.09                     10.09  -2.00     8.60

SNOWFALL (IN)
  YESTERDAY        0.0           0.0    MM                   0.0
  MONTH TO DATE    0.0                                       0.0
  SINCE MAR 1      0.0                                       0.0
  SINCE JUL 1      0.0                                        T
  SNOW DEPTH       0

DEGREE DAYS
 HEATING
  YESTERDAY        0                         4     -4       10
  MONTH TO DATE   82                       163    -81      216
  SINCE MAR 1     82                       163    -81      216
  SINCE JUL 1   1462                      1414     48     1444

 COOLING
  YESTERDAY        0                         1     -1        0
  MONTH TO DATE   27                        26      1        9
  SINCE MAR 1     27                        26      1        9
  SINCE JAN 1     33                        35     -2       17
..................................................................


WIND (MPH)
  HIGHEST WIND SPEED    20   HIGHEST WIND DIRECTION    SW (240)
  HIGHEST GUST SPEED    27   HIGHEST GUST DIRECTION     W (280)
  AVERAGE WIND SPEED    10.6


SKY COVER
  POSSIBLE SUNSHINE  MM
  AVERAGE SKY COVER 0.7


WEATHER CONDITIONS
 THE FOLLOWING WEATHER WAS RECORDED YESTERDAY.
  HEAVY RAIN
  LIGHT RAIN
  FOG


RELATIVE HUMIDITY (PERCENT)
 HIGHEST    93          1200 AM
 LOWEST     61           900 PM
 AVERAGE    77

..........................................................


THE ST SIMONS ISLAND CLIMATE NORMALS FOR TODAY
                         NORMAL    RECORD    YEAR
 MAXIMUM TEMPERATURE (F)   71        84      1984
 MINIMUM TEMPERATURE (F)   54        35      1955


SUNRISE AND SUNSET
MARCH 28 2015.........SUNRISE   720 AM EDT   SUNSET   742 PM EDT
MARCH 29 2015.........SUNRISE   718 AM EDT   SUNSET   743 PM EDT


-  INDICATES NEGATIVE NUMBERS.
R  INDICATES RECORD WAS SET OR TIED.
MM INDICATES DATA IS MISSING.
T  INDICATES TRACE AMOUNT.




$$
