000
CDUS43 KMPX 270652
CLISTC


CLIMATE REPORT
NATIONAL WEATHER SERVICE CHANHASSEN MN
1252 AM CST SAT DEC 27 2014


...................................

...THE ST CLOUD MN CLIMATE SUMMARY FOR DECEMBER 26 2014...

CLIMATE NORMAL PERIOD 1981 TO 2010
CLIMATE RECORD PERIOD 1893 TO 2014


WEATHER ITEM   OBSERVED TIME   RECORD YEAR NORMAL DEPARTURE LAST
                VALUE   (LST)  VALUE       VALUE  FROM      YEAR
                                                  NORMAL
..................................................................
TEMPERATURE (F)
 YESTERDAY
  MAXIMUM         33    214 PM  49    2011  22     11       21
  MINIMUM         27   1159 PM -34    1996   4     23        4
  AVERAGE         30                        13     17       13

PRECIPITATION (IN)
  YESTERDAY        0.01          0.52 1959   0.02  -0.01     0.01
  MONTH TO DATE    0.75                      0.69   0.06     1.71
  SINCE DEC 1      0.75                      0.69   0.06     1.71
  SINCE JAN 1     36.72                     27.60   9.12    28.78

SNOWFALL (IN)
  YESTERDAY        0.2           7.0  1988   0.3   -0.1      0.6
  MONTH TO DATE    2.5                       7.8   -5.3     19.9
  SINCE DEC 1      2.5                       7.8   -5.3     19.9
  SINCE JUL 1     20.1                      17.0    3.1     23.5
  SNOW DEPTH       1

DEGREE DAYS
 HEATING
  YESTERDAY       35                        52    -17       52
  MONTH TO DATE  986                      1260   -274     1505
  SINCE DEC 1    986                      1260   -274     1505
  SINCE JUL 1   2918                      3185   -267     3378

 COOLING
  YESTERDAY        0                         0      0        0
  MONTH TO DATE    0                         0      0        0
  SINCE DEC 1      0                         0      0        0
  SINCE JAN 1    597                       465    132      578
..................................................................


WIND (MPH)
  HIGHEST WIND SPEED    15   HIGHEST WIND DIRECTION     N (360)
  HIGHEST GUST SPEED    19   HIGHEST GUST DIRECTION     N (360)
  AVERAGE WIND SPEED     9.1


SKY COVER
  POSSIBLE SUNSHINE  MM
  AVERAGE SKY COVER 1.0


WEATHER CONDITIONS
 THE FOLLOWING WEATHER WAS RECORDED YESTERDAY.
  LIGHT SNOW
  FOG


RELATIVE HUMIDITY (PERCENT)
 HIGHEST    85          1200 AM
 LOWEST     61           200 PM
 AVERAGE    73

..........................................................


THE ST CLOUD MN CLIMATE NORMALS FOR TODAY
                         NORMAL    RECORD    YEAR
 MAXIMUM TEMPERATURE (F)   22        45      1994
 MINIMUM TEMPERATURE (F)    4       -27      1924


SUNRISE AND SUNSET
DECEMBER 27 2014......SUNRISE   756 AM CST   SUNSET   439 PM CST
DECEMBER 28 2014......SUNRISE   756 AM CST   SUNSET   440 PM CST


-  INDICATES NEGATIVE NUMBERS.
R  INDICATES RECORD WAS SET OR TIED.
MM INDICATES DATA IS MISSING.
T  INDICATES TRACE AMOUNT.




$$
