000
CDUS43 KMPX 310653
CLISTC


CLIMATE REPORT
NATIONAL WEATHER SERVICE CHANHASSEN MN
152 AM CDT THU JUL 31 2014


...................................

...THE ST CLOUD MN CLIMATE SUMMARY FOR JULY 30 2014...

CLIMATE NORMAL PERIOD 1981 TO 2010
CLIMATE RECORD PERIOD 1893 TO 2014


WEATHER ITEM   OBSERVED TIME   RECORD YEAR NORMAL DEPARTURE LAST
                VALUE   (LST)  VALUE       VALUE  FROM      YEAR
                                                  NORMAL
..................................................................
TEMPERATURE (F)
 YESTERDAY
  MAXIMUM         84    306 PM 102    1900  82      2       71
  MINIMUM         57    300 AM  44    1971  58     -1       58
  AVERAGE         71                        70      1       65

PRECIPITATION (IN)
  YESTERDAY        0.00          1.22 1999   0.10  -0.10     0.07
  MONTH TO DATE    1.25                      3.20  -1.95     1.43
  SINCE JUN 1      7.43                      7.37   0.06     7.19
  SINCE JAN 1     23.78                     15.68   8.10    19.48

SNOWFALL (IN)
  YESTERDAY        0.0           0.0    MM   0.0    0.0      0.0
  MONTH TO DATE    0.0                       0.0    0.0      0.0
  SINCE JUN 1      0.0                       0.0    0.0      0.0
  SINCE JUL 1      0.0                       0.0    0.0      0.0
  SNOW DEPTH       0

DEGREE DAYS
 HEATING
  YESTERDAY        0                         1     -1        0
  MONTH TO DATE    7                        16     -9       26
  SINCE JUN 1     33                        94    -61      113
  SINCE JUL 1      7                        16     -9       26

 COOLING
  YESTERDAY        6                         6      0        0
  MONTH TO DATE  170                       179     -9      215
  SINCE JUN 1    303                       274     29      314
  SINCE JAN 1    347                       299     48      325
..................................................................


WIND (MPH)
  HIGHEST WIND SPEED    16   HIGHEST WIND DIRECTION    NW (300)
  HIGHEST GUST SPEED    21   HIGHEST GUST DIRECTION     W (290)
  AVERAGE WIND SPEED     5.6


SKY COVER
  POSSIBLE SUNSHINE  MM
  AVERAGE SKY COVER 0.0


WEATHER CONDITIONS
 THE FOLLOWING WEATHER WAS RECORDED YESTERDAY.
  HAZE


RELATIVE HUMIDITY (PERCENT)
 HIGHEST    86           200 AM
 LOWEST     33           100 PM
 AVERAGE    60

..........................................................


THE ST CLOUD MN CLIMATE NORMALS FOR TODAY
                         NORMAL    RECORD    YEAR
 MAXIMUM TEMPERATURE (F)   82       102      1988
 MINIMUM TEMPERATURE (F)   58        44      1992


SUNRISE AND SUNSET
JULY 31 2014..........SUNRISE   559 AM CDT   SUNSET   846 PM CDT
AUGUST  1 2014........SUNRISE   600 AM CDT   SUNSET   844 PM CDT


-  INDICATES NEGATIVE NUMBERS.
R  INDICATES RECORD WAS SET OR TIED.
MM INDICATES DATA IS MISSING.
T  INDICATES TRACE AMOUNT.




$$
