000
CDUS43 KMPX 290117
CLISTC


CLIMATE REPORT
NATIONAL WEATHER SERVICE CHANHASSEN MN
817 PM CDT FRI AUG 28 2015


...................................

...THE ST CLOUD MN CLIMATE SUMMARY FOR AUGUST 28 2015...
VALID TODAY AS OF 0800 PM LOCAL TIME.

CLIMATE NORMAL PERIOD 1981 TO 2010
CLIMATE RECORD PERIOD 1893 TO 2015


WEATHER ITEM   OBSERVED TIME   RECORD YEAR NORMAL DEPARTURE LAST
                VALUE   (LST)  VALUE       VALUE  FROM      YEAR
                                                  NORMAL
..................................................................
TEMPERATURE (F)
 TODAY
  MAXIMUM         80    112 PM  94    1984  77      3       76
                                      1969
                                      1937
  MINIMUM         55    503 AM  36    1974  54      1       59
  AVERAGE         68                        66      2       68

PRECIPITATION (IN)
  TODAY            0.00          0.85 1940   0.13  -0.13     0.02
  MONTH TO DATE    3.10                      3.38  -0.28     2.77
  SINCE JUN 1     14.94                     10.86   4.08    10.20
  SINCE JAN 1     23.61                     19.17   4.44    26.55

SNOWFALL (IN)
  TODAY            0.0           0.0    MM   0.0    0.0      0.0
  MONTH TO DATE    0.0                       0.0    0.0      0.0
  SINCE JUN 1      0.0                       0.0    0.0      0.0
  SINCE JUL 1      0.0                       0.0    0.0      0.0
  SNOW DEPTH       0

DEGREE DAYS
 HEATING
  TODAY            0                         2     -2        0
  MONTH TO DATE   38                        34      4        2
  SINCE JUN 1     78                       129    -51       35
  SINCE JUL 1     50                        51     -1        9

 COOLING
  TODAY            3                         3      0        3
  MONTH TO DATE   99                       118    -19      183
  SINCE JUN 1    368                       395    -27      491
  SINCE JAN 1    373                       420    -47      535
..................................................................


WIND (MPH)
  HIGHEST WIND SPEED    14   HIGHEST WIND DIRECTION     S (200)
  HIGHEST GUST SPEED    MM   HIGHEST GUST DIRECTION    MM
  AVERAGE WIND SPEED     7.8


SKY COVER
  POSSIBLE SUNSHINE  MM
  AVERAGE SKY COVER 0.1


WEATHER CONDITIONS
 THE FOLLOWING WEATHER WAS RECORDED TODAY.
  FOG


RELATIVE HUMIDITY (PERCENT)
 HIGHEST   100           300 AM
 LOWEST     58           100 PM
 AVERAGE    79

..........................................................


THE ST CLOUD MN CLIMATE NORMALS FOR TOMORROW
                         NORMAL    RECORD    YEAR
 MAXIMUM TEMPERATURE (F)   77        94      1969
                                             1961
 MINIMUM TEMPERATURE (F)   54        36      1946


SUNRISE AND SUNSET
AUGUST 28 2015........SUNRISE   632 AM CDT   SUNSET   802 PM CDT
AUGUST 29 2015........SUNRISE   634 AM CDT   SUNSET   800 PM CDT


-  INDICATES NEGATIVE NUMBERS.
R  INDICATES RECORD WAS SET OR TIED.
MM INDICATES DATA IS MISSING.
T  INDICATES TRACE AMOUNT.




$$
