705
CDUS43 KMPX 200643
CLISTC


CLIMATE REPORT
NATIONAL WEATHER SERVICE CHANHASSEN MN
1243 AM CST TUE FEB 20 2018


...................................

...THE ST CLOUD MN CLIMATE SUMMARY FOR FEBRUARY 19 2018...

CLIMATE NORMAL PERIOD 1981 TO 2010
CLIMATE RECORD PERIOD 1893 TO 2018


WEATHER ITEM   OBSERVED TIME   RECORD YEAR NORMAL DEPARTURE LAST
                VALUE   (LST)  VALUE       VALUE  FROM      YEAR
                                                  NORMAL
..................................................................
TEMPERATURE (F)
 YESTERDAY
  MAXIMUM         21   1216 AM  58    2017  28     -7       58
  MINIMUM         12    858 AM -26    1910   9      3       28
  AVERAGE         17                        18     -1       43

PRECIPITATION (IN)
  YESTERDAY        0.09          0.53 1971   0.03   0.06     0.00
  MONTH TO DATE    0.28                      0.35  -0.07     0.10
  SINCE DEC 1      0.90                      1.82  -0.92     2.19
  SINCE JAN 1      0.46                      1.00  -0.54     0.64

SNOWFALL (IN)
  YESTERDAY        1.0           4.9  1951   0.2    0.8      0.0
  MONTH TO DATE    3.9                       4.4   -0.5      0.3
  SINCE DEC 1     13.2                      22.4   -9.2     19.1
  SINCE JUL 1     20.3                      31.6  -11.3     26.4
  SNOW DEPTH       1

DEGREE DAYS
 HEATING
  YESTERDAY       48                        47      1       22
  MONTH TO DATE 1097                       942    155      754
  SINCE DEC 1   4235                      4119    116     3696
  SINCE JUL 1   6001                      6044    -43     5070

 COOLING
  YESTERDAY        0                         0      0        0
  MONTH TO DATE    0                         0      0        0
  SINCE DEC 1      0                         0      0        0
  SINCE JAN 1      0                         0      0        0
..................................................................


WIND (MPH)
  HIGHEST WIND SPEED    20   HIGHEST WIND DIRECTION     N (360)
  HIGHEST GUST SPEED    29   HIGHEST GUST DIRECTION     N (360)
  AVERAGE WIND SPEED    11.8


SKY COVER
  POSSIBLE SUNSHINE  MM
  AVERAGE SKY COVER 1.0


WEATHER CONDITIONS
 THE FOLLOWING WEATHER WAS RECORDED YESTERDAY.
  LIGHT SNOW
  FOG
  HAZE


RELATIVE HUMIDITY (PERCENT)
 HIGHEST    88           400 AM
 LOWEST     73           100 PM
 AVERAGE    81

..........................................................


THE ST CLOUD MN CLIMATE NORMALS FOR TODAY
                         NORMAL    RECORD    YEAR
 MAXIMUM TEMPERATURE (F)   28        57      1981
 MINIMUM TEMPERATURE (F)    9       -20      1966
                                             1918


SUNRISE AND SUNSET
FEBRUARY 20 2018......SUNRISE   710 AM CST   SUNSET   551 PM CST
FEBRUARY 21 2018......SUNRISE   708 AM CST   SUNSET   552 PM CST


-  INDICATES NEGATIVE NUMBERS.
R  INDICATES RECORD WAS SET OR TIED.
MM INDICATES DATA IS MISSING.
T  INDICATES TRACE AMOUNT.




$$
