645
CDUS43 KMPX 210638
CLISTC


CLIMATE REPORT
NATIONAL WEATHER SERVICE CHANHASSEN MN
1238 AM CST TUE NOV 21 2017


...................................

...THE ST CLOUD MN CLIMATE SUMMARY FOR NOVEMBER 20 2017...

CLIMATE NORMAL PERIOD 1981 TO 2010
CLIMATE RECORD PERIOD 1893 TO 2017


WEATHER ITEM   OBSERVED TIME   RECORD YEAR NORMAL DEPARTURE LAST
                VALUE   (LST)  VALUE       VALUE  FROM      YEAR
                                                  NORMAL
..................................................................
TEMPERATURE (F)
 YESTERDAY
  MAXIMUM         45    828 PM  64    1962  36      9       27
  MINIMUM         21    146 AM -18    1921  19      2       17
  AVERAGE         33                        28      5       22

PRECIPITATION (IN)
  YESTERDAY        0.00          1.43 1931   0.04  -0.04     0.00
  MONTH TO DATE    0.82                      0.97  -0.15     0.67
  SINCE SEP 1      8.83                      6.92   1.91     6.43
  SINCE JAN 1     29.76                     26.50   3.26    31.25

SNOWFALL (IN)
  YESTERDAY        0.0          10.9  1975   0.3   -0.3      0.0
  MONTH TO DATE    5.7                       4.8    0.9      4.1
  SINCE SEP 1      7.1                       5.6    1.5      4.1
  SINCE JUL 1      7.1                       5.6    1.5      4.1
  SNOW DEPTH       0

DEGREE DAYS
 HEATING
  YESTERDAY       32                        37     -5       43
  MONTH TO DATE  723                       634     89      427
  SINCE SEP 1   1405                      1461    -56     1037
  SINCE JUL 1   1445                      1519    -74     1059

 COOLING
  YESTERDAY        0                         0      0        0
  MONTH TO DATE    0                         0      0        0
  SINCE SEP 1     71                        36     35       28
  SINCE JAN 1    361                       465   -104      506
..................................................................


WIND (MPH)
  HIGHEST WIND SPEED    23   HIGHEST WIND DIRECTION     W (280)
  HIGHEST GUST SPEED    30   HIGHEST GUST DIRECTION     W (280)
  AVERAGE WIND SPEED     8.5


SKY COVER
  POSSIBLE SUNSHINE  MM
  AVERAGE SKY COVER 0.0


WEATHER CONDITIONS
 THE FOLLOWING WEATHER WAS RECORDED YESTERDAY.
  NO SIGNIFICANT WEATHER WAS OBSERVED.


RELATIVE HUMIDITY (PERCENT)
 HIGHEST   100           200 AM
 LOWEST     53           900 PM
 AVERAGE    77

..........................................................


THE ST CLOUD MN CLIMATE NORMALS FOR TODAY
                         NORMAL    RECORD    YEAR
 MAXIMUM TEMPERATURE (F)   35        63      1990
 MINIMUM TEMPERATURE (F)   19        -7      2014


SUNRISE AND SUNSET
NOVEMBER 21 2017......SUNRISE   724 AM CST   SUNSET   440 PM CST
NOVEMBER 22 2017......SUNRISE   725 AM CST   SUNSET   439 PM CST


-  INDICATES NEGATIVE NUMBERS.
R  INDICATES RECORD WAS SET OR TIED.
MM INDICATES DATA IS MISSING.
T  INDICATES TRACE AMOUNT.




$$
