000
CDUS43 KEAX 290632
CLISTJ


CLIMATE REPORT
NATIONAL WEATHER SERVICE KANSAS CITY/PLEASANT HILL MO
132 AM CDT WED JUL 29 2015


...................................

...THE ST. JOSEPH MO CLIMATE SUMMARY FOR JULY 28 2015...

CLIMATE NORMAL PERIOD 1981 TO 2010
CLIMATE RECORD PERIOD 1892 TO 2015


WEATHER ITEM   OBSERVED TIME   RECORD YEAR NORMAL DEPARTURE LAST
                VALUE   (LST)  VALUE       VALUE  FROM      YEAR
                                                  NORMAL
..................................................................
TEMPERATURE (F)
 YESTERDAY
  MAXIMUM         94    334 PM 103    1931  87      7       79
  MINIMUM         74    404 AM  48    2013  67      7       57
  AVERAGE         84                        77      7       68

PRECIPITATION (IN)
  YESTERDAY        T             1.87 1979   0.17  -0.17     0.00
  MONTH TO DATE    4.85                      4.68   0.17     4.41
  SINCE JUN 1     11.75                      8.86   2.89    12.32
  SINCE JAN 1     27.44                     21.81   5.63    20.09

DEGREE DAYS
 HEATING
  YESTERDAY        0                         0      0        0
  MONTH TO DATE    0                         0      0        6
  SINCE JUN 1      1                         8     -7        7
  SINCE JUL 1      0                         0      0        6

 COOLING
  YESTERDAY       19                        12      7        3
  MONTH TO DATE  353                       334     19      248
  SINCE JUN 1    667                       601     66      527
  SINCE JAN 1    735                       714     21      688
..................................................................


WIND (MPH)
  HIGHEST WIND SPEED    26   HIGHEST WIND DIRECTION     N (20)
  HIGHEST GUST SPEED    31   HIGHEST GUST DIRECTION     N (20)
  AVERAGE WIND SPEED    10.0


SKY COVER
  POSSIBLE SUNSHINE  MM
  AVERAGE SKY COVER 0.1


WEATHER CONDITIONS
 THE FOLLOWING WEATHER WAS RECORDED YESTERDAY.
  THUNDERSTORM


RELATIVE HUMIDITY (PERCENT)
 HIGHEST    94          1200 AM
 LOWEST     56           200 PM
 AVERAGE    75

..........................................................


THE ST. JOSEPH MO CLIMATE NORMALS FOR TODAY
                         NORMAL    RECORD    YEAR
 MAXIMUM TEMPERATURE (F)   87       104      1947
 MINIMUM TEMPERATURE (F)   67        52      1971


SUNRISE AND SUNSET
JULY 29 2015..........SUNRISE   616 AM CDT   SUNSET   836 PM CDT
JULY 30 2015..........SUNRISE   617 AM CDT   SUNSET   835 PM CDT


-  INDICATES NEGATIVE NUMBERS.
R  INDICATES RECORD WAS SET OR TIED.
MM INDICATES DATA IS MISSING.
T  INDICATES TRACE AMOUNT.




$$
