000
CDUS43 KEAX 261236
CLISTJ


CLIMATE REPORT
NATIONAL WEATHER SERVICE KANSAS CITY/PLEASANT HILL MO
736 AM CDT SAT JUL 26 2014


...................................

...THE ST. JOSEPH MO CLIMATE SUMMARY FOR JULY 26 2014...
VALID AS OF 0700 AM LOCAL TIME.

CLIMATE NORMAL PERIOD 1981 TO 2010
CLIMATE RECORD PERIOD 1892 TO 2014


WEATHER ITEM   OBSERVED TIME   RECORD YEAR NORMAL DEPARTURE LAST
                VALUE   (LST)  VALUE       VALUE  FROM      YEAR
                                                  NORMAL
..................................................................
TEMPERATURE (F)
 TODAY
  MAXIMUM         82   1211 AM 106    1936  87     -5       84
  MINIMUM         72    527 AM  51    1971  67      5       57
  AVERAGE         77                        77      0       71

PRECIPITATION (IN)
  TODAY            0.00          2.57 1981   0.18  -0.18      T
  MONTH TO DATE    4.41                      4.33   0.08     0.25
  SINCE JUN 1     12.32                      8.51   3.81     2.34
  SINCE JAN 1     20.09                     21.46  -1.37    16.39

DEGREE DAYS
 HEATING
  TODAY            0                         0      0        0
  MONTH TO DATE    6                         0      6        0
  SINCE JUN 1      7                         8     -1       15
  SINCE JUL 1      6                         0      6        0

 COOLING
  TODAY           12                        12      0        6
  MONTH TO DATE  233                       310    -77      327
  SINCE JUN 1    512                       577    -65      602
  SINCE JAN 1    673                       690    -17      728
..................................................................


WIND (MPH)
  HIGHEST WIND SPEED    10   HIGHEST WIND DIRECTION    SW (210)
  HIGHEST GUST SPEED    13   HIGHEST GUST DIRECTION    SW (220)
  AVERAGE WIND SPEED     3.8


SKY COVER
  AVERAGE SKY COVER 0.0


WEATHER CONDITIONS
 THE FOLLOWING WEATHER WAS RECORDED TODAY.
  FOG


RELATIVE HUMIDITY (PERCENT)
 HIGHEST    94           200 AM
 LOWEST     74          1200 AM
 AVERAGE    84

..........................................................


THE ST. JOSEPH MO CLIMATE NORMALS FOR TOMORROW
                         NORMAL    RECORD    YEAR
 MAXIMUM TEMPERATURE (F)   87       106      1930
 MINIMUM TEMPERATURE (F)   67        47      1971


SUNRISE AND SUNSET
JULY 26 2014..........SUNRISE   613 AM CDT   SUNSET   839 PM CDT
JULY 27 2014..........SUNRISE   614 AM CDT   SUNSET   838 PM CDT


-  INDICATES NEGATIVE NUMBERS.
R  INDICATES RECORD WAS SET OR TIED.
MM INDICATES DATA IS MISSING.
T  INDICATES TRACE AMOUNT.




$$
