000
CDUS43 KEAX 300636
CLISTJ


CLIMATE REPORT
NATIONAL WEATHER SERVICE KANSAS CITY/PLEASANT HILL MO
135 AM CDT SAT APR 30 2016


...................................

...THE ST. JOSEPH MO CLIMATE SUMMARY FOR APRIL 29 2016...

CLIMATE NORMAL PERIOD 1981 TO 2010
CLIMATE RECORD PERIOD 1892 TO 2016


WEATHER ITEM   OBSERVED TIME   RECORD YEAR NORMAL DEPARTURE LAST
                VALUE   (LST)  VALUE       VALUE  FROM      YEAR
                                                  NORMAL
..................................................................
TEMPERATURE (F)
 YESTERDAY
  MAXIMUM         55    244 PM  94    1987  70    -15       74
  MINIMUM         46    540 AM  31    1958  47     -1       43
  AVERAGE         51                        58     -7       59

PRECIPITATION (IN)
  YESTERDAY        0.52          1.53 1974   0.19   0.33     0.00
  MONTH TO DATE    6.04                      3.61   2.43     2.85
  SINCE MAR 1      6.91                      5.86   1.05     4.18
  SINCE JAN 1      7.82                      7.35   0.47     5.93

DEGREE DAYS
 HEATING
  YESTERDAY       14                         7      7        6
  MONTH TO DATE  265                       337    -72      266
  SINCE MAR 1    768                      1022   -254      873
  SINCE JUL 1   4386                      5330   -944     5397

 COOLING
  YESTERDAY        0                         1     -1        0
  MONTH TO DATE   17                        22     -5        4
  SINCE MAR 1     19                        24     -5        5
  SINCE JAN 1     19                        24     -5        5
..................................................................


WIND (MPH)
  HIGHEST WIND SPEED    23   HIGHEST WIND DIRECTION     E (70)
  HIGHEST GUST SPEED    31   HIGHEST GUST DIRECTION     E (70)
  AVERAGE WIND SPEED    11.3


SKY COVER
  POSSIBLE SUNSHINE  MM
  AVERAGE SKY COVER 1.0


WEATHER CONDITIONS
 THE FOLLOWING WEATHER WAS RECORDED YESTERDAY.
  THUNDERSTORM
  HEAVY RAIN
  RAIN
  LIGHT RAIN
  FOG


RELATIVE HUMIDITY (PERCENT)
 HIGHEST    89           500 PM
 LOWEST     71          1000 AM
 AVERAGE    80

..........................................................


THE ST. JOSEPH MO CLIMATE NORMALS FOR TODAY
                         NORMAL    RECORD    YEAR
 MAXIMUM TEMPERATURE (F)   70        90      1967
 MINIMUM TEMPERATURE (F)   47        33      1960


SUNRISE AND SUNSET
APRIL 30 2016.........SUNRISE   621 AM CDT   SUNSET   813 PM CDT
MAY  1 2016...........SUNRISE   620 AM CDT   SUNSET   814 PM CDT


-  INDICATES NEGATIVE NUMBERS.
R  INDICATES RECORD WAS SET OR TIED.
MM INDICATES DATA IS MISSING.
T  INDICATES TRACE AMOUNT.




$$
