000
CDUS43 KEAX 200634
CLISTJ


CLIMATE REPORT
NATIONAL WEATHER SERVICE KANSAS CITY/PLEASANT HILL MO
134 AM CDT SAT SEP 20 2014


...................................

...THE ST. JOSEPH MO CLIMATE SUMMARY FOR SEPTEMBER 19 2014...

CLIMATE NORMAL PERIOD 1981 TO 2010
CLIMATE RECORD PERIOD 1892 TO 2014


WEATHER ITEM   OBSERVED TIME   RECORD YEAR NORMAL DEPARTURE LAST
                VALUE   (LST)  VALUE       VALUE  FROM      YEAR
                                                  NORMAL
..................................................................
TEMPERATURE (F)
 YESTERDAY
  MAXIMUM         78    430 PM  96    1931  78      0       93
  MINIMUM         59    151 AM  31    1991  53      6       64
  AVERAGE         69                        65      4       79

PRECIPITATION (IN)
  YESTERDAY        0.00          1.19 2013   0.11  -0.11     1.19
  MONTH TO DATE    1.67                      2.39  -0.72     3.48
  SINCE SEP 1      1.67                      2.39  -0.72     3.48
  SINCE JAN 1     24.22                     28.69  -4.47    23.15

DEGREE DAYS
 HEATING
  YESTERDAY        0                         3     -3        0
  MONTH TO DATE   66                        26     40        7
  SINCE SEP 1     66                        26     40        7
  SINCE JUL 1     72                        31     41        9

 COOLING
  YESTERDAY        4                         3      1       14
  MONTH TO DATE   81                        94    -13      169
  SINCE SEP 1     81                        94    -13      169
  SINCE JAN 1   1130                      1171    -41     1239
..................................................................


WIND (MPH)
  HIGHEST WIND SPEED    17   HIGHEST WIND DIRECTION     S (160)
  HIGHEST GUST SPEED    21   HIGHEST GUST DIRECTION     S (160)
  AVERAGE WIND SPEED     9.3


SKY COVER
  POSSIBLE SUNSHINE  MM
  AVERAGE SKY COVER 0.5


WEATHER CONDITIONS
 THE FOLLOWING WEATHER WAS RECORDED YESTERDAY.
  FOG


RELATIVE HUMIDITY (PERCENT)
 HIGHEST   100           300 AM
 LOWEST     74           200 PM
 AVERAGE    87

..........................................................


THE ST. JOSEPH MO CLIMATE NORMALS FOR TODAY
                         NORMAL    RECORD    YEAR
 MAXIMUM TEMPERATURE (F)   78        95      1980
 MINIMUM TEMPERATURE (F)   52        32      1991


SUNRISE AND SUNSET
SEPTEMBER 20 2014.....SUNRISE   705 AM CDT   SUNSET   720 PM CDT
SEPTEMBER 21 2014.....SUNRISE   706 AM CDT   SUNSET   718 PM CDT


-  INDICATES NEGATIVE NUMBERS.
R  INDICATES RECORD WAS SET OR TIED.
MM INDICATES DATA IS MISSING.
T  INDICATES TRACE AMOUNT.




$$
