821
CDUS43 KEAX 270641
CLISTJ


CLIMATE REPORT
NATIONAL WEATHER SERVICE KANSAS CITY/PLEASANT HILL MO
141 AM CDT WED JUL 27 2016


...................................

...THE ST. JOSEPH MO CLIMATE SUMMARY FOR JULY 26 2016...

CLIMATE NORMAL PERIOD 1981 TO 2010
CLIMATE RECORD PERIOD 1892 TO 2016


WEATHER ITEM   OBSERVED TIME   RECORD YEAR NORMAL DEPARTURE LAST
                VALUE   (LST)  VALUE       VALUE  FROM      YEAR
                                                  NORMAL
..................................................................
TEMPERATURE (F)
 YESTERDAY
  MAXIMUM         89    321 PM 106    1936  87      2       90
  MINIMUM         64    525 AM  51    1971  67     -3       72
  AVERAGE         77                        77      0       81

PRECIPITATION (IN)
  YESTERDAY        0.00          2.57 1981   0.18  -0.18     0.06
  MONTH TO DATE    8.31                      4.33   3.98     4.09
  SINCE JUN 1      9.02                      8.51   0.51    10.99
  SINCE JAN 1     23.15                     21.46   1.69    26.68

DEGREE DAYS
 HEATING
  YESTERDAY        0                         0      0        0
  MONTH TO DATE    2                         0      2        0
  SINCE JUN 1      2                         8     -6        1
  SINCE JUL 1      2                         0      2        0

 COOLING
  YESTERDAY       12                        12      0       16
  MONTH TO DATE  363                       310     53      315
  SINCE JUN 1    790                       577    213      629
  SINCE JAN 1    873                       690    183      697
..................................................................


WIND (MPH)
  HIGHEST WIND SPEED    10   HIGHEST WIND DIRECTION    SE (120)
  HIGHEST GUST SPEED    23   HIGHEST GUST DIRECTION    NE (60)
  AVERAGE WIND SPEED     4.1


SKY COVER
  POSSIBLE SUNSHINE  MM
  AVERAGE SKY COVER 0.1


WEATHER CONDITIONS
 THE FOLLOWING WEATHER WAS RECORDED YESTERDAY.
  NO SIGNIFICANT WEATHER WAS OBSERVED.


RELATIVE HUMIDITY (PERCENT)
 HIGHEST   100           400 AM
 LOWEST     47           300 PM
 AVERAGE    74

..........................................................


THE ST. JOSEPH MO CLIMATE NORMALS FOR TODAY
                         NORMAL    RECORD    YEAR
 MAXIMUM TEMPERATURE (F)   87       106      1930
 MINIMUM TEMPERATURE (F)   67        47      1971


SUNRISE AND SUNSET
JULY 27 2016..........SUNRISE   615 AM CDT   SUNSET   837 PM CDT
JULY 28 2016..........SUNRISE   615 AM CDT   SUNSET   836 PM CDT


-  INDICATES NEGATIVE NUMBERS.
R  INDICATES RECORD WAS SET OR TIED.
MM INDICATES DATA IS MISSING.
T  INDICATES TRACE AMOUNT.




$$
