000
CDUS43 KEAX 280639
CLISTJ


CLIMATE REPORT
NATIONAL WEATHER SERVICE KANSAS CITY/PLEASANT HILL MO
137 AM CDT THU MAY 28 2015


...................................

...THE ST. JOSEPH MO CLIMATE SUMMARY FOR MAY 27 2015...

CLIMATE NORMAL PERIOD 1981 TO 2010
CLIMATE RECORD PERIOD 1892 TO 2015


WEATHER ITEM   OBSERVED TIME   RECORD YEAR NORMAL DEPARTURE LAST
                VALUE   (LST)  VALUE       VALUE  FROM      YEAR
                                                  NORMAL
..................................................................
TEMPERATURE (F)
 YESTERDAY
  MAXIMUM         83    430 PM  93    2006  79      4       85
                                      1966
  MINIMUM         58    547 AM  42    1968  58      0       65
  AVERAGE         71                        68      3       75

PRECIPITATION (IN)
  YESTERDAY        0.00          2.93 2013   0.16  -0.16     0.00
  MONTH TO DATE    9.13                      4.75   4.38     2.53
  SINCE MAR 1     13.31                     10.79   2.52     6.92
  SINCE JAN 1     15.06                     12.28   2.78     7.74

DEGREE DAYS
 HEATING
  YESTERDAY        0                         1     -1        0
  MONTH TO DATE   91                       108    -17      122
  SINCE MAR 1    970                      1138   -168     1329
  SINCE JUL 1   5494                      5446     48     6269

 COOLING
  YESTERDAY        6                         5      1       10
  MONTH TO DATE   58                        70    -12      108
  SINCE MAR 1     63                        91    -28      116
  SINCE JAN 1     63                        91    -28      116
..................................................................


WIND (MPH)
  HIGHEST WIND SPEED    10   HIGHEST WIND DIRECTION    SE (150)
  HIGHEST GUST SPEED    16   HIGHEST GUST DIRECTION    SE (150)
  AVERAGE WIND SPEED     2.7


SKY COVER
  POSSIBLE SUNSHINE  MM
  AVERAGE SKY COVER 0.0


WEATHER CONDITIONS
 THE FOLLOWING WEATHER WAS RECORDED YESTERDAY.
  NO SIGNIFICANT WEATHER WAS OBSERVED.


RELATIVE HUMIDITY (PERCENT)
 HIGHEST    90          1200 AM
 LOWEST     28           400 PM
 AVERAGE    59

..........................................................


THE ST. JOSEPH MO CLIMATE NORMALS FOR TODAY
                         NORMAL    RECORD    YEAR
 MAXIMUM TEMPERATURE (F)   80        94      1998
 MINIMUM TEMPERATURE (F)   58        37      1947


SUNRISE AND SUNSET
MAY 28 2015...........SUNRISE   556 AM CDT   SUNSET   839 PM CDT
MAY 29 2015...........SUNRISE   555 AM CDT   SUNSET   839 PM CDT


-  INDICATES NEGATIVE NUMBERS.
R  INDICATES RECORD WAS SET OR TIED.
MM INDICATES DATA IS MISSING.
T  INDICATES TRACE AMOUNT.




$$
