903
CDUS43 KEAX 070032
CLISTJ


CLIMATE REPORT
NATIONAL WEATHER SERVICE KANSAS CITY/PLEASANT HILL MO
632 PM CST SAT FEB 6 2016


...................................

...THE ST. JOSEPH MO CLIMATE SUMMARY FOR FEBRUARY 6 2016...
VALID TODAY AS OF 0600 PM LOCAL TIME.

CLIMATE NORMAL PERIOD 1981 TO 2010
CLIMATE RECORD PERIOD 1892 TO 2016


WEATHER ITEM   OBSERVED TIME   RECORD YEAR NORMAL DEPARTURE LAST
                VALUE   (LST)  VALUE       VALUE  FROM      YEAR
                                                  NORMAL
..................................................................
TEMPERATURE (F)
 TODAY
  MAXIMUM         48    418 PM  67    2009  40      8       48
  MINIMUM         21    735 AM -21    1982  20      1       22
  AVERAGE         35                        30      5       35

PRECIPITATION (IN)
  TODAY            0.00          1.19 1928   0.03  -0.03     0.00
  MONTH TO DATE    0.32                      0.17   0.15     0.25
  SINCE DEC 1      3.16                      2.25   0.91     2.36
  SINCE JAN 1      0.91                      0.73   0.18     1.40

DEGREE DAYS
 HEATING
  TODAY           30                        35     -5       30
  MONTH TO DATE  189                       214    -25      280
  SINCE DEC 1   2178                      2486   -308     2371
  SINCE JUL 1   3014                      3597   -583     3617

 COOLING
  TODAY            0                         0      0        0
  MONTH TO DATE    0                         0      0        0
  SINCE DEC 1      0                         0      0        0
  SINCE JAN 1      0                         0      0        0
..................................................................


WIND (MPH)
  HIGHEST WIND SPEED    17   HIGHEST WIND DIRECTION    SW (230)
  HIGHEST GUST SPEED    22   HIGHEST GUST DIRECTION    SW (230)
  AVERAGE WIND SPEED     4.5


SKY COVER
  AVERAGE SKY COVER 0.0


WEATHER CONDITIONS
 THE FOLLOWING WEATHER WAS RECORDED TODAY.
  FOG


RELATIVE HUMIDITY (PERCENT)
 HIGHEST   100           900 AM
 LOWEST     46           300 PM
 AVERAGE    73

..........................................................


THE ST. JOSEPH MO CLIMATE NORMALS FOR TOMORROW
                         NORMAL    RECORD    YEAR
 MAXIMUM TEMPERATURE (F)   40        68      2009
 MINIMUM TEMPERATURE (F)   20       -16      1985


SUNRISE AND SUNSET
FEBRUARY  6 2016......SUNRISE   723 AM CST   SUNSET   545 PM CST
FEBRUARY  7 2016......SUNRISE   722 AM CST   SUNSET   546 PM CST


-  INDICATES NEGATIVE NUMBERS.
R  INDICATES RECORD WAS SET OR TIED.
MM INDICATES DATA IS MISSING.
T  INDICATES TRACE AMOUNT.




$$
