000
CDUS43 KEAX 010700
CLISTJ


CLIMATE REPORT
NATIONAL WEATHER SERVICE KANSAS CITY/PLEASANT HILL MO
1247 AM CST SUN FEB 1 2015


...................................

...THE ST. JOSEPH MO CLIMATE SUMMARY FOR JANUARY 31 2015...

CLIMATE NORMAL PERIOD 1981 TO 2010
CLIMATE RECORD PERIOD 1892 TO 2015


WEATHER ITEM   OBSERVED TIME   RECORD YEAR NORMAL DEPARTURE LAST
                VALUE   (LST)  VALUE       VALUE  FROM      YEAR
                                                  NORMAL
..................................................................
TEMPERATURE (F)
 YESTERDAY
  MAXIMUM         38    333 PM  71    2009  39     -1       25
                                      1989
  MINIMUM         30   1220 AM -16    1979  19     11       15
  AVERAGE         34                        29      5       20

PRECIPITATION (IN)
  YESTERDAY        1.10R         0.39 1915   0.02   1.08     0.07
  MONTH TO DATE    1.15                      0.56   0.59     0.08
  SINCE DEC 1      2.11                      2.08   0.03     0.45
  SINCE JAN 1      1.15                      0.56   0.59     0.08

DEGREE DAYS
 HEATING
  YESTERDAY       31                        36     -5       45
  MONTH TO DATE 1125                      1168    -43     1314
  SINCE DEC 1   2091                      2272   -181     2573
  SINCE JUL 1   3337                      3383    -46     3742

 COOLING
  YESTERDAY        0                         0      0        0
  MONTH TO DATE    0                         0      0        0
  SINCE DEC 1      0                         0      0        0
  SINCE JAN 1      0                         0      0        0
..................................................................


WIND (MPH)
  HIGHEST WIND SPEED    16   HIGHEST WIND DIRECTION     S (160)
  HIGHEST GUST SPEED    19   HIGHEST GUST DIRECTION     S (160)
  AVERAGE WIND SPEED     5.6


SKY COVER
  POSSIBLE SUNSHINE  MM
  AVERAGE SKY COVER 0.9


WEATHER CONDITIONS
 THE FOLLOWING WEATHER WAS RECORDED YESTERDAY.
  RAIN
  LIGHT RAIN
  LIGHT SNOW
  FOG


RELATIVE HUMIDITY (PERCENT)
 HIGHEST   100           700 AM
 LOWEST     64           300 AM
 AVERAGE    82

..........................................................


THE ST. JOSEPH MO CLIMATE NORMALS FOR TODAY
                         NORMAL    RECORD    YEAR
 MAXIMUM TEMPERATURE (F)   39        63      2012
                                             1911
 MINIMUM TEMPERATURE (F)   19       -23      1979


SUNRISE AND SUNSET
FEBRUARY  1 2015......SUNRISE   728 AM CST   SUNSET   539 PM CST
FEBRUARY  2 2015......SUNRISE   727 AM CST   SUNSET   540 PM CST


-  INDICATES NEGATIVE NUMBERS.
R  INDICATES RECORD WAS SET OR TIED.
MM INDICATES DATA IS MISSING.
T  INDICATES TRACE AMOUNT.




$$
