617
CDUS43 KEAX 090632
CLISTJ


CLIMATE REPORT
NATIONAL WEATHER SERVICE KANSAS CITY/PLEASANT HILL MO
1232 AM CST FRI DEC 9 2016


...................................

...THE ST. JOSEPH MO CLIMATE SUMMARY FOR DECEMBER 8 2016...

CLIMATE NORMAL PERIOD 1981 TO 2010
CLIMATE RECORD PERIOD 1892 TO 2016


WEATHER ITEM   OBSERVED TIME   RECORD YEAR NORMAL DEPARTURE LAST
                VALUE   (LST)  VALUE       VALUE  FROM      YEAR
                                                  NORMAL
..................................................................
TEMPERATURE (F)
 YESTERDAY
  MAXIMUM         26    247 PM  70    1946  41    -15       50
  MINIMUM         13   1150 PM -10    2005  22     -9       27
  AVERAGE         20                        32    -12       39

PRECIPITATION (IN)
  YESTERDAY        0.00          0.52 1931   0.05  -0.05     0.00
  MONTH TO DATE    0.59                      0.37   0.22      T
  SINCE DEC 1      0.59                      0.37   0.22      T
  SINCE JAN 1     41.57                     34.45   7.12    35.95

DEGREE DAYS
 HEATING
  YESTERDAY       45                        34     11       26
  MONTH TO DATE  272                       257     15      209
  SINCE DEC 1    272                       257     15      209
  SINCE JUL 1    947                      1368   -421     1045

 COOLING
  YESTERDAY        0                         0      0        0
  MONTH TO DATE    0                         0      0        0
  SINCE DEC 1      0                         0      0        0
  SINCE JAN 1   1547                      1221    326     1288
..................................................................


WIND (MPH)
  HIGHEST WIND SPEED    22   HIGHEST WIND DIRECTION    NW (310)
  HIGHEST GUST SPEED    28   HIGHEST GUST DIRECTION    NW (320)
  AVERAGE WIND SPEED    10.9


SKY COVER
  POSSIBLE SUNSHINE  MM
  AVERAGE SKY COVER 0.0


WEATHER CONDITIONS
 THE FOLLOWING WEATHER WAS RECORDED YESTERDAY.
  NO SIGNIFICANT WEATHER WAS OBSERVED.


RELATIVE HUMIDITY (PERCENT)
 HIGHEST    73           700 PM
 LOWEST     50           100 PM
 AVERAGE    62

..........................................................


THE ST. JOSEPH MO CLIMATE NORMALS FOR TODAY
                         NORMAL    RECORD    YEAR
 MAXIMUM TEMPERATURE (F)   41        66      1925
 MINIMUM TEMPERATURE (F)   21       -15      2005


SUNRISE AND SUNSET
DECEMBER  9 2016......SUNRISE   729 AM CST   SUNSET   455 PM CST
DECEMBER 10 2016......SUNRISE   730 AM CST   SUNSET   455 PM CST


-  INDICATES NEGATIVE NUMBERS.
R  INDICATES RECORD WAS SET OR TIED.
MM INDICATES DATA IS MISSING.
T  INDICATES TRACE AMOUNT.




$$
