000
CDUS43 KLSX 260729
CLISTL


CLIMATE REPORT
NATIONAL WEATHER SERVICE ST LOUIS MO
127 AM CST WED NOV 26 2014


...................................

...THE ST. LOUIS CLIMATE SUMMARY FOR NOVEMBER 25 2014...

CLIMATE NORMAL PERIOD 1981 TO 2010
CLIMATE RECORD PERIOD 1874 TO 2014


WEATHER ITEM   OBSERVED TIME   RECORD YEAR NORMAL DEPARTURE LAST
                VALUE   (LST)  VALUE       VALUE  FROM      YEAR
                                                  NORMAL
..................................................................
TEMPERATURE (F)
 YESTERDAY
  MAXIMUM         42    255 PM  74    1990  51     -9       38
  MINIMUM         27   1057 PM   4    1950  34     -7       28
  AVERAGE         35                        42     -7       33

PRECIPITATION (IN)
  YESTERDAY        0.00          1.06 1996   0.13  -0.13      T
  MONTH TO DATE    2.21                      3.26  -1.05     1.02
  SINCE SEP 1     11.49                      9.72   1.77     6.11
  SINCE JAN 1     40.46                     37.47   2.99    40.72

SNOWFALL (IN)
  YESTERDAY        0.0           1.5  1903   0.1   -0.1       T
  MONTH TO DATE    2.4                       0.5    1.9       T
  SINCE SEP 1      2.4                       0.5    1.9       T
  SINCE JUL 1      2.4                       0.5    1.9       T
  SNOW DEPTH       0

DEGREE DAYS
 HEATING
  YESTERDAY       30                        23      7       32
  MONTH TO DATE  603                       428    175      472
  SINCE SEP 1    839                       703    136      715
  SINCE JUL 1    839                       704    135      715

 COOLING
  YESTERDAY        0                         0      0        0
  MONTH TO DATE    0                         0      0        0
  SINCE SEP 1    227                       243    -16      342
  SINCE JAN 1   1732                      1642     90     1728
..................................................................


WIND (MPH)
  HIGHEST WIND SPEED    22   HIGHEST WIND DIRECTION     W (290)
  HIGHEST GUST SPEED    28   HIGHEST GUST DIRECTION     W (280)
  AVERAGE WIND SPEED     7.7


SKY COVER
  AVERAGE SKY COVER 0.3


WEATHER CONDITIONS
 THE FOLLOWING WEATHER WAS RECORDED YESTERDAY.
  NO SIGNIFICANT WEATHER WAS OBSERVED.


RELATIVE HUMIDITY (PERCENT)
 HIGHEST    75          1100 PM
 LOWEST     45           200 PM
 AVERAGE    60

..........................................................


THE ST. LOUIS CLIMATE NORMALS FOR TODAY
                         NORMAL    RECORD    YEAR
 MAXIMUM TEMPERATURE (F)   50        76      1965
 MINIMUM TEMPERATURE (F)   34         7      1977


SUNRISE AND SUNSET
NOVEMBER 26 2014......SUNRISE   656 AM CST   SUNSET   442 PM CST
NOVEMBER 27 2014......SUNRISE   657 AM CST   SUNSET   441 PM CST


-  INDICATES NEGATIVE NUMBERS.
R  INDICATES RECORD WAS SET OR TIED.
MM INDICATES DATA IS MISSING.
T  INDICATES TRACE AMOUNT.




$$
