000
CDUS43 KLSX 050727
CLISTL


CLIMATE REPORT
NATIONAL WEATHER SERVICE ST LOUIS MO
226 AM CDT THU MAY 5 2016


...................................

...THE ST. LOUIS CLIMATE SUMMARY FOR MAY 4 2016...

CLIMATE NORMAL PERIOD 1981 TO 2010
CLIMATE RECORD PERIOD 1874 TO 2016


WEATHER ITEM   OBSERVED TIME   RECORD YEAR NORMAL DEPARTURE LAST
                VALUE   (LST)  VALUE       VALUE  FROM      YEAR
                                                  NORMAL
..................................................................
TEMPERATURE (F)
 YESTERDAY
  MAXIMUM         70    215 PM  92    1952  73     -3       86
  MINIMUM         51   1159 PM  33    1954  54     -3       68
  AVERAGE         61                        63     -2       77

PRECIPITATION (IN)
  YESTERDAY        T             2.03 1905   0.15  -0.15     0.01
  MONTH TO DATE    T                         0.57  -0.57     0.01
  SINCE MAR 1      6.78                      7.58  -0.80     8.43
  SINCE JAN 1      8.38                     12.22  -3.84    11.38

SNOWFALL (IN)
  YESTERDAY        0.0           0.0  2015   0.0    0.0      0.0
  MONTH TO DATE    0.0                       0.0    0.0      0.0
  SINCE MAR 1      0.3                       2.7   -2.4      0.6
  SINCE JUL 1     10.9                      17.7   -6.8     16.8
  SNOW DEPTH       0

DEGREE DAYS
 HEATING
  YESTERDAY        4                         4      0        0
  MONTH TO DATE   21                        17      4        7
  SINCE MAR 1    592                       875   -283      737
  SINCE JUL 1   3422                      4473  -1051     4539

 COOLING
  YESTERDAY        0                         2     -2       12
  MONTH TO DATE    0                         8     -8       25
  SINCE MAR 1     60                        54      6       50
  SINCE JAN 1     60                        54      6       50
..................................................................


WIND (MPH)
  HIGHEST WIND SPEED    25   HIGHEST WIND DIRECTION    NW (320)
  HIGHEST GUST SPEED    35   HIGHEST GUST DIRECTION    NW (310)
  AVERAGE WIND SPEED    12.8


SKY COVER
  AVERAGE SKY COVER 0.4


WEATHER CONDITIONS
 THE FOLLOWING WEATHER WAS RECORDED YESTERDAY.
  LIGHT RAIN
  HAZE


RELATIVE HUMIDITY (PERCENT)
 HIGHEST    67           600 AM
 LOWEST     31           600 PM
 AVERAGE    49

..........................................................


THE ST. LOUIS CLIMATE NORMALS FOR TODAY
                         NORMAL    RECORD    YEAR
 MAXIMUM TEMPERATURE (F)   73        93      1952
                                             1943
 MINIMUM TEMPERATURE (F)   54        38      1979
                                             1944
                                             1917


SUNRISE AND SUNSET
MAY  5 2016...........SUNRISE   559 AM CDT   SUNSET   758 PM CDT
MAY  6 2016...........SUNRISE   558 AM CDT   SUNSET   759 PM CDT


-  INDICATES NEGATIVE NUMBERS.
R  INDICATES RECORD WAS SET OR TIED.
MM INDICATES DATA IS MISSING.
T  INDICATES TRACE AMOUNT.




$$
