000
CDUS46 KMTR 280827
CLISTS


CLIMATE REPORT
NATIONAL WEATHER SERVICE SAN FRANCISCO BAY AREA
126 AM PDT SAT MAR 28 2015


...................................

...THE SANTA ROSA AIRPORT CLIMATE SUMMARY FOR MARCH 27 2015...

CLIMATE NORMAL PERIOD 1981 TO 2010
CLIMATE RECORD PERIOD 1998 TO 2015


WEATHER ITEM   OBSERVED TIME   RECORD YEAR NORMAL DEPARTURE LAST
                VALUE   (LST)  VALUE       VALUE  FROM      YEAR
                                                  NORMAL
..................................................................
TEMPERATURE (F)
 YESTERDAY
  MAXIMUM         71    232 PM  83    2009  65      6       59
  MINIMUM         46    522 AM  35    2008  42      4       45
  AVERAGE         59                        53      6       52

PRECIPITATION (IN)
  YESTERDAY        0.00          1.67 2012   0.13  -0.13     0.01
  MONTH TO DATE    0.12                      4.43  -4.31     1.19
  SINCE OCT 1     22.99                     31.63  -8.64    12.13
  SINCE JAN 1      4.44                     17.88 -13.44    10.63

DEGREE DAYS
 HEATING
  YESTERDAY        6                                        13
  MONTH TO DATE  199                                       213
  SINCE MAR 1    199                                       213
  SINCE JUL 1   1655                                      2150

 COOLING
  YESTERDAY        0                                         0
  MONTH TO DATE    1                                         0
  SINCE MAR 1      1                                         0
  SINCE JAN 1      1                                         0
..................................................................


WIND (MPH)
  RESULTANT WIND SPEED   4   RESULTANT WIND DIRECTION  SE (140)
  HIGHEST WIND SPEED    15   HIGHEST WIND DIRECTION    SE (140)
  HIGHEST GUST SPEED    18   HIGHEST GUST DIRECTION    SE (150)
  AVERAGE WIND SPEED     5.7


SKY COVER
  POSSIBLE SUNSHINE  MM
  AVERAGE SKY COVER 0.3


WEATHER CONDITIONS
 THE FOLLOWING WEATHER WAS RECORDED YESTERDAY.
  FOG
  FOG W/VISIBILITY <= 1/4 MILE


RELATIVE HUMIDITY (PERCENT)
 HIGHEST   100           500 AM
 LOWEST     57           300 PM
 AVERAGE    79

..........................................................


THE SANTA ROSA AIRPORT CLIMATE NORMALS FOR TODAY
                         NORMAL    RECORD    YEAR
 MAXIMUM TEMPERATURE (F)   66        79      2002
 MINIMUM TEMPERATURE (F)   42        33      1999


SUNRISE AND SUNSET
MARCH 28 2015.........SUNRISE   703 AM PDT   SUNSET   731 PM PDT
MARCH 29 2015.........SUNRISE   701 AM PDT   SUNSET   732 PM PDT


-  INDICATES NEGATIVE NUMBERS.
R  INDICATES RECORD WAS SET OR TIED.
MM INDICATES DATA IS MISSING.
T  INDICATES TRACE AMOUNT.




$$
