000
CDUS46 KMTR 230042
CLISTS


CLIMATE REPORT
NATIONAL WEATHER SERVICE SAN FRANCISCO BAY AREA
542 PM PDT WED OCT 22 2014


...................................

...THE SANTA ROSA AIRPORT CLIMATE SUMMARY FOR OCTOBER 22 2014...
VALID TODAY AS OF 0500 PM LOCAL TIME.

CLIMATE NORMAL PERIOD 1981 TO 2010
CLIMATE RECORD PERIOD 1998 TO 2014


WEATHER ITEM   OBSERVED TIME   RECORD YEAR NORMAL DEPARTURE LAST
                VALUE   (LST)  VALUE       VALUE  FROM      YEAR
                                                  NORMAL
..................................................................
TEMPERATURE (F)
 TODAY
  MAXIMUM         77    232 PM  88    2008  75      2       80
  MINIMUM         45    552 AM  38    2008  44      1       45
  AVERAGE         61                        59      2       63

PRECIPITATION (IN)
  TODAY            0.00          1.13 2012   0.08  -0.08     0.00
  MONTH TO DATE    0.11                      1.11  -1.00     0.00
  SINCE JUL 1      0.95                      1.55  -0.60     0.52
  SINCE JAN 1     13.52                     23.64 -10.12     7.04

DEGREE DAYS
 HEATING
  TODAY            4                                         2
  MONTH TO DATE   35                                        87
  SINCE SEP 1     44                                       117
  SINCE JUL 1     49                                       154

 COOLING
  TODAY            0                                         0
  MONTH TO DATE   64                                         4
  SINCE SEP 1    148                                        72
  SINCE JAN 1    497                                       415
..................................................................


WIND (MPH)
  RESULTANT WIND SPEED   1   RESULTANT WIND DIRECTION   S (200)
  HIGHEST WIND SPEED    12   HIGHEST WIND DIRECTION    SW (240)
  HIGHEST GUST SPEED    15   HIGHEST GUST DIRECTION     W (250)
  AVERAGE WIND SPEED     1.7


SKY COVER
  POSSIBLE SUNSHINE  MM
  AVERAGE SKY COVER 0.4


WEATHER CONDITIONS
 THE FOLLOWING WEATHER WAS RECORDED TODAY.
  NO SIGNIFICANT WEATHER WAS OBSERVED.


RELATIVE HUMIDITY (PERCENT)
 HIGHEST   100           300 AM
 LOWEST     43           200 PM
 AVERAGE    72

..........................................................


THE SANTA ROSA AIRPORT CLIMATE NORMALS FOR TOMORROW
                         NORMAL    RECORD    YEAR
 MAXIMUM TEMPERATURE (F)   74        90      2003
 MINIMUM TEMPERATURE (F)   44        39      1998


SUNRISE AND SUNSET
OCTOBER 22 2014.......SUNRISE   727 AM PDT   SUNSET   623 PM PDT
OCTOBER 23 2014.......SUNRISE   728 AM PDT   SUNSET   622 PM PDT


-  INDICATES NEGATIVE NUMBERS.
R  INDICATES RECORD WAS SET OR TIED.
MM INDICATES DATA IS MISSING.
T  INDICATES TRACE AMOUNT.




$$
