000
CDUS46 KMTR 160045
CLISTS


CLIMATE REPORT
NATIONAL WEATHER SERVICE SAN FRANCISCO BAY AREA
545 PM PDT TUE APR 15 2014


...................................

...THE SANTA ROSA AIRPORT CLIMATE SUMMARY FOR APRIL 15 2014...
VALID TODAY AS OF 0500 PM LOCAL TIME.

CLIMATE NORMAL PERIOD 1981 TO 2010
CLIMATE RECORD PERIOD 1998 TO 2014


WEATHER ITEM   OBSERVED TIME   RECORD YEAR NORMAL DEPARTURE LAST
                VALUE   (LST)  VALUE       VALUE  FROM      YEAR
                                                  NORMAL
..................................................................
TEMPERATURE (F)
 TODAY
  MAXIMUM         73    334 PM  83    1999  69      4       61
  MINIMUM         49    500 AM  32    2001  42      7       42
  AVERAGE         61                        55      6       52

PRECIPITATION (IN)
  TODAY            0.00          0.26 2006   0.07  -0.07     0.00
  MONTH TO DATE    0.62                      1.17  -0.55     1.11
  SINCE JUL 1     14.46                     33.79 -19.33    27.26
  SINCE JAN 1     12.44                     19.60  -7.16     4.85

DEGREE DAYS
 HEATING
  TODAY            4                                        13
  MONTH TO DATE  106                                       103
  SINCE MAR 1    376                                       452
  SINCE JUL 1   2313                                      2529

 COOLING
  TODAY            0                                         0
  MONTH TO DATE    1                                         1
  SINCE MAR 1      1                                         1
  SINCE JAN 1      1                                         1
..................................................................


WIND (MPH)
  RESULTANT WIND SPEED   3   RESULTANT WIND DIRECTION   S (170)
  HIGHEST WIND SPEED    13   HIGHEST WIND DIRECTION    SE (140)
  HIGHEST GUST SPEED    16   HIGHEST GUST DIRECTION     S (160)
  AVERAGE WIND SPEED     4.4


SKY COVER
  POSSIBLE SUNSHINE  MM
  AVERAGE SKY COVER 0.6


WEATHER CONDITIONS
 THE FOLLOWING WEATHER WAS RECORDED TODAY.
  FOG


RELATIVE HUMIDITY (PERCENT)
 HIGHEST   100          1200 AM
 LOWEST     49           400 PM
 AVERAGE    75

..........................................................


THE SANTA ROSA AIRPORT CLIMATE NORMALS FOR TOMORROW
                         NORMAL    RECORD    YEAR
 MAXIMUM TEMPERATURE (F)   69        82      1999
 MINIMUM TEMPERATURE (F)   42        33      2009


SUNRISE AND SUNSET
APRIL 15 2014.........SUNRISE   635 AM PDT   SUNSET   748 PM PDT
APRIL 16 2014.........SUNRISE   634 AM PDT   SUNSET   749 PM PDT


-  INDICATES NEGATIVE NUMBERS.
R  INDICATES RECORD WAS SET OR TIED.
MM INDICATES DATA IS MISSING.
T  INDICATES TRACE AMOUNT.




$$
