000
CDUS46 KMTR 250845
CLISTS


CLIMATE REPORT
NATIONAL WEATHER SERVICE SAN FRANCISCO BAY AREA
145 AM PDT THU AUG 25 2016


...................................

...THE SANTA ROSA AIRPORT CLIMATE SUMMARY FOR AUGUST 24 2016...

CLIMATE NORMAL PERIOD 1981 TO 2010
CLIMATE RECORD PERIOD 1998 TO 2016


WEATHER ITEM   OBSERVED TIME   RECORD YEAR NORMAL DEPARTURE LAST
                VALUE   (LST)  VALUE       VALUE  FROM      YEAR
                                                  NORMAL
..................................................................
TEMPERATURE (F)
 YESTERDAY
  MAXIMUM         77    105 PM 107    2010  84     -7       84
  MINIMUM         54   1159 PM  47    2012  51      3       57
                                      2006
  AVERAGE         66                        67     -1       71

PRECIPITATION (IN)
  YESTERDAY        T   R         0.00 2000   0.01  -0.01     0.00
  MONTH TO DATE    T                         0.04  -0.04      T
  SINCE OCT 1     32.14                     35.89  -3.75    24.56
  SINCE JAN 1     23.56                     22.14   1.42     6.01

DEGREE DAYS
 HEATING
  YESTERDAY        0                                         0
  MONTH TO DATE    4                                         3
  SINCE JUN 1     32                                        26
  SINCE JUL 1     11                                         7

 COOLING
  YESTERDAY        1                                         6
  MONTH TO DATE   33                                       115
  SINCE JUN 1    216                                       339
  SINCE JAN 1    245                                       351
..................................................................


WIND (MPH)
  RESULTANT WIND SPEED   4   RESULTANT WIND DIRECTION   S (160)
  HIGHEST WIND SPEED    14   HIGHEST WIND DIRECTION    SE (140)
  HIGHEST GUST SPEED    18   HIGHEST GUST DIRECTION     S (180)
  AVERAGE WIND SPEED     5.1


SKY COVER
  POSSIBLE SUNSHINE  MM
  AVERAGE SKY COVER 0.6


WEATHER CONDITIONS
 THE FOLLOWING WEATHER WAS RECORDED YESTERDAY.
  LIGHT RAIN
  FOG


RELATIVE HUMIDITY (PERCENT)
 HIGHEST   100          1200 AM
 LOWEST     46           200 PM
 AVERAGE    73

..........................................................


THE SANTA ROSA AIRPORT CLIMATE NORMALS FOR TODAY
                         NORMAL    RECORD    YEAR
 MAXIMUM TEMPERATURE (F)   84       101      1999
 MINIMUM TEMPERATURE (F)   51        48      2000


SUNRISE AND SUNSET
AUGUST 25 2016........SUNRISE   635 AM PDT   SUNSET   751 PM PDT
AUGUST 26 2016........SUNRISE   636 AM PDT   SUNSET   749 PM PDT


-  INDICATES NEGATIVE NUMBERS.
R  INDICATES RECORD WAS SET OR TIED.
MM INDICATES DATA IS MISSING.
T  INDICATES TRACE AMOUNT.




$$
