000
CDUS46 KMTR 270846
CLISTS


CLIMATE REPORT
NATIONAL WEATHER SERVICE SAN FRANCISCO BAY AREA
146 AM PDT WED JUL 27 2016


...................................

...THE SANTA ROSA AIRPORT CLIMATE SUMMARY FOR JULY 26 2016...

CLIMATE NORMAL PERIOD 1981 TO 2010
CLIMATE RECORD PERIOD 1998 TO 2016


WEATHER ITEM   OBSERVED TIME   RECORD YEAR NORMAL DEPARTURE LAST
                VALUE   (LST)  VALUE       VALUE  FROM      YEAR
                                                  NORMAL
..................................................................
TEMPERATURE (F)
 YESTERDAY
  MAXIMUM         97R   202 PM  95    2008  83     14       86
  MINIMUM         52    539 AM  49    2008  52      0       57
  AVERAGE         75                        67      8       72

PRECIPITATION (IN)
  YESTERDAY        0.00          0.00 2000   0.00   0.00     0.00
  MONTH TO DATE    T                         0.01  -0.01     0.05
  SINCE OCT 1     32.14                     35.85  -3.71    24.56
  SINCE JAN 1     23.56                     22.10   1.46     6.01

DEGREE DAYS
 HEATING
  YESTERDAY        0                                         0
  MONTH TO DATE    7                                         4
  SINCE JUN 1     28                                        23
  SINCE JUL 1      7                                         4

 COOLING
  YESTERDAY       10                                         7
  MONTH TO DATE   81                                        98
  SINCE JUN 1    167                                       184
  SINCE JAN 1    196                                       196
..................................................................


WIND (MPH)
  RESULTANT WIND SPEED   4   RESULTANT WIND DIRECTION   S (170)
  HIGHEST WIND SPEED    14   HIGHEST WIND DIRECTION     S (170)
  HIGHEST GUST SPEED    20   HIGHEST GUST DIRECTION     S (190)
  AVERAGE WIND SPEED     4.8


SKY COVER
  POSSIBLE SUNSHINE  MM
  AVERAGE SKY COVER 0.0


WEATHER CONDITIONS
 THE FOLLOWING WEATHER WAS RECORDED YESTERDAY.
  LIGHT RAIN
  HAZE


RELATIVE HUMIDITY (PERCENT)
 HIGHEST    93           600 AM
 LOWEST     20           200 PM
 AVERAGE    57

..........................................................


THE SANTA ROSA AIRPORT CLIMATE NORMALS FOR TODAY
                         NORMAL    RECORD    YEAR
 MAXIMUM TEMPERATURE (F)   83        92      2014
 MINIMUM TEMPERATURE (F)   52        48      2000


SUNRISE AND SUNSET
JULY 27 2016..........SUNRISE   609 AM PDT   SUNSET   826 PM PDT
JULY 28 2016..........SUNRISE   610 AM PDT   SUNSET   825 PM PDT


-  INDICATES NEGATIVE NUMBERS.
R  INDICATES RECORD WAS SET OR TIED.
MM INDICATES DATA IS MISSING.
T  INDICATES TRACE AMOUNT.




$$
