000
CDUS46 KMTR 310035
CLISTS


CLIMATE REPORT
NATIONAL WEATHER SERVICE SAN FRANCISCO BAY AREA
435 PM PST FRI JAN 30 2015


...................................

...THE SANTA ROSA AIRPORT CLIMATE SUMMARY FOR JANUARY 30 2015...
VALID TODAY AS OF 0400 PM LOCAL TIME.

CLIMATE NORMAL PERIOD 1981 TO 2010
CLIMATE RECORD PERIOD 1998 TO 2015


WEATHER ITEM   OBSERVED TIME   RECORD YEAR NORMAL DEPARTURE LAST
                VALUE   (LST)  VALUE       VALUE  FROM      YEAR
                                                  NORMAL
..................................................................
TEMPERATURE (F)
 TODAY
  MAXIMUM         73R   249 PM  68    2013  58     15       66
  MINIMUM         36    731 AM  26    2002  37     -1       46
  AVERAGE         55                        48      7       56

PRECIPITATION (IN)
  TODAY            0.00          0.82 2000   0.18  -0.18     0.01
  MONTH TO DATE    0.12                      6.87  -6.75     0.10
  SINCE JUL 1     19.51                     21.06  -1.55     2.12
  SINCE JAN 1      0.12                      6.87  -6.75     0.10

DEGREE DAYS
 HEATING
  TODAY           10                                         9
  MONTH TO DATE  447                                       446
  SINCE DEC 1    816                                       994
  SINCE JUL 1   1174                                      1557

 COOLING
  TODAY            0                                         0
  MONTH TO DATE    0                                         0
  SINCE DEC 1      0                                         0
  SINCE JAN 1      0                                         0
..................................................................


WIND (MPH)
  RESULTANT WIND SPEED   0   RESULTANT WIND DIRECTION   E (90)
  HIGHEST WIND SPEED     9   HIGHEST WIND DIRECTION    SE (140)
  HIGHEST GUST SPEED    12   HIGHEST GUST DIRECTION    SE (140)
  AVERAGE WIND SPEED     0.8


SKY COVER
  POSSIBLE SUNSHINE  MM
  AVERAGE SKY COVER 0.4


WEATHER CONDITIONS
 THE FOLLOWING WEATHER WAS RECORDED TODAY.
  FOG
  FOG W/VISIBILITY <= 1/4 MILE


RELATIVE HUMIDITY (PERCENT)
 HIGHEST   100          1200 AM
 LOWEST     47           200 PM
 AVERAGE    74

..........................................................


THE SANTA ROSA AIRPORT CLIMATE NORMALS FOR TOMORROW
                         NORMAL    RECORD    YEAR
 MAXIMUM TEMPERATURE (F)   58        68      2009
 MINIMUM TEMPERATURE (F)   37        26      2002


SUNRISE AND SUNSET
JANUARY 30 2015.......SUNRISE   718 AM PST   SUNSET   531 PM PST
JANUARY 31 2015.......SUNRISE   718 AM PST   SUNSET   532 PM PST


-  INDICATES NEGATIVE NUMBERS.
R  INDICATES RECORD WAS SET OR TIED.
MM INDICATES DATA IS MISSING.
T  INDICATES TRACE AMOUNT.




$$
