000
CDUS43 KFSD 010643
CLISUX


CLIMATE REPORT
NATIONAL WEATHER SERVICE SIOUX FALLS SD
143 AM CDT WED OCT 1 2014


...................................

...THE SIOUX CITY IA CLIMATE SUMMARY FOR SEPTEMBER 30 2014...

CLIMATE NORMAL PERIOD 1981 TO 2010
CLIMATE RECORD PERIOD 1889 TO 2014


WEATHER ITEM   OBSERVED TIME   RECORD YEAR NORMAL DEPARTURE LAST
                VALUE   (LST)  VALUE       VALUE  FROM      YEAR
                                                  NORMAL
..................................................................
TEMPERATURE (F)
 YESTERDAY
  MAXIMUM         69    511 PM  92    1897  71     -2       86
  MINIMUM         57    619 AM  27    1895  44     13       54
  AVERAGE         63                        57      6       70

PRECIPITATION (IN)
  YESTERDAY        0.35          1.43 1911   0.09   0.26     0.00
  MONTH TO DATE    2.79                      2.96  -0.17     1.44
  SINCE SEP 1      2.79                      2.96  -0.17     1.44
  SINCE JAN 1     38.42                     23.50  14.92    21.47

SNOWFALL (IN)
  YESTERDAY        0.0           0.4  1961   0.0    0.0      0.0
  MONTH TO DATE    0.0                       0.0    0.0      0.0
  SINCE SEP 1      0.0                       0.0    0.0      0.0
  SINCE JUL 1      0.0                       0.0    0.0      0.0
  SNOW DEPTH       0

DEGREE DAYS
 HEATING
  YESTERDAY        2                         9     -7        0
  MONTH TO DATE  106                       133    -27       45
  SINCE SEP 1    106                       132    -26       45
  SINCE JUL 1    112                       147    -35       65

 COOLING
  YESTERDAY        0                         1     -1        5
  MONTH TO DATE   92                        84      8      152
  SINCE SEP 1     92                        84      8      152
  SINCE JAN 1    858                       861     -3      953
..................................................................


WIND (MPH)
  HIGHEST WIND SPEED    17   HIGHEST WIND DIRECTION     S (160)
  HIGHEST GUST SPEED    27   HIGHEST GUST DIRECTION    SE (140)
  AVERAGE WIND SPEED    10.3


SKY COVER
  POSSIBLE SUNSHINE  MM
  AVERAGE SKY COVER 0.6


WEATHER CONDITIONS
 THE FOLLOWING WEATHER WAS RECORDED YESTERDAY.
  RAIN
  LIGHT RAIN
  FOG


RELATIVE HUMIDITY (PERCENT)
 HIGHEST   100          1100 PM
 LOWEST     81           500 PM
 AVERAGE    91

..........................................................


THE SIOUX CITY IA CLIMATE NORMALS FOR TODAY
                         NORMAL    RECORD    YEAR
 MAXIMUM TEMPERATURE (F)   70        91      2006
                                             1963
 MINIMUM TEMPERATURE (F)   43        25      2003


SUNRISE AND SUNSET
OCTOBER  1 2014.......SUNRISE   723 AM CDT   SUNSET   707 PM CDT
OCTOBER  2 2014.......SUNRISE   724 AM CDT   SUNSET   705 PM CDT


-  INDICATES NEGATIVE NUMBERS.
R  INDICATES RECORD WAS SET OR TIED.
MM INDICATES DATA IS MISSING.
T  INDICATES TRACE AMOUNT.




$$
