000
CDUS43 KFSD 280635
CLISUX


CLIMATE REPORT
NATIONAL WEATHER SERVICE SIOUX FALLS SD
135 AM CDT SAT MAY 28 2016


...................................

...THE SIOUX CITY IA CLIMATE SUMMARY FOR MAY 27 2016...

CLIMATE NORMAL PERIOD 1981 TO 2010
CLIMATE RECORD PERIOD 1889 TO 2016


WEATHER ITEM   OBSERVED TIME   RECORD YEAR NORMAL DEPARTURE LAST
                VALUE   (LST)  VALUE       VALUE  FROM      YEAR
                                                  NORMAL
..................................................................
TEMPERATURE (F)
 YESTERDAY
  MAXIMUM         80    514 PM  92    1895  76      4       85
  MINIMUM         60    150 AM  34    1992  53      7       50
  AVERAGE         70                        65      5       68

PRECIPITATION (IN)
  YESTERDAY        1.15          1.59 1995   0.12   1.03     0.00
  MONTH TO DATE    4.84                      3.22   1.62     3.31
  SINCE MAR 1     13.71                      8.17   5.54     6.72
  SINCE JAN 1     15.55                      9.46   6.09     7.68

SNOWFALL (IN)
  YESTERDAY        0.0           0.0    MM   0.0    0.0      0.0
  MONTH TO DATE    0.0                       0.2   -0.2      0.0
  SINCE MAR 1     14.5                       8.5    6.0       T
  SINCE JUL 1     57.6                      35.0   22.6     21.5
  SNOW DEPTH       0

DEGREE DAYS
 HEATING
  YESTERDAY        0                         3     -3        0
  MONTH TO DATE  169                       170     -1      151
  SINCE MAR 1   1196                      1528   -332     1226
  SINCE JUL 1   5655                      6822  -1167     6392

 COOLING
  YESTERDAY        5                         3      2        3
  MONTH TO DATE   33                        42     -9       25
  SINCE MAR 1     33                        53    -20       26
  SINCE JAN 1     33                        53    -20       26
..................................................................


WIND (MPH)
  HIGHEST WIND SPEED    17   HIGHEST WIND DIRECTION     S (160)
  HIGHEST GUST SPEED    22   HIGHEST GUST DIRECTION     S (160)
  AVERAGE WIND SPEED     4.3


SKY COVER
  POSSIBLE SUNSHINE  MM
  AVERAGE SKY COVER 0.6


WEATHER CONDITIONS
 THE FOLLOWING WEATHER WAS RECORDED YESTERDAY.
  THUNDERSTORM
  HEAVY RAIN
  RAIN
  LIGHT RAIN
  FOG


RELATIVE HUMIDITY (PERCENT)
 HIGHEST    84           200 AM
 LOWEST     50           700 PM
 AVERAGE    67

..........................................................


THE SIOUX CITY IA CLIMATE NORMALS FOR TODAY
                         NORMAL    RECORD    YEAR
 MAXIMUM TEMPERATURE (F)   77        98      2006
 MINIMUM TEMPERATURE (F)   53        31      1947


SUNRISE AND SUNSET
MAY 28 2016...........SUNRISE   553 AM CDT   SUNSET   853 PM CDT
MAY 29 2016...........SUNRISE   552 AM CDT   SUNSET   854 PM CDT


-  INDICATES NEGATIVE NUMBERS.
R  INDICATES RECORD WAS SET OR TIED.
MM INDICATES DATA IS MISSING.
T  INDICATES TRACE AMOUNT.




$$
