000
CDUS43 KFSD 190653
CLISUX


CLIMATE REPORT
NATIONAL WEATHER SERVICE SIOUX FALLS SD
1253 AM CST MON FEB 19 2018


...................................

...THE SIOUX CITY IA CLIMATE SUMMARY FOR FEBRUARY 18 2018...

CLIMATE NORMAL PERIOD 1981 TO 2010
CLIMATE RECORD PERIOD 1889 TO 2018


WEATHER ITEM   OBSERVED TIME   RECORD YEAR NORMAL DEPARTURE LAST
                VALUE   (LST)  VALUE       VALUE  FROM      YEAR
                                                  NORMAL
..................................................................
TEMPERATURE (F)
 YESTERDAY
  MAXIMUM         48    523 PM  69    1930  36     12       66
  MINIMUM         19    248 AM -18    1903  16      3       30
  AVERAGE         34                        26      8       48

PRECIPITATION (IN)
  YESTERDAY        0.00          2.15 1971   0.03  -0.03     0.00
  MONTH TO DATE    0.67                      0.38   0.29     0.17
  SINCE DEC 1      2.44                      1.80   0.64     2.32
  SINCE JAN 1      2.05                      1.00   1.05     0.84

SNOWFALL (IN)
  YESTERDAY        0.0           9.5  1984   0.2   -0.2      0.0
  MONTH TO DATE    8.1                       4.3    3.8      2.9
  SINCE DEC 1     28.8                      18.8   10.0     14.6
  SINCE JUL 1     28.8                      24.2    4.6     15.6
  SNOW DEPTH      10

DEGREE DAYS
 HEATING
  YESTERDAY       31                        39     -8       17
  MONTH TO DATE  907                       746    161      566
  SINCE DEC 1   3596                      3446    150     3030
  SINCE JUL 1   4915                      4922     -7     3974

 COOLING
  YESTERDAY        0                         0      0        0
  MONTH TO DATE    0                         0      0        0
  SINCE DEC 1      0                         0      0        0
  SINCE JAN 1      0                         0      0        0
..................................................................


WIND (MPH)
  HIGHEST WIND SPEED    37   HIGHEST WIND DIRECTION     S (180)
  HIGHEST GUST SPEED    46   HIGHEST GUST DIRECTION     S (180)
  AVERAGE WIND SPEED    17.1


SKY COVER
  POSSIBLE SUNSHINE  MM
  AVERAGE SKY COVER 0.1


WEATHER CONDITIONS
 THE FOLLOWING WEATHER WAS RECORDED YESTERDAY.
  NO SIGNIFICANT WEATHER WAS OBSERVED.


RELATIVE HUMIDITY (PERCENT)
 HIGHEST   100           300 AM
 LOWEST     55           900 AM
 AVERAGE    78

..........................................................


THE SIOUX CITY IA CLIMATE NORMALS FOR TODAY
                         NORMAL    RECORD    YEAR
 MAXIMUM TEMPERATURE (F)   36        69      1996
 MINIMUM TEMPERATURE (F)   17       -15      1936


SUNRISE AND SUNSET
FEBRUARY 19 2018......SUNRISE   716 AM CST   SUNSET   603 PM CST
FEBRUARY 20 2018......SUNRISE   715 AM CST   SUNSET   604 PM CST


-  INDICATES NEGATIVE NUMBERS.
R  INDICATES RECORD WAS SET OR TIED.
MM INDICATES DATA IS MISSING.
T  INDICATES TRACE AMOUNT.




$$
