000
CDUS41 KBGM 222219
CLISYR


CLIMATE REPORT
NATIONAL WEATHER SERVICE BINGHAMTON NY
518 PM EST WED NOV 22 2017


...................................

...THE SYRACUSE NY CLIMATE SUMMARY FOR NOVEMBER 22 2017...
VALID TODAY AS OF 0500 PM LOCAL TIME.

CLIMATE NORMAL PERIOD 1981 TO 2010
CLIMATE RECORD PERIOD 1902 TO 2017


WEATHER ITEM   OBSERVED TIME   RECORD YEAR NORMAL DEPARTURE LAST
                VALUE   (LST)  VALUE       VALUE  FROM      YEAR
                                                  NORMAL
..................................................................
TEMPERATURE (F)
 TODAY
  MAXIMUM         49    122 AM  71    1953  46      3       33
                                      1913
  MINIMUM         32    459 PM  11    2008  31      1       29
  AVERAGE         41                        38      3       31

PRECIPITATION (IN)
  TODAY            0.08          0.87 1924   0.12  -0.04     0.02
  MONTH TO DATE    3.46                      2.59   0.87     2.18
  SINCE SEP 1     10.93                      9.72   1.21    13.57
  SINCE JAN 1     43.45                     34.31   9.14    36.78

SNOWFALL (IN)
  TODAY            T             7.2  2000   0.4   -0.4      0.4
  MONTH TO DATE    5.2                       5.1    0.1     25.1
  SINCE SEP 1      5.2                       5.5   -0.3     25.3
  SINCE JUL 1      5.2                       5.5   -0.3     25.3
  SNOW DEPTH       0

DEGREE DAYS
 HEATING
  TODAY           24                        27     -3       34
  MONTH TO DATE  586                       505     81      475
  SINCE SEP 1    944                      1096   -152      978
  SINCE JUL 1    980                      1122   -142      979

 COOLING
  TODAY            0                         0      0        0
  MONTH TO DATE    0                         0      0        0
  SINCE SEP 1    112                        56     56       97
  SINCE JAN 1    562                       569     -7      809
..................................................................


WIND (MPH)
  HIGHEST WIND SPEED    25   HIGHEST WIND DIRECTION     W (260)
  HIGHEST GUST SPEED    32   HIGHEST GUST DIRECTION     W (270)
  AVERAGE WIND SPEED    10.4


SKY COVER
  POSSIBLE SUNSHINE  MM
  AVERAGE SKY COVER 1.0


WEATHER CONDITIONS
 THE FOLLOWING WEATHER WAS RECORDED TODAY.
  RAIN
  LIGHT RAIN
  SNOW
  LIGHT SNOW
  FOG


RELATIVE HUMIDITY (PERCENT)
 HIGHEST    92          1000 AM
 LOWEST     42          1200 AM
 AVERAGE    67

..........................................................


THE SYRACUSE NY CLIMATE NORMALS FOR TOMORROW
                         NORMAL    RECORD    YEAR
 MAXIMUM TEMPERATURE (F)   45        75      1931
 MINIMUM TEMPERATURE (F)   31         6      2008


SUNRISE AND SUNSET
NOVEMBER 22 2017......SUNRISE   706 AM EST   SUNSET   435 PM EST
NOVEMBER 23 2017......SUNRISE   707 AM EST   SUNSET   434 PM EST


-  INDICATES NEGATIVE NUMBERS.
R  INDICATES RECORD WAS SET OR TIED.
MM INDICATES DATA IS MISSING.
T  INDICATES TRACE AMOUNT.




$$
