000
CDUS41 KBGM 290558
CLISYR


CLIMATE REPORT
NATIONAL WEATHER SERVICE BINGHAMTON NY
157 AM EDT FRI MAY 29 2015


...................................

...THE SYRACUSE NY CLIMATE SUMMARY FOR MAY 28 2015...

CLIMATE NORMAL PERIOD 1981 TO 2010
CLIMATE RECORD PERIOD 1902 TO 2015


WEATHER ITEM   OBSERVED TIME   RECORD YEAR NORMAL DEPARTURE LAST
                VALUE   (LST)  VALUE       VALUE  FROM      YEAR
                                                  NORMAL
..................................................................
TEMPERATURE (F)
 YESTERDAY
  MAXIMUM         74    410 PM  91    2012  72      2       70
                                      1911
  MINIMUM         58   1159 PM  35    1983  50      8       55
  AVERAGE         66                        61      5       63

PRECIPITATION (IN)
  YESTERDAY        T             1.52 1941   0.10  -0.10      T
  MONTH TO DATE    1.92                      2.89  -0.97     3.71
  SINCE MAR 1      6.23                      9.03  -2.80    11.83
  SINCE JAN 1     10.11                     13.60  -3.49    17.38

SNOWFALL (IN)
  YESTERDAY        0.0           T    1951   0.0    0.0      0.0
  MONTH TO DATE    0.0                       0.1   -0.1       T
  SINCE MAR 1     12.9                      21.9   -9.0     22.1
  SINCE JUL 1    119.7                     123.8   -4.1    132.0
  SNOW DEPTH       0

DEGREE DAYS
 HEATING
  YESTERDAY        0                         5     -5        2
  MONTH TO DATE  121                       240   -119      179
  SINCE MAR 1   1839                      1744     95     1952
  SINCE JUL 1   7063                      6575    488     7044

 COOLING
  YESTERDAY        1                         1      0        0
  MONTH TO DATE   91                        18     73       55
  SINCE MAR 1     91                        22     69       56
  SINCE JAN 1     91                        22     69       56
..................................................................


WIND (MPH)
  HIGHEST WIND SPEED    24   HIGHEST WIND DIRECTION     W (270)
  HIGHEST GUST SPEED    29   HIGHEST GUST DIRECTION     W (270)
  AVERAGE WIND SPEED     8.6


SKY COVER
  POSSIBLE SUNSHINE  MM
  AVERAGE SKY COVER 0.6


WEATHER CONDITIONS
 THE FOLLOWING WEATHER WAS RECORDED YESTERDAY.
  LIGHT RAIN


RELATIVE HUMIDITY (PERCENT)
 HIGHEST    93          1100 PM
 LOWEST     53           400 PM
 AVERAGE    73

..........................................................


THE SYRACUSE NY CLIMATE NORMALS FOR TODAY
                         NORMAL    RECORD    YEAR
 MAXIMUM TEMPERATURE (F)   73        93      2012
 MINIMUM TEMPERATURE (F)   51        37      1992


SUNRISE AND SUNSET
MAY 29 2015...........SUNRISE   530 AM EDT   SUNSET   835 PM EDT
MAY 30 2015...........SUNRISE   529 AM EDT   SUNSET   835 PM EDT


-  INDICATES NEGATIVE NUMBERS.
R  INDICATES RECORD WAS SET OR TIED.
MM INDICATES DATA IS MISSING.
T  INDICATES TRACE AMOUNT.




$$
