000
CDUS41 KBGM 300550
CLISYR


CLIMATE REPORT
NATIONAL WEATHER SERVICE BINGHAMTON NY
150 AM EDT THU OCT 30 2014


...................................

...THE SYRACUSE NY CLIMATE SUMMARY FOR OCTOBER 29 2014...

CLIMATE NORMAL PERIOD 1981 TO 2010
CLIMATE RECORD PERIOD 1902 TO 2014


WEATHER ITEM   OBSERVED TIME   RECORD YEAR NORMAL DEPARTURE LAST
                VALUE   (LST)  VALUE       VALUE  FROM      YEAR
                                                  NORMAL
..................................................................
TEMPERATURE (F)
 YESTERDAY
  MAXIMUM         63   1209 AM  76    1945  55      8       46
  MINIMUM         49   1159 PM  18    1940  38     11       24
  AVERAGE         56                        46     10       35

PRECIPITATION (IN)
  YESTERDAY        T             0.62 1972   0.12  -0.12     0.00
  MONTH TO DATE    4.45                      3.23   1.22     3.38
  SINCE SEP 1      6.05                      6.92  -0.87     6.58
  SINCE JAN 1     35.09                     31.51   3.58    33.16

SNOWFALL (IN)
  YESTERDAY        0.0           2.4  1952   0.0    0.0      0.0
  MONTH TO DATE    0.0                       0.3   -0.3       T
  SINCE SEP 1      0.0                       0.3   -0.3       T
  SINCE JUL 1      0.0                       0.3   -0.3       T
  SNOW DEPTH       0

DEGREE DAYS
 HEATING
  YESTERDAY        9                        19    -10       30
  MONTH TO DATE  278                       414   -136      311
  SINCE SEP 1    381                       555   -174      483
  SINCE JUL 1    392                       581   -189      489

 COOLING
  YESTERDAY        0                         0      0        0
  MONTH TO DATE   13                         0     13        1
  SINCE SEP 1     88                        52     36       69
  SINCE JAN 1    647                       565     82      712
..................................................................


WIND (MPH)
  HIGHEST WIND SPEED    20   HIGHEST WIND DIRECTION     W (260)
  HIGHEST GUST SPEED    25   HIGHEST GUST DIRECTION     W (260)
  AVERAGE WIND SPEED     9.6


SKY COVER
  POSSIBLE SUNSHINE  MM
  AVERAGE SKY COVER 0.9


WEATHER CONDITIONS
 THE FOLLOWING WEATHER WAS RECORDED YESTERDAY.
  LIGHT RAIN


RELATIVE HUMIDITY (PERCENT)
 HIGHEST    84           100 AM
 LOWEST     54          1200 PM
 AVERAGE    69

..........................................................


THE SYRACUSE NY CLIMATE NORMALS FOR TODAY
                         NORMAL    RECORD    YEAR
 MAXIMUM TEMPERATURE (F)   55        79      1946
 MINIMUM TEMPERATURE (F)   37        19      1928


SUNRISE AND SUNSET
OCTOBER 30 2014.......SUNRISE   737 AM EDT   SUNSET   559 PM EDT
OCTOBER 31 2014.......SUNRISE   738 AM EDT   SUNSET   558 PM EDT


-  INDICATES NEGATIVE NUMBERS.
R  INDICATES RECORD WAS SET OR TIED.
MM INDICATES DATA IS MISSING.
T  INDICATES TRACE AMOUNT.




$$
