000
CDUS41 KBGM 030620
CLISYR


CLIMATE REPORT
NATIONAL WEATHER SERVICE BINGHAMTON NY
219 AM EDT FRI JUL 3 2015


...................................

...THE SYRACUSE NY CLIMATE SUMMARY FOR JULY 2 2015...

CLIMATE NORMAL PERIOD 1981 TO 2010
CLIMATE RECORD PERIOD 1902 TO 2015


WEATHER ITEM   OBSERVED TIME   RECORD YEAR NORMAL DEPARTURE LAST
                VALUE   (LST)  VALUE       VALUE  FROM      YEAR
                                                  NORMAL
..................................................................
TEMPERATURE (F)
 YESTERDAY
  MAXIMUM         73    215 PM 100    1931  81     -8       89
  MINIMUM         54   1159 PM  45    1943  60     -6       72
  AVERAGE         64                        70     -6       81

PRECIPITATION (IN)
  YESTERDAY        0.00          2.63 1915   0.12  -0.12     0.29
  MONTH TO DATE    0.87                      0.24   0.63     0.29
  SINCE JUN 1     10.79                      3.55   7.24     3.03
  SINCE JAN 1     22.91                     17.48   5.43    20.41

SNOWFALL (IN)
  YESTERDAY        0.0           0.0  2002   0.0    0.0      0.0
                                      2000
                                      2001
  MONTH TO DATE    0.0                       0.0    0.0      0.0
  SINCE JUN 1      0.0                       0.0    0.0      0.0
  SINCE JUL 1      0.0                       0.0    0.0      0.0
  SNOW DEPTH       0

DEGREE DAYS
 HEATING
  YESTERDAY        1                         1      0        0
  MONTH TO DATE    1                         2     -1        0
  SINCE JUN 1     54                        63     -9       23
  SINCE JUL 1      1                         2     -1        0

 COOLING
  YESTERDAY        0                         6     -6       16
  MONTH TO DATE    2                        12    -10       35
  SINCE JUN 1     91                       125    -34      182
  SINCE JAN 1    196                       155     41      238
..................................................................


WIND (MPH)
  HIGHEST WIND SPEED    16   HIGHEST WIND DIRECTION     W (290)
  HIGHEST GUST SPEED    19   HIGHEST GUST DIRECTION    NW (300)
  AVERAGE WIND SPEED     6.4


SKY COVER
  POSSIBLE SUNSHINE  MM
  AVERAGE SKY COVER 0.5


WEATHER CONDITIONS
 THE FOLLOWING WEATHER WAS RECORDED YESTERDAY.
  NO SIGNIFICANT WEATHER WAS OBSERVED.


RELATIVE HUMIDITY (PERCENT)
 HIGHEST    90          1200 AM
 LOWEST     37           600 PM
 AVERAGE    64

..........................................................


THE SYRACUSE NY CLIMATE NORMALS FOR TODAY
                         NORMAL    RECORD    YEAR
 MAXIMUM TEMPERATURE (F)   81        96      1966
                                             1911
 MINIMUM TEMPERATURE (F)   60        46      1940


SUNRISE AND SUNSET
JULY  3 2015..........SUNRISE   530 AM EDT   SUNSET   847 PM EDT
JULY  4 2015..........SUNRISE   530 AM EDT   SUNSET   847 PM EDT


-  INDICATES NEGATIVE NUMBERS.
R  INDICATES RECORD WAS SET OR TIED.
MM INDICATES DATA IS MISSING.
T  INDICATES TRACE AMOUNT.




$$
