000
CDKA40 PTYA 280700
CLIT11
DAILY CLIMATE REPORT
NATIONAL WEATHER SERVICE YAP FM
5PM LST THU MAY 28 2015
THE YAP FM CLIMATE SUMMARY FOR MAY 28 2015
CLIMATE NORMAL PERIOD  1981  TO 2010
CLIMATE RECORD PERIOD  1951  TO 2015
WEATHER ITEM OBSERVED TIME  RECORD YEAR NORMAL DEPARTURE LAST
              VALUE   (LST) VALUE       VALUE    FROM    YEAR
                                                NORMAL
TEMPERATURE   (F)
TODAY
MAXIMUM       86  1445  PM 97  2014      88      -2       94
MINIMUM       78  0250  AM 63  1999      78       0       78
AVERAGE       82                         84      -2       86
PRECIPITATION INCHS
TODAY          2.39    164.24  1996    0.31      2.08     0.26
MONTH TO DATE  17.44                   7.57      9.87     2.97
SINCE 01 MAR   25.35                  18.63      6.72    22.68
SINCE JAN 01   39.92                  31.27      8.65    49.14
