000
CDKA40 PTYA 250700
CLIT11
DAILY CLIMATE REPORT
NATIONAL WEATHER SERVICE YAP FM
5PM LST FRI JUL 25 2014
THE YAP FM CLIMATE SUMMARY FOR JULY 25 2014
CLIMATE NORMAL PERIOD  1981  TO 2010
CLIMATE RECORD PERIOD  1951  TO 2014
WEATHER ITEM OBSERVED TIME  RECORD YEAR NORMAL DEPARTURE LAST
              VALUE   (LST) VALUE       VALUE    FROM    YEAR
                                                NORMAL
TEMPERATURE   (F)
TODAY
MAXIMUM       87   1050 AM 97  2014      87       0       91
MINIMUM       80   0551 AM 63  1999      78       2       79
AVERAGE       84                         83       1       85
PRECIPITATION INCHS
TODAY          0.05     164.24  1996    0.50   -0.45     0.14
MONTH TO DATE 15.87                    11.92    3.95     6.05
SINCE 01 JUN  25.82                    25.15    0.67    22.21
SINCE JAN 01  75.06                    58.00   17.06    47.23
