000
CDKA40 PTYA 240700
CLIT11
DAILY CLIMATE REPORT
NATIONAL WEATHER SERVICE YAP FM
5PM LST TUE MAY 24 2016
THE YAP FM CLIMATE SUMMARY FOR MAY 24 2016
CLIMATE NORMAL PERIOD  1981  TO 2010
CLIMATE RECORD PERIOD  1951  TO 2016
WEATHER ITEM OBSERVED TIME  RECORD YEAR NORMAL DEPARTURE LAST
              VALUE   (LST) VALUE       VALUE    FROM    YEAR
                                                NORMAL
TEMPERATURE   (F)
TODAY
MAXIMUM       83  1445 PM  97  2014     89      -6         88
MINIMUM       78  1445 PM  63  1999     79      -1         74
AVERAGE       81                        84      -3         80
PRECIPITATION INCHES
TODAY           0.36    164.24  1996  0.29     0.07    0.33
MONTH TO DATE   8.78                  6.37     2.41   13.67
SINCE 01 MAR   12.55                 17.43    -4.88   25.69
SINCE JAN 01   16.55                 30.72   -14.17   36.15
