000
CDUS45 KPUB 181143
CLITAD


CLIMATE REPORT
NATIONAL WEATHER SERVICE PUEBLO
441 AM MST THU JAN 18 2018


...................................

...THE TRINIDAD CO CLIMATE SUMMARY FOR JANUARY 17 2018...

CLIMATE NORMAL PERIOD 1981 TO 2010
CLIMATE RECORD PERIOD 9999 TO 9999


WEATHER ITEM   OBSERVED TIME   NORMAL DEPARTURE LAST
                VALUE   (LST)  VALUE  FROM      YEAR
                                      NORMAL
......................................................
TEMPERATURE (F)
 YESTERDAY
  MAXIMUM         55    229 PM  47      8       37
  MINIMUM         16    725 AM  18     -2       11
  AVERAGE         36            32      4       24

PRECIPITATION (IN)
  YESTERDAY        0.00          0.01  -0.01     0.01
  MONTH TO DATE    0.10          0.21  -0.11     1.40
  SINCE DEC 1      0.11          0.75  -0.64     1.70
  SINCE JAN 1      0.10          0.21  -0.11     1.40

DEGREE DAYS
 HEATING
  YESTERDAY       29            33     -4       41
  MONTH TO DATE  525           561    -36      595
  SINCE DEC 1   1405          1596   -191     1621
  SINCE JUL 1   2372          2829   -457     2387

 COOLING
  YESTERDAY        0             0      0        0
  MONTH TO DATE    0             0      0        0
  SINCE DEC 1      0             0      0        0
  SINCE JAN 1      0             0      0        0
......................................................


WIND (MPH)
  HIGHEST WIND SPEED    21   HIGHEST WIND DIRECTION    SW (240)
  HIGHEST GUST SPEED    24   HIGHEST GUST DIRECTION     W (250)
  AVERAGE WIND SPEED     9.5


SKY COVER
  POSSIBLE SUNSHINE  MM
  AVERAGE SKY COVER 0.0


WEATHER CONDITIONS
 THE FOLLOWING WEATHER WAS RECORDED YESTERDAY.
  NO SIGNIFICANT WEATHER WAS OBSERVED.


RELATIVE HUMIDITY (PERCENT)
 HIGHEST    80           400 AM
 LOWEST     12           100 PM
 AVERAGE    46

..........................................................




SUNRISE AND SUNSET
JANUARY 18 2018.......SUNRISE   709 AM MST   SUNSET   507 PM MST
JANUARY 19 2018.......SUNRISE   709 AM MST   SUNSET   508 PM MST


-  INDICATES NEGATIVE NUMBERS.
R  INDICATES RECORD WAS SET OR TIED.
MM INDICATES DATA IS MISSING.
T  INDICATES TRACE AMOUNT.




$$
