000
CDUS45 KPUB 191035
CLITAD


CLIMATE REPORT
NATIONAL WEATHER SERVICE PUEBLO
435 AM MDT SAT AUG 19 2017


...................................

...THE TRINIDAD CO CLIMATE SUMMARY FOR AUGUST 18 2017...

CLIMATE NORMAL PERIOD 1981 TO 2010
CLIMATE RECORD PERIOD 9999 TO 9999


WEATHER ITEM   OBSERVED TIME   NORMAL DEPARTURE LAST
                VALUE   (LST)  VALUE  FROM      YEAR
                                      NORMAL
......................................................
TEMPERATURE (F)
 YESTERDAY
  MAXIMUM         88    320 PM  86      2       87
  MINIMUM         56    533 AM  57     -1       58
  AVERAGE         72            71      1       73

PRECIPITATION (IN)
  YESTERDAY        0.00          0.07  -0.07    MM
  MONTH TO DATE    1.65          1.44   0.21     0.00
  SINCE JUN 1      6.56          5.15   1.41     1.94
  SINCE JAN 1     14.97          9.67   5.30     6.17

DEGREE DAYS
 HEATING
  YESTERDAY        0             0      0        0
  MONTH TO DATE    3             0      3        0
  SINCE JUN 1     11            42    -31        4
  SINCE JUL 1      3             3      0        0

 COOLING
  YESTERDAY        7             7      0        8
  MONTH TO DATE   83           132    -49       41
  SINCE JUN 1    596           539     57      370
  SINCE JAN 1    611           567     44      382
......................................................


WIND (MPH)
  HIGHEST WIND SPEED    21   HIGHEST WIND DIRECTION     W (250)
  HIGHEST GUST SPEED    26   HIGHEST GUST DIRECTION     W (260)
  AVERAGE WIND SPEED     8.9


SKY COVER
  POSSIBLE SUNSHINE  MM
  AVERAGE SKY COVER 0.0


WEATHER CONDITIONS
 THE FOLLOWING WEATHER WAS RECORDED YESTERDAY.
  NO SIGNIFICANT WEATHER WAS OBSERVED.


RELATIVE HUMIDITY (PERCENT)
 HIGHEST    62          1200 AM
 LOWEST     16           200 PM
 AVERAGE    39

..........................................................




SUNRISE AND SUNSET
AUGUST 19 2017........SUNRISE   617 AM MDT   SUNSET   744 PM MDT
AUGUST 20 2017........SUNRISE   618 AM MDT   SUNSET   742 PM MDT


-  INDICATES NEGATIVE NUMBERS.
R  INDICATES RECORD WAS SET OR TIED.
MM INDICATES DATA IS MISSING.
T  INDICATES TRACE AMOUNT.




$$
