000
CDUS45 KPUB 231206
CLITAD


CLIMATE REPORT
NATIONAL WEATHER SERVICE PUEBLO
505 AM MST THU FEB 23 2017


...................................

...THE TRINIDAD CO CLIMATE SUMMARY FOR FEBRUARY 22 2017...

CLIMATE NORMAL PERIOD 1981 TO 2010
CLIMATE RECORD PERIOD 9999 TO 9999


WEATHER ITEM   OBSERVED TIME   NORMAL DEPARTURE LAST
                VALUE   (LST)  VALUE  FROM      YEAR
                                      NORMAL
......................................................
TEMPERATURE (F)
 YESTERDAY
  MAXIMUM         69   1255 PM  52     17       54
  MINIMUM         46    900 PM  21     25       21
  AVERAGE         58            36     22       38

PRECIPITATION (IN)
  YESTERDAY        0.00          0.02  -0.02      T
  MONTH TO DATE    0.06          0.36  -0.30     0.05
  SINCE DEC 1      1.86          1.30   0.56     0.56
  SINCE JAN 1      1.56          0.76   0.80     0.33

DEGREE DAYS
 HEATING
  YESTERDAY        7            29    -22       27
  MONTH TO DATE  406           676   -270      532
  SINCE DEC 1   2500          2725   -225     2417
  SINCE JUL 1   3266          3958   -692     3335

 COOLING
  YESTERDAY        0             0      0        0
  MONTH TO DATE    0             0      0        0
  SINCE DEC 1      0             0      0        0
  SINCE JAN 1      0             0      0        0
......................................................


WIND (MPH)
  HIGHEST WIND SPEED    45   HIGHEST WIND DIRECTION     W (260)
  HIGHEST GUST SPEED    56   HIGHEST GUST DIRECTION     W (260)
  AVERAGE WIND SPEED    22.2


SKY COVER
  POSSIBLE SUNSHINE  MM
  AVERAGE SKY COVER 0.0


WEATHER CONDITIONS
 THE FOLLOWING WEATHER WAS RECORDED YESTERDAY.
  NO SIGNIFICANT WEATHER WAS OBSERVED.


RELATIVE HUMIDITY (PERCENT)
 HIGHEST    39          1100 PM
 LOWEST      9           100 PM
 AVERAGE    24

..........................................................




SUNRISE AND SUNSET
FEBRUARY 23 2017......SUNRISE   636 AM MST   SUNSET   546 PM MST
FEBRUARY 24 2017......SUNRISE   635 AM MST   SUNSET   547 PM MST


-  INDICATES NEGATIVE NUMBERS.
R  INDICATES RECORD WAS SET OR TIED.
MM INDICATES DATA IS MISSING.
T  INDICATES TRACE AMOUNT.




$$
