000
CDUS45 KPUB 271037
CLITAD


CLIMATE REPORT
NATIONAL WEATHER SERVICE PUEBLO
437 AM MDT MON MAR 27 2017


...................................

...THE TRINIDAD CO CLIMATE SUMMARY FOR MARCH 26 2017...

CLIMATE NORMAL PERIOD 1981 TO 2010
CLIMATE RECORD PERIOD 9999 TO 9999


WEATHER ITEM   OBSERVED TIME   NORMAL DEPARTURE LAST
                VALUE   (LST)  VALUE  FROM      YEAR
                                      NORMAL
......................................................
TEMPERATURE (F)
 YESTERDAY
  MAXIMUM         56    214 PM  60     -4       32
  MINIMUM         36   1156 PM  29      7        9
  AVERAGE         46            44      2       21

PRECIPITATION (IN)
  YESTERDAY        0.19          0.03   0.16     0.32
  MONTH TO DATE    0.71          0.73  -0.02     0.40
  SINCE MAR 1      0.71          0.73  -0.02     0.40
  SINCE JAN 1      2.27          1.62   0.65     0.81

DEGREE DAYS
 HEATING
  YESTERDAY       19            21     -2       44
  MONTH TO DATE  378           608   -230      543
  SINCE MAR 1    378           608   -230      543
  SINCE JUL 1   3834          4730   -896     4041

 COOLING
  YESTERDAY        0             0      0        0
  MONTH TO DATE    1             0      1        0
  SINCE MAR 1      1             0      1        0
  SINCE JAN 1      1             0      1        0
......................................................


WIND (MPH)
  HIGHEST WIND SPEED    28   HIGHEST WIND DIRECTION     N (340)
  HIGHEST GUST SPEED    34   HIGHEST GUST DIRECTION     N (340)
  AVERAGE WIND SPEED    11.5


SKY COVER
  POSSIBLE SUNSHINE  MM
  AVERAGE SKY COVER 0.6


WEATHER CONDITIONS
 THE FOLLOWING WEATHER WAS RECORDED YESTERDAY.
  RAIN
  LIGHT RAIN
  FOG


RELATIVE HUMIDITY (PERCENT)
 HIGHEST    92          1100 PM
 LOWEST     53           200 AM
 AVERAGE    73

..........................................................




SUNRISE AND SUNSET
MARCH 27 2017.........SUNRISE   650 AM MDT   SUNSET   716 PM MDT
MARCH 28 2017.........SUNRISE   648 AM MDT   SUNSET   717 PM MDT


-  INDICATES NEGATIVE NUMBERS.
R  INDICATES RECORD WAS SET OR TIED.
MM INDICATES DATA IS MISSING.
T  INDICATES TRACE AMOUNT.




$$
