000
CDUS44 KBMX 030740
CLITCL


CLIMATE REPORT
NATIONAL WEATHER SERVICE BIRMINGHAM, AL
240 AM CDT MON AUG 3 2015


...................................

...THE TUSCALOOSA CLIMATE SUMMARY FOR AUGUST 2 2015...

CLIMATE NORMAL PERIOD 1994 TO 1994
CLIMATE RECORD PERIOD 1994 TO 2015


WEATHER ITEM   OBSERVED TIME   RECORD YEAR NORMAL DEPARTURE LAST
                VALUE   (LST)  VALUE       VALUE  FROM      YEAR
                                                  NORMAL
..................................................................
TEMPERATURE (F)
 YESTERDAY
  MAXIMUM         98    306 PM 100    2011  92      6       93
                                      2010
                                      1957
  MINIMUM         65    520 AM  63    1965  72     -7       72
  AVERAGE         82                        82      0       83

PRECIPITATION (IN)
  YESTERDAY        0.00          2.67 1968   0.12  -0.12     0.46
  MONTH TO DATE    0.00                      0.24  -0.24     0.46
  SINCE JUN 1      4.62                      9.41  -4.79     6.53
  SINCE JAN 1     30.20                     32.81  -2.61    31.57

..................................................................


WIND (MPH)
  HIGHEST WIND SPEED    13   HIGHEST WIND DIRECTION    NE (40)
  HIGHEST GUST SPEED    18   HIGHEST GUST DIRECTION    NE (60)
  AVERAGE WIND SPEED     3.3


SKY COVER
  AVERAGE SKY COVER 0.1


WEATHER CONDITIONS
 THE FOLLOWING WEATHER WAS RECORDED YESTERDAY.
  NO SIGNIFICANT WEATHER WAS OBSERVED.


RELATIVE HUMIDITY (PERCENT)
 HIGHEST    87           400 AM
 LOWEST     27           100 PM
 AVERAGE    57

..........................................................


THE TUSCALOOSA CLIMATE NORMALS FOR TODAY
                         NORMAL    RECORD    YEAR
 MAXIMUM TEMPERATURE (F)   92       101      2011
                                             2010
 MINIMUM TEMPERATURE (F)   71        62      1976


SUNRISE AND SUNSET
AUGUST  3 2015........SUNRISE   605 AM CDT   SUNSET   748 PM CDT
AUGUST  4 2015........SUNRISE   605 AM CDT   SUNSET   747 PM CDT


-  INDICATES NEGATIVE NUMBERS.
R  INDICATES RECORD WAS SET OR TIED.
MM INDICATES DATA IS MISSING.
T  INDICATES TRACE AMOUNT.




$$
