000
CDUS44 KBMX 142215
CLITCL


CLIMATE REPORT
NATIONAL WEATHER SERVICE BIRMINGHAM, AL
415 PM CST SUN FEB 14 2016


...................................

...THE TUSCALOOSA CLIMATE SUMMARY FOR FEBRUARY 14 2016...
VALID AS OF 0400 PM LOCAL TIME.

CLIMATE NORMAL PERIOD 1994 TO 1994
CLIMATE RECORD PERIOD 1948 TO 2016


WEATHER ITEM   OBSERVED TIME   RECORD YEAR NORMAL DEPARTURE LAST
                VALUE   (LST)  VALUE       VALUE  FROM      YEAR
                                                  NORMAL
..................................................................
TEMPERATURE (F)
 TODAY
  MAXIMUM         58    259 PM  81    1989  60     -2       67
                                      1959
  MINIMUM         26    549 AM  16    1971  37    -11       25
  AVERAGE         42                        48     -6       46

PRECIPITATION (IN)
  TODAY            0.00          1.51 1974   0.21  -0.21     0.00
  MONTH TO DATE    1.35                      2.62  -1.27     0.32
  SINCE DEC 1     13.76                     12.59   1.17    13.49
  SINCE JAN 1      5.49                      7.97  -2.48     6.49

SNOWFALL (IN)
  TODAY            0.0                       0.0    0.0
  MONTH TO DATE    0.0                       0.0    0.0
  SINCE DEC 1      T                         0.3   -0.3
  SINCE JUL 1      T                         0.3   -0.3
  SNOW DEPTH       0

..................................................................


WIND (MPH)
  HIGHEST WIND SPEED    14   HIGHEST WIND DIRECTION     S (200)
  HIGHEST GUST SPEED    19   HIGHEST GUST DIRECTION    SE (130)
  AVERAGE WIND SPEED     6.3


SKY COVER
  AVERAGE SKY COVER 0.5


WEATHER CONDITIONS
 THE FOLLOWING WEATHER WAS RECORDED TODAY.
  NO SIGNIFICANT WEATHER WAS OBSERVED.


RELATIVE HUMIDITY (PERCENT)
 HIGHEST    63           600 AM
 LOWEST     20           200 PM
 AVERAGE    42

..........................................................


THE TUSCALOOSA CLIMATE NORMALS FOR TOMORROW
                         NORMAL    RECORD    YEAR
 MAXIMUM TEMPERATURE (F)   60        81      1989
 MINIMUM TEMPERATURE (F)   37        19      1960


SUNRISE AND SUNSET
FEBRUARY 14 2016......SUNRISE   636 AM CST   SUNSET   534 PM CST
FEBRUARY 15 2016......SUNRISE   635 AM CST   SUNSET   535 PM CST


-  INDICATES NEGATIVE NUMBERS.
R  INDICATES RECORD WAS SET OR TIED.
MM INDICATES DATA IS MISSING.
T  INDICATES TRACE AMOUNT.




$$
