000
CDUS44 KBMX 290742
CLITCL


CLIMATE REPORT
NATIONAL WEATHER SERVICE BIRMINGHAM, AL
241 AM CDT THU SEP 29 2016


...................................

...THE TUSCALOOSA CLIMATE SUMMARY FOR SEPTEMBER 28 2016...

CLIMATE NORMAL PERIOD 1981 TO 2010
CLIMATE RECORD PERIOD 1948 TO 2016


WEATHER ITEM   OBSERVED TIME   RECORD YEAR NORMAL DEPARTURE LAST
                VALUE   (LST)  VALUE       VALUE  FROM      YEAR
                                                  NORMAL
..................................................................
TEMPERATURE (F)
 YESTERDAY
  MAXIMUM         87    337 PM  96    1986  83      4       77
                                      1954
  MINIMUM         54    557 AM  45    1967  59     -5       69
                                      1956
  AVERAGE         71                        71      0       73

PRECIPITATION (IN)
  YESTERDAY        0.00          1.76 1989   0.12  -0.12     0.16
  MONTH TO DATE    0.33                      3.27  -2.94     0.92
  SINCE SEP 1      0.33                      3.27  -2.94     0.92
  SINCE JAN 1     32.07                     39.14  -7.07    35.55

DEGREE DAYS
 HEATING
  YESTERDAY        0                         1     -1
  MONTH TO DATE    0                         3     -3
  SINCE SEP 1      0                         3     -3
  SINCE JUL 1      0                         3     -3
..................................................................


WIND (MPH)
  HIGHEST WIND SPEED    15   HIGHEST WIND DIRECTION    SW (240)
  HIGHEST GUST SPEED    18   HIGHEST GUST DIRECTION     W (260)
  AVERAGE WIND SPEED     2.5


SKY COVER
  AVERAGE SKY COVER 0.0


WEATHER CONDITIONS
 THE FOLLOWING WEATHER WAS RECORDED YESTERDAY.
  NO SIGNIFICANT WEATHER WAS OBSERVED.


RELATIVE HUMIDITY (PERCENT)
 HIGHEST    93          1200 AM
 LOWEST     18           400 PM
 AVERAGE    56

..........................................................


THE TUSCALOOSA CLIMATE NORMALS FOR TODAY
                         NORMAL    RECORD    YEAR
 MAXIMUM TEMPERATURE (F)   83        96      1986
 MINIMUM TEMPERATURE (F)   58        41      1967
                                             1962


SUNRISE AND SUNSET
SEPTEMBER 29 2016.....SUNRISE   644 AM CDT   SUNSET   637 PM CDT
SEPTEMBER 30 2016.....SUNRISE   644 AM CDT   SUNSET   636 PM CDT


-  INDICATES NEGATIVE NUMBERS.
R  INDICATES RECORD WAS SET OR TIED.
MM INDICATES DATA IS MISSING.
T  INDICATES TRACE AMOUNT.




$$
