000
CDUS44 KBMX 290043
CLITCL


CLIMATE REPORT
NATIONAL WEATHER SERVICE BIRMINGHAM, AL
742 PM CDT SUN AUG 28 2016


...................................

...THE TUSCALOOSA CLIMATE SUMMARY FOR AUGUST 28 2016...
VALID TODAY AS OF 0700 PM LOCAL TIME.

CLIMATE NORMAL PERIOD 1994 TO 1994
CLIMATE RECORD PERIOD 1948 TO 2016


WEATHER ITEM   OBSERVED TIME   RECORD YEAR NORMAL DEPARTURE LAST
                VALUE   (LST)  VALUE       VALUE  FROM      YEAR
                                                  NORMAL
..................................................................
TEMPERATURE (F)
 TODAY
  MAXIMUM         94    252 PM 105    2000  91      3       92
  MINIMUM         70    404 AM  57    1952  70      0       66
  AVERAGE         82                        80      2       79

PRECIPITATION (IN)
  TODAY            0.00          1.59 2010   0.10  -0.10      T
  MONTH TO DATE    2.88                      2.99  -0.11     4.24
  SINCE JUN 1     11.33                     12.16  -0.83     8.86
  SINCE JAN 1     31.74                     35.56  -3.82    34.44

DEGREE DAYS
 COOLING
  TODAY           17                        15      2
  MONTH TO DATE  506                       463     43
  SINCE JUN 1   1505                      1384    121
  SINCE JAN 1   1789                      1695     94
..................................................................


WIND (MPH)
  HIGHEST WIND SPEED    14   HIGHEST WIND DIRECTION    NE (60)
  HIGHEST GUST SPEED    20   HIGHEST GUST DIRECTION     E (90)
  AVERAGE WIND SPEED     4.3


SKY COVER
  AVERAGE SKY COVER 0.1


WEATHER CONDITIONS
 THE FOLLOWING WEATHER WAS RECORDED TODAY.
  NO SIGNIFICANT WEATHER WAS OBSERVED.


RELATIVE HUMIDITY (PERCENT)
 HIGHEST   100          1200 AM
 LOWEST     46           200 PM
 AVERAGE    73

..........................................................


THE TUSCALOOSA CLIMATE NORMALS FOR TOMORROW
                         NORMAL    RECORD    YEAR
 MAXIMUM TEMPERATURE (F)   91       107      2000
 MINIMUM TEMPERATURE (F)   69        56      1992
                                             1986


SUNRISE AND SUNSET
AUGUST 28 2016........SUNRISE   622 AM CDT   SUNSET   720 PM CDT
AUGUST 29 2016........SUNRISE   623 AM CDT   SUNSET   719 PM CDT


-  INDICATES NEGATIVE NUMBERS.
R  INDICATES RECORD WAS SET OR TIED.
MM INDICATES DATA IS MISSING.
T  INDICATES TRACE AMOUNT.




$$
