000
CDUS44 KBMX 262154
CLITCL


CLIMATE REPORT
NATIONAL WEATHER SERVICE BIRMINGHAM, AL
454 PM CDT TUE SEP 26 2017


...................................

...THE TUSCALOOSA CLIMATE SUMMARY FOR SEPTEMBER 26 2017...
VALID TODAY AS OF 0400 PM LOCAL TIME.

CLIMATE NORMAL PERIOD 1981 TO 2010
CLIMATE RECORD PERIOD 1948 TO 2017


WEATHER ITEM   OBSERVED TIME   RECORD YEAR NORMAL DEPARTURE LAST
                VALUE   (LST)  VALUE       VALUE  FROM      YEAR
                                                  NORMAL
..................................................................
TEMPERATURE (F)
 TODAY
  MAXIMUM         92    237 PM  97    1955  84      8       95
  MINIMUM         66    557 AM  45    2001  60      6       67
  AVERAGE         79                        72      7       81

PRECIPITATION (IN)
  TODAY            0.00          1.40 2002   0.12  -0.12     0.00
  MONTH TO DATE    1.63                      3.03  -1.40     0.33
  SINCE SEP 1      1.63                      3.03  -1.40     0.33
  SINCE JAN 1     49.92                     38.90  11.02    32.07

DEGREE DAYS

 COOLING
  TODAY           14                         7      7
  MONTH TO DATE  265                       295    -30
  SINCE SEP 1    265                       295    -30
  SINCE JAN 1   2040                      2032      8
..................................................................


WIND (MPH)
  HIGHEST WIND SPEED    10   HIGHEST WIND DIRECTION    NE (60)
  HIGHEST GUST SPEED    12   HIGHEST GUST DIRECTION     E (70)
  AVERAGE WIND SPEED     2.9


SKY COVER
  AVERAGE SKY COVER 0.1


WEATHER CONDITIONS
 THE FOLLOWING WEATHER WAS RECORDED TODAY.
  FOG


RELATIVE HUMIDITY (PERCENT)
 HIGHEST   100          1200 AM
 LOWEST     41           300 PM
 AVERAGE    71

..........................................................


THE TUSCALOOSA CLIMATE NORMALS FOR TOMORROW
                         NORMAL    RECORD    YEAR
 MAXIMUM TEMPERATURE (F)   83        97      1954
 MINIMUM TEMPERATURE (F)   59        43      2001


SUNRISE AND SUNSET
SEPTEMBER 26 2017.....SUNRISE   641 AM CDT   SUNSET   641 PM CDT
SEPTEMBER 27 2017.....SUNRISE   642 AM CDT   SUNSET   640 PM CDT


-  INDICATES NEGATIVE NUMBERS.
R  INDICATES RECORD WAS SET OR TIED.
MM INDICATES DATA IS MISSING.
T  INDICATES TRACE AMOUNT.




$$
