000
CDUS44 KBMX 222221
CLITCL


CLIMATE REPORT
NATIONAL WEATHER SERVICE BIRMINGHAM, AL
421 PM CST MON JAN 22 2018


...................................

...THE TUSCALOOSA CLIMATE SUMMARY FOR JANUARY 22 2018...
VALID TODAY AS OF 0400 PM LOCAL TIME.

CLIMATE NORMAL PERIOD 1981 TO 2010
CLIMATE RECORD PERIOD 1948 TO 2018


WEATHER ITEM   OBSERVED TIME   RECORD YEAR NORMAL DEPARTURE LAST
                VALUE   (LST)  VALUE       VALUE  FROM      YEAR
                                                  NORMAL
..................................................................
TEMPERATURE (F)
 TODAY
  MAXIMUM         65    417 PM  76    1952  56      9       62
  MINIMUM         52    454 AM  10    1985  34     18       50
  AVERAGE         59                        45     14       56

PRECIPITATION (IN)
  TODAY            0.27          2.48 1980   0.18   0.09     1.23
  MONTH TO DATE    1.31                      3.61  -2.30     6.83
  SINCE DEC 1      3.68                      8.23  -4.55     9.74
  SINCE JAN 1      1.31                      3.61  -2.30     6.83

SNOWFALL (IN)
  TODAY            0.0                       0.0    0.0
  MONTH TO DATE    0.0                       0.2   -0.2
  SINCE DEC 1      0.0                       0.2   -0.2
  SINCE JUL 1      0.0                       0.2   -0.2
  SNOW DEPTH       0

..................................................................


WIND (MPH)
  HIGHEST WIND SPEED    18   HIGHEST WIND DIRECTION    SE (140)
  HIGHEST GUST SPEED    28   HIGHEST GUST DIRECTION    SE (140)
  AVERAGE WIND SPEED     7.9


SKY COVER
  AVERAGE SKY COVER 0.7


WEATHER CONDITIONS
 THE FOLLOWING WEATHER WAS RECORDED TODAY.
  THUNDERSTORM
  HEAVY RAIN
  RAIN
  LIGHT RAIN
  FOG


RELATIVE HUMIDITY (PERCENT)
 HIGHEST    93           300 PM
 LOWEST     53           300 AM
 AVERAGE    73

..........................................................


THE TUSCALOOSA CLIMATE NORMALS FOR TOMORROW
                         NORMAL    RECORD    YEAR
 MAXIMUM TEMPERATURE (F)   56        77      2002
                                             1949
 MINIMUM TEMPERATURE (F)   34         6      1963


SUNRISE AND SUNSET
JANUARY 22 2018.......SUNRISE   652 AM CST   SUNSET   513 PM CST
JANUARY 23 2018.......SUNRISE   651 AM CST   SUNSET   514 PM CST


-  INDICATES NEGATIVE NUMBERS.
R  INDICATES RECORD WAS SET OR TIED.
MM INDICATES DATA IS MISSING.
T  INDICATES TRACE AMOUNT.




$$
