000
CDUS44 KBMX 280855
CLITCL


CLIMATE REPORT
NATIONAL WEATHER SERVICE BIRMINGHAM, AL
353 AM CDT SAT MAR 28 2015


...................................

...THE TUSCALOOSA CLIMATE SUMMARY FOR MARCH 27 2015...

CLIMATE NORMAL PERIOD 1994 TO 1994
CLIMATE RECORD PERIOD 1994 TO 2015


WEATHER ITEM   OBSERVED TIME   RECORD YEAR NORMAL DEPARTURE LAST
                VALUE   (LST)  VALUE       VALUE  FROM      YEAR
                                                  NORMAL
..................................................................
TEMPERATURE (F)
 YESTERDAY
  MAXIMUM         60    110 PM  85    2012  72    -12       74
                                      2007
                                      1991
  MINIMUM         40   1159 PM  20    1955  45     -5       43
  AVERAGE         50                        58     -8       59

PRECIPITATION (IN)
  YESTERDAY        0.01          1.35 1951   0.15  -0.14     0.64
  MONTH TO DATE    3.12                      3.97  -0.85     3.33
  SINCE MAR 1      3.12                      3.97  -0.85     3.33
  SINCE JAN 1     13.87                     14.64  -0.77    11.05

SNOWFALL (IN)
  YESTERDAY        0.0                       0.0    0.0
  MONTH TO DATE    T                         0.3   -0.3
  SINCE MAR 1      T                         0.3   -0.3
  SINCE JUL 1      T                         0.7   -0.7

DEGREE DAYS
 HEATING
  YESTERDAY       15                         7      8
  MONTH TO DATE  184                       266    -82
  SINCE MAR 1    184                       266    -82
  SINCE JUL 1   2479                      2356    123
..................................................................


WIND (MPH)
  HIGHEST WIND SPEED    21   HIGHEST WIND DIRECTION    NW (310)
  HIGHEST GUST SPEED    29   HIGHEST GUST DIRECTION    NW (310)
  AVERAGE WIND SPEED    10.5


SKY COVER
  AVERAGE SKY COVER 0.5


WEATHER CONDITIONS
 THE FOLLOWING WEATHER WAS RECORDED YESTERDAY.
  LIGHT RAIN
  HAZE


RELATIVE HUMIDITY (PERCENT)
 HIGHEST    86           300 AM
 LOWEST     31           100 PM
 AVERAGE    59

..........................................................


THE TUSCALOOSA CLIMATE NORMALS FOR TODAY
                         NORMAL    RECORD    YEAR
 MAXIMUM TEMPERATURE (F)   72        85      1998
 MINIMUM TEMPERATURE (F)   46        29      1969


SUNRISE AND SUNSET
MARCH 28 2015.........SUNRISE   644 AM CDT   SUNSET   708 PM CDT
MARCH 29 2015.........SUNRISE   643 AM CDT   SUNSET   708 PM CDT


-  INDICATES NEGATIVE NUMBERS.
R  INDICATES RECORD WAS SET OR TIED.
MM INDICATES DATA IS MISSING.
T  INDICATES TRACE AMOUNT.




$$
