000
CDUS42 KTAE 230630
CLITLH


CLIMATE REPORT
NATIONAL WEATHER SERVICE TALLAHASSEE FL
230 AM EDT SAT SEP 23 2017


...................................

...THE TALLAHASSEE CLIMATE SUMMARY FOR SEPTEMBER 22 2017...

CLIMATE NORMAL PERIOD 1981 TO 2010
CLIMATE RECORD PERIOD 1896 TO 2017


WEATHER ITEM   OBSERVED TIME   RECORD YEAR NORMAL DEPARTURE LAST
                VALUE   (LST)  VALUE       VALUE  FROM      YEAR
                                                  NORMAL
..................................................................
TEMPERATURE (F)
 YESTERDAY
  MAXIMUM         90    424 PM  97    1925  87      3       93
  MINIMUM         69    613 AM  49    1913  67      2       74
  AVERAGE         80                        77      3       84

PRECIPITATION (IN)
  YESTERDAY        0.00          7.86 2000   0.14  -0.14     0.00
  MONTH TO DATE    3.43                      3.58  -0.15     7.34
  SINCE SEP 1      3.43                      3.58  -0.15     7.34
  SINCE JAN 1     48.70                     47.49   1.21    54.65

SNOWFALL (IN)
  YESTERDAY        0.0                       0.0    0.0

DEGREE DAYS
 HEATING
  YESTERDAY        0                                0
  MONTH TO DATE    1                                1
  SINCE SEP 1      1                                1
  SINCE JUL 1      1                                1

 COOLING
  YESTERDAY       15                                3
  MONTH TO DATE  290                              -22
  SINCE SEP 1    290                              -22
  SINCE JAN 1   2468                              203
..................................................................


WIND (MPH)
  HIGHEST WIND SPEED    14   HIGHEST WIND DIRECTION     E (70)
  HIGHEST GUST SPEED    19   HIGHEST GUST DIRECTION     E (80)
  AVERAGE WIND SPEED     4.4




RELATIVE HUMIDITY (PERCENT)
 HIGHEST   100
 LOWEST     47
 AVERAGE    74

..........................................................


THE TALLAHASSEE CLIMATE NORMALS FOR TODAY
                         NORMAL    RECORD    YEAR
 MAXIMUM TEMPERATURE (F)   87        98      1925
 MINIMUM TEMPERATURE (F)   66        48      1983
                                             1982


SUNRISE AND SUNSET
SEPTEMBER 23 2017.....SUNRISE   726 AM EDT   SUNSET   732 PM EDT
SEPTEMBER 24 2017.....SUNRISE   727 AM EDT   SUNSET   731 PM EDT


-  INDICATES NEGATIVE NUMBERS.
R  INDICATES RECORD WAS SET OR TIED.
MM INDICATES DATA IS MISSING.
T  INDICATES TRACE AMOUNT.




$$
