000
CDUS42 KTAE 240636
CLITLH


CLIMATE REPORT
NATIONAL WEATHER SERVICE TALLAHASSEE FL
135 AM EST FRI FEB 24 2017


...................................

...THE TALLAHASSEE CLIMATE SUMMARY FOR FEBRUARY 23 2017...

CLIMATE NORMAL PERIOD 1981 TO 2010
CLIMATE RECORD PERIOD 1896 TO 2017


WEATHER ITEM   OBSERVED TIME   RECORD YEAR NORMAL DEPARTURE LAST
                VALUE   (LST)  VALUE       VALUE  FROM      YEAR
                                                  NORMAL
..................................................................
TEMPERATURE (F)
 YESTERDAY
  MAXIMUM         81    427 PM  83    1996  69     12       77
                                      1980
  MINIMUM         57    533 AM  20    1978  43     14       56
  AVERAGE         69                        56     13       67

PRECIPITATION (IN)
  YESTERDAY        0.00          1.70 1928   0.20  -0.20     0.00
                                      1910
  MONTH TO DATE    2.72                      3.90  -1.18     3.83
  SINCE DEC 1     14.13                     12.14   1.99    12.85
  SINCE JAN 1      9.93                      8.24   1.69     8.08

SNOWFALL (IN)
  YESTERDAY        0.0                       0.0    0.0

DEGREE DAYS
 HEATING
  YESTERDAY        0                               -9
  MONTH TO DATE   90                             -164
  SINCE DEC 1    520                             -544
  SINCE JUL 1    633                             -667

 COOLING
  YESTERDAY        4                                4
  MONTH TO DATE   19                               19
  SINCE DEC 1     92                               74
  SINCE JAN 1     49                               44
..................................................................


WIND (MPH)
  HIGHEST WIND SPEED    17   HIGHEST WIND DIRECTION    NE (60)
  HIGHEST GUST SPEED    22   HIGHEST GUST DIRECTION    NE (30)
  AVERAGE WIND SPEED     6.7




RELATIVE HUMIDITY (PERCENT)
 HIGHEST   100
 LOWEST     45
 AVERAGE    73

..........................................................


THE TALLAHASSEE CLIMATE NORMALS FOR TODAY
                         NORMAL    RECORD    YEAR
 MAXIMUM TEMPERATURE (F)   70        83      2012
 MINIMUM TEMPERATURE (F)   44        24      1964


SUNRISE AND SUNSET
FEBRUARY 24 2017......SUNRISE   709 AM EST   SUNSET   633 PM EST
FEBRUARY 25 2017......SUNRISE   708 AM EST   SUNSET   634 PM EST


-  INDICATES NEGATIVE NUMBERS.
R  INDICATES RECORD WAS SET OR TIED.
MM INDICATES DATA IS MISSING.
T  INDICATES TRACE AMOUNT.




$$
