000
CDUS42 KTAE 010634
CLITLH


CLIMATE REPORT
NATIONAL WEATHER SERVICE TALLAHASSEE FL
233 AM EDT WED JUL 1 2015


...................................

...THE TALLAHASSEE CLIMATE SUMMARY FOR JUNE 30 2015...

CLIMATE NORMAL PERIOD 1981 TO 2010
CLIMATE RECORD PERIOD 1896 TO 2015


WEATHER ITEM   OBSERVED TIME   RECORD YEAR NORMAL DEPARTURE LAST
                VALUE   (LST)  VALUE       VALUE  FROM      YEAR
                                                  NORMAL
..................................................................
TEMPERATURE (F)
 YESTERDAY
  MAXIMUM         92    112 PM 102    1998  92      0       99
  MINIMUM         70   1159 PM  58    1974  71     -1       74
  AVERAGE         81                        82     -1       87

PRECIPITATION (IN)
  YESTERDAY        0.81          2.42 1955   0.26   0.55     0.37
  MONTH TO DATE    6.54                      7.73  -1.19     4.40
  SINCE JUN 1      6.54                      7.73  -1.19     4.40
  SINCE JAN 1     25.07                     29.39  -4.32    36.49

SNOWFALL (IN)
  YESTERDAY        0.0                       0.0    0.0

DEGREE DAYS
 HEATING
  YESTERDAY        0                                0
  MONTH TO DATE    0                                0
  SINCE JUN 1      0                                0
  SINCE JUL 1   1441                             -154

 COOLING
  YESTERDAY       16                               -1
  MONTH TO DATE  504                               47
  SINCE JUN 1    504                               47
  SINCE JAN 1   1325                              422
..................................................................


WIND (MPH)
  HIGHEST WIND SPEED    46   HIGHEST WIND DIRECTION    NW (300)
  HIGHEST GUST SPEED    60   HIGHEST GUST DIRECTION     W (290)
  AVERAGE WIND SPEED     5.3




RELATIVE HUMIDITY (PERCENT)
 HIGHEST    94
 LOWEST     59
 AVERAGE    77

..........................................................


THE TALLAHASSEE CLIMATE NORMALS FOR TODAY
                         NORMAL    RECORD    YEAR
 MAXIMUM TEMPERATURE (F)   92       100      1998
                                             1990
 MINIMUM TEMPERATURE (F)   71        62      1981


SUNRISE AND SUNSET
JULY  1 2015..........SUNRISE   639 AM EDT   SUNSET   844 PM EDT
JULY  2 2015..........SUNRISE   639 AM EDT   SUNSET   844 PM EDT


-  INDICATES NEGATIVE NUMBERS.
R  INDICATES RECORD WAS SET OR TIED.
MM INDICATES DATA IS MISSING.
T  INDICATES TRACE AMOUNT.




$$
