000
CDUS42 KTAE 310632
CLITLH


CLIMATE REPORT
NATIONAL WEATHER SERVICE TALLAHASSEE FL
231 AM EDT FRI JUL 31 2015


...................................

...THE TALLAHASSEE CLIMATE SUMMARY FOR JULY 30 2015...

CLIMATE NORMAL PERIOD 1981 TO 2010
CLIMATE RECORD PERIOD 1896 TO 2015


WEATHER ITEM   OBSERVED TIME   RECORD YEAR NORMAL DEPARTURE LAST
                VALUE   (LST)  VALUE       VALUE  FROM      YEAR
                                                  NORMAL
..................................................................
TEMPERATURE (F)
 YESTERDAY
  MAXIMUM         96    159 PM 103    2010  92      4       94
  MINIMUM         77    638 AM  66    2014  72      5       66
  AVERAGE         87                        82      5       80

PRECIPITATION (IN)
  YESTERDAY        0.23          4.08 1975   0.25  -0.02     0.00
  MONTH TO DATE    6.07                      6.91  -0.84     2.33
  SINCE JUN 1     12.61                     14.64  -2.03     6.73
  SINCE JAN 1     31.14                     36.30  -5.16    38.82

SNOWFALL (IN)
  YESTERDAY        0.0                       0.0    0.0

DEGREE DAYS
 HEATING
  YESTERDAY        0                                0
  MONTH TO DATE    0                                0
  SINCE JUN 1      0                                0
  SINCE JUL 1      0                                0

 COOLING
  YESTERDAY       22                                5
  MONTH TO DATE  624                              114
  SINCE JUN 1   1128                              161
  SINCE JAN 1   1949                              536
..................................................................


WIND (MPH)
  HIGHEST WIND SPEED    20   HIGHEST WIND DIRECTION    SW (210)
  HIGHEST GUST SPEED    24   HIGHEST GUST DIRECTION     S (200)
  AVERAGE WIND SPEED     3.3




RELATIVE HUMIDITY (PERCENT)
 HIGHEST    97
 LOWEST     56
 AVERAGE    77

..........................................................


THE TALLAHASSEE CLIMATE NORMALS FOR TODAY
                         NORMAL    RECORD    YEAR
 MAXIMUM TEMPERATURE (F)   92       101      2010
                                             1999
 MINIMUM TEMPERATURE (F)   72        63      1896


SUNRISE AND SUNSET
JULY 31 2015..........SUNRISE   655 AM EDT   SUNSET   832 PM EDT
AUGUST  1 2015........SUNRISE   656 AM EDT   SUNSET   832 PM EDT


-  INDICATES NEGATIVE NUMBERS.
R  INDICATES RECORD WAS SET OR TIED.
MM INDICATES DATA IS MISSING.
T  INDICATES TRACE AMOUNT.




$$
