000
CDUS42 KTAE 190633
CLITLH


CLIMATE REPORT
NATIONAL WEATHER SERVICE TALLAHASSEE FL
132 AM EST FRI JAN 19 2018


...................................

...THE TALLAHASSEE CLIMATE SUMMARY FOR JANUARY 18 2018...

CLIMATE NORMAL PERIOD 1981 TO 2010
CLIMATE RECORD PERIOD 1896 TO 2018


WEATHER ITEM   OBSERVED TIME   RECORD YEAR NORMAL DEPARTURE LAST
                VALUE   (LST)  VALUE       VALUE  FROM      YEAR
                                                  NORMAL
..................................................................
TEMPERATURE (F)
 YESTERDAY
  MAXIMUM         51    455 PM  80    2017  63    -12       80
                                      1947
  MINIMUM         20    751 AM  15    1965  39    -19       59
  AVERAGE         36                        51    -15       70

PRECIPITATION (IN)
  YESTERDAY        0.00          3.40 1915   0.14  -0.14     0.00
  MONTH TO DATE    1.12                      2.35  -1.23     4.51
  SINCE DEC 1      3.11                      6.25  -3.14     8.71
  SINCE JAN 1      1.12                      2.35  -1.23     4.51

SNOWFALL (IN)
  YESTERDAY        0.0                       0.0    0.0

DEGREE DAYS
 HEATING
  YESTERDAY       29                               15
  MONTH TO DATE  355                              103
  SINCE DEC 1    671                               40
  SINCE JUL 1    843                              -24

 COOLING
  YESTERDAY        0                                0
  MONTH TO DATE    8                                8
  SINCE DEC 1     38                               25
  SINCE JAN 1      8                                8
..................................................................


WIND (MPH)
  HIGHEST WIND SPEED    14   HIGHEST WIND DIRECTION     N (360)
  HIGHEST GUST SPEED    18   HIGHEST GUST DIRECTION     N (20)
  AVERAGE WIND SPEED     5.9




RELATIVE HUMIDITY (PERCENT)
 HIGHEST    75
 LOWEST     17
 AVERAGE    46

..........................................................


THE TALLAHASSEE CLIMATE NORMALS FOR TODAY
                         NORMAL    RECORD    YEAR
 MAXIMUM TEMPERATURE (F)   63        79      2001
                                             1950
                                             1942
 MINIMUM TEMPERATURE (F)   39        15      1976


SUNRISE AND SUNSET
JANUARY 19 2018.......SUNRISE   734 AM EST   SUNSET   603 PM EST
JANUARY 20 2018.......SUNRISE   734 AM EST   SUNSET   604 PM EST


-  INDICATES NEGATIVE NUMBERS.
R  INDICATES RECORD WAS SET OR TIED.
MM INDICATES DATA IS MISSING.
T  INDICATES TRACE AMOUNT.




$$
