000
CDUS42 KTAE 260654
CLITLH


CLIMATE REPORT
NATIONAL WEATHER SERVICE TALLAHASSEE FL
252 AM EDT THU MAR 26 2015


...................................

...THE TALLAHASSEE CLIMATE SUMMARY FOR MARCH 25 2015...

CLIMATE NORMAL PERIOD 1981 TO 2010
CLIMATE RECORD PERIOD 1896 TO 2015


WEATHER ITEM   OBSERVED TIME   RECORD YEAR NORMAL DEPARTURE LAST
                VALUE   (LST)  VALUE       VALUE  FROM      YEAR
                                                  NORMAL
..................................................................
TEMPERATURE (F)
 YESTERDAY
  MAXIMUM         82    252 PM  89    1991  76      6       71
  MINIMUM         51    625 AM  26    2008  49      2       50
  AVERAGE         67                        62      5       61

PRECIPITATION (IN)
  YESTERDAY        0.00          2.30 1893   0.17  -0.17     0.00
  MONTH TO DATE    2.90                      4.94  -2.04     8.68
  SINCE MAR 1      2.90                      4.94  -2.04     8.68
  SINCE JAN 1     12.09                     14.13  -2.04    16.73

SNOWFALL (IN)
  YESTERDAY        0.0                       0.0    0.0

DEGREE DAYS
 HEATING
  YESTERDAY        0                               -4
  MONTH TO DATE   47                             -109
  SINCE MAR 1     47                             -109
  SINCE JUL 1   1413                              -86

 COOLING
  YESTERDAY        2                                0
  MONTH TO DATE  112                               86
  SINCE MAR 1    112                               86
  SINCE JAN 1    119                               79
..................................................................


WIND (MPH)
  HIGHEST WIND SPEED    15   HIGHEST WIND DIRECTION     S (170)
  HIGHEST GUST SPEED    19   HIGHEST GUST DIRECTION     S (170)
  AVERAGE WIND SPEED     2.9




RELATIVE HUMIDITY (PERCENT)
 HIGHEST    93
 LOWEST     42
 AVERAGE    68

..........................................................


THE TALLAHASSEE CLIMATE NORMALS FOR TODAY
                         NORMAL    RECORD    YEAR
 MAXIMUM TEMPERATURE (F)   76        90      1929
 MINIMUM TEMPERATURE (F)   49        28      1979


SUNRISE AND SUNSET
MARCH 26 2015.........SUNRISE   734 AM EDT   SUNSET   753 PM EDT
MARCH 27 2015.........SUNRISE   733 AM EDT   SUNSET   753 PM EDT


-  INDICATES NEGATIVE NUMBERS.
R  INDICATES RECORD WAS SET OR TIED.
MM INDICATES DATA IS MISSING.
T  INDICATES TRACE AMOUNT.




$$
