000
CDUS44 KBMX 250624
CLITOI


CLIMATE REPORT
NATIONAL WEATHER SERVICE BIRMINGHAM, AL
123 AM CDT WED MAY 25 2016


...................................

...THE TROY CLIMATE SUMMARY FOR MAY 24 2016...

CLIMATE NORMAL PERIOD 1981 TO 2010
CLIMATE RECORD PERIOD 9999 TO 9999


WEATHER ITEM   OBSERVED TIME   RECORD YEAR NORMAL DEPARTURE LAST
                VALUE   (LST)  VALUE       VALUE  FROM      YEAR
                                                  NORMAL
..................................................................
TEMPERATURE (F)
 YESTERDAY
  MAXIMUM         89    154 PM  MM      MM  86      3       88
  MINIMUM         57    519 AM  MM      MM  61     -4       69
  AVERAGE         73                        73      0       79

PRECIPITATION (IN)
  YESTERDAY        0.00                      0.15  -0.15      T
  MONTH TO DATE    2.40                      2.36   0.04     1.01
  SINCE MAR 1     12.98                     12.38   0.60    10.83
  SINCE JAN 1     19.33                     21.51  -2.18    17.74

DEGREE DAYS
 COOLING
  YESTERDAY        8                         9     -1       14
  MONTH TO DATE  154                       144     10      197
  SINCE MAR 1    313                       216     97      401
  SINCE JAN 1    320                       221     99      403
..................................................................


WIND (MPH)
  HIGHEST WIND SPEED     9   HIGHEST WIND DIRECTION     S (170)
  HIGHEST GUST SPEED    13   HIGHEST GUST DIRECTION    SW (220)
  AVERAGE WIND SPEED     1.2


SKY COVER
  AVERAGE SKY COVER 0.0


WEATHER CONDITIONS
 THE FOLLOWING WEATHER WAS RECORDED YESTERDAY.
  NO SIGNIFICANT WEATHER WAS OBSERVED.


RELATIVE HUMIDITY (PERCENT)
 HIGHEST    93           200 AM
 LOWEST     32           200 PM
 AVERAGE    63

..........................................................


THE TROY CLIMATE NORMALS FOR TODAY
                         NORMAL    RECORD    YEAR
 MAXIMUM TEMPERATURE (F)   86        MM        MM
 MINIMUM TEMPERATURE (F)   61        MM        MM


SUNRISE AND SUNSET
MAY 25 2016...........SUNRISE   541 AM CDT   SUNSET   741 PM CDT
MAY 26 2016...........SUNRISE   541 AM CDT   SUNSET   742 PM CDT


-  INDICATES NEGATIVE NUMBERS.
R  INDICATES RECORD WAS SET OR TIED.
MM INDICATES DATA IS MISSING.
T  INDICATES TRACE AMOUNT.




$$
