000
CDUS44 KBMX 110930
CLITOI


CLIMATE REPORT
NATIONAL WEATHER SERVICE BIRMINGHAM, AL
430 AM CDT FRI JUL 11 2014


...................................

...THE TROY CLIMATE SUMMARY FOR JULY 10 2014...

CLIMATE NORMAL PERIOD 1981 TO 2010
CLIMATE RECORD PERIOD 9999 TO 9999


WEATHER ITEM   OBSERVED TIME   RECORD YEAR NORMAL DEPARTURE LAST
                VALUE   (LST)  VALUE       VALUE  FROM      YEAR
                                                  NORMAL
..................................................................
TEMPERATURE (F)
 YESTERDAY
  MAXIMUM         88    123 PM  MM      MM  92     -4       91
  MINIMUM         69    457 AM  MM      MM  70     -1       72
  AVERAGE         79                        81     -2       82

PRECIPITATION (IN)
  YESTERDAY        0.16                      0.20  -0.04     0.28
  MONTH TO DATE    0.36                      1.93  -1.57     5.57
  SINCE JUN 1      3.15                      6.76  -3.61    11.52
  SINCE JAN 1     33.21                     29.59   3.62    34.68

DEGREE DAYS
 COOLING
  YESTERDAY       14                        16     -2       17
  MONTH TO DATE  148                       153     -5      125
  SINCE JUN 1    581                       541     40      570
  SINCE JAN 1    903                       828     75      862
..................................................................


WIND (MPH)
  HIGHEST WIND SPEED    16   HIGHEST WIND DIRECTION    NW (320)
  HIGHEST GUST SPEED    22   HIGHEST GUST DIRECTION    NW (310)
  AVERAGE WIND SPEED     3.0


SKY COVER
  AVERAGE SKY COVER 0.2


WEATHER CONDITIONS
 THE FOLLOWING WEATHER WAS RECORDED YESTERDAY.
  THUNDERSTORM
  HEAVY RAIN
  LIGHT RAIN
  FOG


RELATIVE HUMIDITY (PERCENT)
 HIGHEST    97           400 AM
 LOWEST     69          1000 AM
 AVERAGE    83

..........................................................


THE TROY CLIMATE NORMALS FOR TODAY
                         NORMAL    RECORD    YEAR
 MAXIMUM TEMPERATURE (F)   92        MM        MM
 MINIMUM TEMPERATURE (F)   70        MM        MM


SUNRISE AND SUNSET
JULY 11 2014..........SUNRISE   547 AM CDT   SUNSET   752 PM CDT
JULY 12 2014..........SUNRISE   547 AM CDT   SUNSET   752 PM CDT


-  INDICATES NEGATIVE NUMBERS.
R  INDICATES RECORD WAS SET OR TIED.
MM INDICATES DATA IS MISSING.
T  INDICATES TRACE AMOUNT.




$$
