000
CDUS44 KBMX 252149
CLITOI


CLIMATE REPORT
NATIONAL WEATHER SERVICE BIRMINGHAM, AL
447 PM CDT MON MAY 25 2015


...................................

...THE TROY CLIMATE SUMMARY FOR MAY 25 2015...
VALID AS OF 0400 PM LOCAL TIME.

CLIMATE NORMAL PERIOD 1981 TO 2010
CLIMATE RECORD PERIOD 9999 TO 9999


WEATHER ITEM   OBSERVED TIME   RECORD YEAR NORMAL DEPARTURE LAST
                VALUE   (LST)  VALUE       VALUE  FROM      YEAR
                                                  NORMAL
..................................................................
TEMPERATURE (F)
 TODAY
  MAXIMUM         85   1155 AM  MM      MM  86     -1       93
  MINIMUM         69    517 AM  MM      MM  61      8       64
  AVERAGE         77                        74      3       79

PRECIPITATION (IN)
  TODAY            0.07                      0.15  -0.08     0.00
  MONTH TO DATE    1.08                      2.51  -1.43     4.18
  SINCE MAR 1     10.90                     12.53  -1.63    19.84
  SINCE JAN 1     17.81                     21.66  -3.85    28.90

DEGREE DAYS
 COOLING
  TODAY           12                         9      3       14
  MONTH TO DATE  209                       153     56      168
  SINCE MAR 1    413                       225    188      240
  SINCE JAN 1    415                       230    185      251
..................................................................


WIND (MPH)
  HIGHEST WIND SPEED    15   HIGHEST WIND DIRECTION     W (260)
  HIGHEST GUST SPEED    22   HIGHEST GUST DIRECTION     S (160)
  AVERAGE WIND SPEED     7.7


SKY COVER
  AVERAGE SKY COVER 0.4


WEATHER CONDITIONS
 THE FOLLOWING WEATHER WAS RECORDED TODAY.
  THUNDERSTORM
  RAIN
  LIGHT RAIN
  FOG


RELATIVE HUMIDITY (PERCENT)
 HIGHEST    84          1200 AM
 LOWEST     61          1200 PM
 AVERAGE    73

..........................................................


THE TROY CLIMATE NORMALS FOR TOMORROW
                         NORMAL    RECORD    YEAR
 MAXIMUM TEMPERATURE (F)   86        MM        MM
 MINIMUM TEMPERATURE (F)   62        MM        MM


SUNRISE AND SUNSET
MAY 25 2015...........SUNRISE   542 AM CDT   SUNSET   741 PM CDT
MAY 26 2015...........SUNRISE   541 AM CDT   SUNSET   741 PM CDT


-  INDICATES NEGATIVE NUMBERS.
R  INDICATES RECORD WAS SET OR TIED.
MM INDICATES DATA IS MISSING.
T  INDICATES TRACE AMOUNT.




$$
