000
CDUS44 KBMX 030748
CLITOI


CLIMATE REPORT
NATIONAL WEATHER SERVICE BIRMINGHAM, AL
246 AM CDT FRI JUL 3 2015


...................................

...THE TROY CLIMATE SUMMARY FOR JULY 2 2015...

CLIMATE NORMAL PERIOD 1981 TO 2010
CLIMATE RECORD PERIOD 9999 TO 9999


WEATHER ITEM   OBSERVED TIME   RECORD YEAR NORMAL DEPARTURE LAST
                VALUE   (LST)  VALUE       VALUE  FROM      YEAR
                                                  NORMAL
..................................................................
TEMPERATURE (F)
 YESTERDAY
  MAXIMUM         90    400 PM  MM      MM  91     -1       95
  MINIMUM         71    517 AM  MM      MM  69      2       72
  AVERAGE         81                        80      1       84

PRECIPITATION (IN)
  YESTERDAY        T                         0.20  -0.20     0.00
  MONTH TO DATE    T                         0.40  -0.40     0.00
  SINCE JUN 1      4.11                      5.23  -1.12     2.79
  SINCE JAN 1     23.93                     28.06  -4.13    32.85

DEGREE DAYS
 COOLING
  YESTERDAY       16                        15      1       19
  MONTH TO DATE   31                        30      1       36
  SINCE JUN 1    490                       418     72      469
  SINCE JAN 1    973                       705    268      791
..................................................................


WIND (MPH)
  HIGHEST WIND SPEED    21   HIGHEST WIND DIRECTION    NW (310)
  HIGHEST GUST SPEED    26   HIGHEST GUST DIRECTION    NW (300)
  AVERAGE WIND SPEED     6.9


SKY COVER
  AVERAGE SKY COVER 0.4


WEATHER CONDITIONS
 THE FOLLOWING WEATHER WAS RECORDED YESTERDAY.
  THUNDERSTORM


RELATIVE HUMIDITY (PERCENT)
 HIGHEST    93           200 AM
 LOWEST     59           300 PM
 AVERAGE    76

..........................................................


THE TROY CLIMATE NORMALS FOR TODAY
                         NORMAL    RECORD    YEAR
 MAXIMUM TEMPERATURE (F)   91        MM        MM
 MINIMUM TEMPERATURE (F)   69        MM        MM


SUNRISE AND SUNSET
JULY  3 2015..........SUNRISE   543 AM CDT   SUNSET   754 PM CDT
JULY  4 2015..........SUNRISE   543 AM CDT   SUNSET   754 PM CDT


-  INDICATES NEGATIVE NUMBERS.
R  INDICATES RECORD WAS SET OR TIED.
MM INDICATES DATA IS MISSING.
T  INDICATES TRACE AMOUNT.




$$
