000
CDUS44 KBMX 040726
CLITOI


CLIMATE REPORT
NATIONAL WEATHER SERVICE BIRMINGHAM, AL
225 AM CDT TUE AUG 4 2015


...................................

...THE TROY CLIMATE SUMMARY FOR AUGUST 3 2015...

CLIMATE NORMAL PERIOD 1981 TO 2010
CLIMATE RECORD PERIOD 9999 TO 9999


WEATHER ITEM   OBSERVED TIME   RECORD YEAR NORMAL DEPARTURE LAST
                VALUE   (LST)  VALUE       VALUE  FROM      YEAR
                                                  NORMAL
..................................................................
TEMPERATURE (F)
 YESTERDAY
  MAXIMUM         99    228 PM  MM      MM  91      8       89
  MINIMUM         71    524 AM  MM      MM  70      1       69
  AVERAGE         85                        81      4       79

PRECIPITATION (IN)
  YESTERDAY        0.00                      0.17  -0.17     0.25
  MONTH TO DATE    1.20                      0.51   0.69     0.25
  SINCE JUN 1      8.00                     11.01  -3.01     5.16
  SINCE JAN 1     27.82                     33.84  -6.02    35.22

DEGREE DAYS
 COOLING
  YESTERDAY       20                        16      4       14
  MONTH TO DATE   58                        48     10       44
  SINCE JUN 1   1094                       921    173      937
  SINCE JAN 1   1577                      1208    369     1259
..................................................................


WIND (MPH)
  HIGHEST WIND SPEED    13   HIGHEST WIND DIRECTION     N (360)
  HIGHEST GUST SPEED    46   HIGHEST GUST DIRECTION    NE (60)
  AVERAGE WIND SPEED     2.2


SKY COVER
  AVERAGE SKY COVER 0.1


WEATHER CONDITIONS
 THE FOLLOWING WEATHER WAS RECORDED YESTERDAY.
  FOG


RELATIVE HUMIDITY (PERCENT)
 HIGHEST    94          1200 AM
 LOWEST     31           100 PM
 AVERAGE    63

..........................................................


THE TROY CLIMATE NORMALS FOR TODAY
                         NORMAL    RECORD    YEAR
 MAXIMUM TEMPERATURE (F)   91        MM        MM
 MINIMUM TEMPERATURE (F)   70        MM        MM


SUNRISE AND SUNSET
AUGUST  4 2015........SUNRISE   601 AM CDT   SUNSET   738 PM CDT
AUGUST  5 2015........SUNRISE   602 AM CDT   SUNSET   738 PM CDT


-  INDICATES NEGATIVE NUMBERS.
R  INDICATES RECORD WAS SET OR TIED.
MM INDICATES DATA IS MISSING.
T  INDICATES TRACE AMOUNT.




$$
