000
CDUS41 KCLE 230534
CLITOL


CLIMATE REPORT
NATIONAL WEATHER SERVICE CLEVELAND OH
133 AM EDT WED APR 23 2014


...................................

...THE TOLEDO OH CLIMATE SUMMARY FOR APRIL 22 2014...

CLIMATE NORMAL PERIOD 1981 TO 2010
CLIMATE RECORD PERIOD 1873 TO 2014


WEATHER ITEM   OBSERVED TIME   RECORD YEAR NORMAL DEPARTURE LAST
                VALUE   (LST)  VALUE       VALUE  FROM      YEAR
                                                  NORMAL
..................................................................
TEMPERATURE (F)
 YESTERDAY
  MAXIMUM         62   1248 AM  87    1985  63     -1       62
  MINIMUM         42   1159 PM  22    1875  41      1       30
  AVERAGE         52                        52      0       46

PRECIPITATION (IN)
  YESTERDAY        T                         0.10  -0.10     0.00
  MONTH TO DATE    2.20                      2.35  -0.15     3.44
  SINCE MAR 1      3.59                      4.83  -1.24     4.17
  SINCE JAN 1     10.77                      8.95   1.82    10.61

SNOWFALL (IN)
  YESTERDAY        0.0                       0.0    0.0      0.0
  MONTH TO DATE    1.0                       1.2   -0.2      0.3
  SINCE MAR 1     12.8                       6.9    5.9      1.7
  SINCE JUL 1     86.3                      37.4   48.9     22.4
  SNOW DEPTH       0

DEGREE DAYS
 HEATING
  YESTERDAY       13                        14     -1       19
  MONTH TO DATE  373                       381     -8      449
  SINCE MAR 1   1491                      1231    260     1420
  SINCE JUL 1   6817                      5807   1010     5876

 COOLING
  YESTERDAY        0                         0      0        0
  MONTH TO DATE    2                         0      2        0
  SINCE MAR 1      2                         0      2        0
  SINCE JAN 1      2                         0      2        0
..................................................................


WIND (MPH)
  HIGHEST WIND SPEED    24   HIGHEST WIND DIRECTION    NW (330)
  HIGHEST GUST SPEED    32   HIGHEST GUST DIRECTION     W (290)
  AVERAGE WIND SPEED    13.9


SKY COVER
  POSSIBLE SUNSHINE  MM
  AVERAGE SKY COVER 0.6


WEATHER CONDITIONS
 THE FOLLOWING WEATHER WAS RECORDED YESTERDAY.
  LIGHT RAIN


RELATIVE HUMIDITY (PERCENT)
 HIGHEST    93           600 AM
 LOWEST     36           300 PM
 AVERAGE    65

..........................................................


THE TOLEDO OH CLIMATE NORMALS FOR TODAY
                         NORMAL    RECORD    YEAR
 MAXIMUM TEMPERATURE (F)   63        86      1985
                                             1960
 MINIMUM TEMPERATURE (F)   41        21      1986


SUNRISE AND SUNSET
APRIL 23 2014.........SUNRISE   643 AM EDT   SUNSET   825 PM EDT
APRIL 24 2014.........SUNRISE   642 AM EDT   SUNSET   826 PM EDT


-  INDICATES NEGATIVE NUMBERS.
R  INDICATES RECORD WAS SET OR TIED.
MM INDICATES DATA IS MISSING.
T  INDICATES TRACE AMOUNT.




$$
