000
CDUS41 KCLE 010545
CLITOL


CLIMATE REPORT
NATIONAL WEATHER SERVICE CLEVELAND OH
145 AM EDT FRI AUG 1 2014


...................................

...THE TOLEDO OH CLIMATE SUMMARY FOR JULY 31 2014...

CLIMATE NORMAL PERIOD 1981 TO 2010
CLIMATE RECORD PERIOD 1873 TO 2014


WEATHER ITEM   OBSERVED TIME   RECORD YEAR NORMAL DEPARTURE LAST
                VALUE   (LST)  VALUE       VALUE  FROM      YEAR
                                                  NORMAL
..................................................................
TEMPERATURE (F)
 YESTERDAY
  MAXIMUM         83    402 PM  97    1995  84     -1       78
                                      1917
  MINIMUM         48R   530 AM  48    1918  62    -14       64
  AVERAGE         66                        73     -7       71

PRECIPITATION (IN)
  YESTERDAY        0.02                      0.11  -0.09     0.10
  MONTH TO DATE    0.83                      3.23  -2.40     3.94
  SINCE JUN 1      4.81                      6.80  -1.99    10.29
  SINCE JAN 1     18.66                     20.17  -1.51    24.79

SNOWFALL (IN)
  YESTERDAY       MM                         0.0   MM        0.0
  MONTH TO DATE    0.0                       0.0    0.0      0.0
  SINCE JUN 1      0.0                       0.0    0.0      0.0
  SINCE JUL 1      0.0                       0.0    0.0      0.0
  SNOW DEPTH       0

DEGREE DAYS
 HEATING
  YESTERDAY        0                         0      0        0
  MONTH TO DATE    9                         0      9       13
  SINCE JUN 1     25                        38    -13       44
  SINCE JUL 1      9                         3      6       13

 COOLING
  YESTERDAY        1                         8     -7        6
  MONTH TO DATE  137                       265   -128      245
  SINCE JUN 1    328                       435   -107      407
  SINCE JAN 1    390                       488    -98      501
..................................................................


WIND (MPH)
  HIGHEST WIND SPEED    17   HIGHEST WIND DIRECTION     W (250)
  HIGHEST GUST SPEED    22   HIGHEST GUST DIRECTION     W (250)
  AVERAGE WIND SPEED     4.6


SKY COVER
  POSSIBLE SUNSHINE  MM
  AVERAGE SKY COVER 0.1


WEATHER CONDITIONS
 THE FOLLOWING WEATHER WAS RECORDED YESTERDAY.
  FOG


RELATIVE HUMIDITY (PERCENT)
 HIGHEST   100           400 AM
 LOWEST     36           100 PM
 AVERAGE    68

..........................................................


THE TOLEDO OH CLIMATE NORMALS FOR TODAY
                         NORMAL    RECORD    YEAR
 MAXIMUM TEMPERATURE (F)   83        98      1935
 MINIMUM TEMPERATURE (F)   62        46      1971


SUNRISE AND SUNSET
AUGUST  1 2014........SUNRISE   630 AM EDT   SUNSET   853 PM EDT
AUGUST  2 2014........SUNRISE   631 AM EDT   SUNSET   852 PM EDT


-  INDICATES NEGATIVE NUMBERS.
R  INDICATES RECORD WAS SET OR TIED.
MM INDICATES DATA IS MISSING.
T  INDICATES TRACE AMOUNT.




$$
