000
CDUS43 KTOP 300633
CLITOP


CLIMATE REPORT
NATIONAL WEATHER SERVICE TOPEKA KS
131 AM CDT THU OCT 30 2014


...................................

...THE TOPEKA KS CLIMATE SUMMARY FOR OCTOBER 29 2014...

CLIMATE NORMAL PERIOD 1981 TO 2010
CLIMATE RECORD PERIOD 1887 TO 2014


WEATHER ITEM   OBSERVED TIME   RECORD YEAR NORMAL DEPARTURE LAST
                VALUE   (LST)  VALUE       VALUE  FROM      YEAR
                                                  NORMAL
..................................................................
TEMPERATURE (F)
 YESTERDAY
  MAXIMUM         64    342 PM  89    1937  64      0       66
  MINIMUM         32    646 AM  20    1952  41     -9       54
                                      1913
  AVERAGE         48                        52     -4       60

PRECIPITATION (IN)
  YESTERDAY        0.00          1.96 1971   0.08  -0.08     0.95
  MONTH TO DATE    4.46                      2.87   1.59     2.96
  SINCE SEP 1      8.60                      6.53   2.07     6.23
  SINCE JAN 1     28.44                     33.10  -4.66    30.70

SNOWFALL (IN)
  YESTERDAY        0.0           0.7  1917   0.1   -0.1      0.0
  MONTH TO DATE    0.0                       0.3   -0.3       T
  SINCE JAN 1     23.1                      11.6   11.5     24.2
  SINCE JUL 1      T                         0.3   -0.3       T
  SNOW DEPTH       0

DEGREE DAYS
 HEATING
  YESTERDAY       17                        13      4        5
  MONTH TO DATE  172                       262    -90      289
  SINCE SEP 1    221                       327   -106      303
  SINCE JUL 1    221                       329   -108      303

 COOLING
  YESTERDAY        0                         0      0        0
  MONTH TO DATE   28                        25      3       37
  SINCE SEP 1    201                       190     11      292
  SINCE JAN 1   1611                      1418    193     1586
..................................................................


WIND (MPH)
  HIGHEST WIND SPEED    10   HIGHEST WIND DIRECTION     S (160)
  HIGHEST GUST SPEED    13   HIGHEST GUST DIRECTION     S (160)
  AVERAGE WIND SPEED     2.6


SKY COVER
  AVERAGE SKY COVER 0.0


WEATHER CONDITIONS
 THE FOLLOWING WEATHER WAS RECORDED YESTERDAY.
  NO SIGNIFICANT WEATHER WAS OBSERVED.


RELATIVE HUMIDITY (PERCENT)
 HIGHEST    92           300 AM
 LOWEST     30           200 PM
 AVERAGE    61

..........................................................


THE TOPEKA KS CLIMATE NORMALS FOR TODAY
                         NORMAL    RECORD    YEAR
 MAXIMUM TEMPERATURE (F)   63        90      1950
 MINIMUM TEMPERATURE (F)   40        18      1925


SUNRISE AND SUNSET
OCTOBER 30 2014.......SUNRISE   748 AM CDT   SUNSET   624 PM CDT
OCTOBER 31 2014.......SUNRISE   749 AM CDT   SUNSET   623 PM CDT


-  INDICATES NEGATIVE NUMBERS.
R  INDICATES RECORD WAS SET OR TIED.
MM INDICATES DATA IS MISSING.
T  INDICATES TRACE AMOUNT.




$$
