000
CDUS45 KCYS 010733
CLITOR


CLIMATE REPORT
NATIONAL WEATHER SERVICE CHEYENNE WY
132 AM MDT WED OCT 1 2014


...................................

...THE TORRINGTON WY AIRPORT CLIMATE SUMMARY FOR SEPTEMBER 30 2014...

CLIMATE NORMAL PERIOD 1981 TO 2010
CLIMATE RECORD PERIOD 1998 TO 2014


WEATHER ITEM   OBSERVED TIME   RECORD YEAR NORMAL DEPARTURE LAST
                VALUE   (LST)  VALUE       VALUE  FROM      YEAR
                                                  NORMAL
..................................................................
TEMPERATURE (F)
 YESTERDAY
  MAXIMUM         68    119 PM  87    2005  70     -2       80
  MINIMUM         49    412 AM  32    1999  38     11       43
  AVERAGE         59                        54      5       62

PRECIPITATION (IN)
  YESTERDAY        0.26          1.07 2004   0.05   0.21     0.00
  MONTH TO DATE    2.59                      1.37   1.22     2.37
  SINCE JAN 1     16.75                     12.33   4.42     9.18

DEGREE DAYS
 HEATING
  YESTERDAY        6                        11     -5        3
  MONTH TO DATE  138                       173    -35      103
  SINCE SEP 1    138                       172    -34      103
  SINCE JUL 1    153                       194    -41      105

 COOLING
  YESTERDAY        0                         0      0        0
  MONTH TO DATE   50                        45      5      120
  SINCE SEP 1     50                        45      5      120
  SINCE JAN 1    587                       678    -91      893
..................................................................


WIND (MPH)
  HIGHEST WIND SPEED    35   HIGHEST WIND DIRECTION     W (270)
  HIGHEST GUST SPEED    46   HIGHEST GUST DIRECTION     W (270)
  AVERAGE WIND SPEED    13.2


SKY COVER
  AVERAGE SKY COVER 0.6


WEATHER CONDITIONS
 THE FOLLOWING WEATHER WAS RECORDED YESTERDAY.
  RAIN
  LIGHT RAIN
  FOG


RELATIVE HUMIDITY (PERCENT)
 HIGHEST   100          1200 AM
 LOWEST     37           100 PM
 AVERAGE    69

..........................................................


THE TORRINGTON WY AIRPORT CLIMATE NORMALS FOR TODAY
                         NORMAL    RECORD    YEAR
 MAXIMUM TEMPERATURE (F)   70        91      2005
 MINIMUM TEMPERATURE (F)   38        29      2003


SUNRISE AND SUNSET
OCTOBER  1 2014.......SUNRISE   654 AM MDT   SUNSET   638 PM MDT
OCTOBER  2 2014.......SUNRISE   655 AM MDT   SUNSET   636 PM MDT


-  INDICATES NEGATIVE NUMBERS.
R  INDICATES RECORD WAS SET OR TIED.
MM INDICATES DATA IS MISSING.
T  INDICATES TRACE AMOUNT.




$$
