000
CDUS45 KCYS 302122
CLITOR


CLIMATE REPORT
NATIONAL WEATHER SERVICE CHEYENNE WY
322 PM MDT SAT AUG 30 2014


...................................

...THE TORRINGTON WY AIRPORT CLIMATE SUMMARY FOR AUGUST 30 2014...
VALID AS OF 0300 PM LOCAL TIME.

CLIMATE NORMAL PERIOD 1981 TO 2010
CLIMATE RECORD PERIOD 1998 TO 2014


WEATHER ITEM   OBSERVED TIME   RECORD YEAR NORMAL DEPARTURE LAST
                VALUE   (LST)  VALUE       VALUE  FROM      YEAR
                                                  NORMAL
..................................................................
TEMPERATURE (F)
 TODAY
  MAXIMUM         90    153 PM  98    2013  85      5       98
                                      2005
  MINIMUM         52    354 AM  47    2004  51      1       63
  AVERAGE         71                        68      3       81

PRECIPITATION (IN)
  TODAY            0.00          0.59 2003   0.04  -0.04     0.05
  MONTH TO DATE    2.56                      1.24   1.32     0.88
  SINCE JAN 1     14.02                     10.93   3.09     6.81

DEGREE DAYS
 HEATING
  TODAY            0                         1     -1        0
  MONTH TO DATE    7                         9     -2        0
  SINCE JUN 1     92                        90      2       36
  SINCE JUL 1     14                        15     -1        2

 COOLING
  TODAY            6                         4      2       16
  MONTH TO DATE  200                       212    -12      274
  SINCE JUN 1    520                       610    -90      722
  SINCE JAN 1    536                       628    -92      761
..................................................................


WIND (MPH)
  HIGHEST WIND SPEED    14   HIGHEST WIND DIRECTION     S (160)
  HIGHEST GUST SPEED    17   HIGHEST GUST DIRECTION    SE (150)
  AVERAGE WIND SPEED     7.4


SKY COVER
  AVERAGE SKY COVER 0.0


WEATHER CONDITIONS
 THE FOLLOWING WEATHER WAS RECORDED TODAY.
  NO SIGNIFICANT WEATHER WAS OBSERVED.


RELATIVE HUMIDITY (PERCENT)
 HIGHEST   100           400 AM
 LOWEST     23           200 PM
 AVERAGE    62

..........................................................


THE TORRINGTON WY AIRPORT CLIMATE NORMALS FOR TOMORROW
                         NORMAL    RECORD    YEAR
 MAXIMUM TEMPERATURE (F)   84        97      2011
                                             2007
 MINIMUM TEMPERATURE (F)   51        41      2005


SUNRISE AND SUNSET
AUGUST 30 2014........SUNRISE   620 AM MDT   SUNSET   734 PM MDT
AUGUST 31 2014........SUNRISE   621 AM MDT   SUNSET   732 PM MDT


-  INDICATES NEGATIVE NUMBERS.
R  INDICATES RECORD WAS SET OR TIED.
MM INDICATES DATA IS MISSING.
T  INDICATES TRACE AMOUNT.




$$
