000
CDUS45 KCYS 310726
CLITOR


CLIMATE REPORT
NATIONAL WEATHER SERVICE CHEYENNE WY
126 AM MDT FRI OCT 31 2014


...................................

...THE TORRINGTON WY AIRPORT CLIMATE SUMMARY FOR OCTOBER 30 2014...

CLIMATE NORMAL PERIOD 1981 TO 2010
CLIMATE RECORD PERIOD 1998 TO 2014


WEATHER ITEM   OBSERVED TIME   RECORD YEAR NORMAL DEPARTURE LAST
                VALUE   (LST)  VALUE       VALUE  FROM      YEAR
                                                  NORMAL
..................................................................
TEMPERATURE (F)
 YESTERDAY
  MAXIMUM         64    153 PM  75    2001  58      6       54
  MINIMUM         30   1159 PM  11    2002  29      1       32
  AVERAGE         47                        43      4       43

PRECIPITATION (IN)
  YESTERDAY        0.00          0.18 2013   0.01  -0.01     0.18
  MONTH TO DATE    0.10                      1.05  -0.95     3.90
  SINCE JAN 1     16.85                     13.38   3.47    13.08

DEGREE DAYS
 HEATING
  YESTERDAY       18                        22     -4       22
  MONTH TO DATE  369                       494   -125      577
  SINCE SEP 1    507                       666   -159      680
  SINCE JUL 1    522                       688   -166      682

 COOLING
  YESTERDAY        0                         0      0        0
  MONTH TO DATE    0                         0      0        0
  SINCE SEP 1     50                        45      5      120
  SINCE JAN 1    587                       678    -91      893
..................................................................


WIND (MPH)
  HIGHEST WIND SPEED    15   HIGHEST WIND DIRECTION    NE (50)
  HIGHEST GUST SPEED    20   HIGHEST GUST DIRECTION     N (360)
  AVERAGE WIND SPEED     7.6


SKY COVER
  AVERAGE SKY COVER 0.0


WEATHER CONDITIONS
 THE FOLLOWING WEATHER WAS RECORDED YESTERDAY.
  NO SIGNIFICANT WEATHER WAS OBSERVED.


RELATIVE HUMIDITY (PERCENT)
 HIGHEST    82          1000 PM
 LOWEST     24           200 PM
 AVERAGE    53

..........................................................


THE TORRINGTON WY AIRPORT CLIMATE NORMALS FOR TODAY
                         NORMAL    RECORD    YEAR
 MAXIMUM TEMPERATURE (F)   57        81      1999
 MINIMUM TEMPERATURE (F)   29        12      2006
                                             2002


SUNRISE AND SUNSET
OCTOBER 31 2014.......SUNRISE   728 AM MDT   SUNSET   552 PM MDT
NOVEMBER  1 2014......SUNRISE   729 AM MDT   SUNSET   550 PM MDT


-  INDICATES NEGATIVE NUMBERS.
R  INDICATES RECORD WAS SET OR TIED.
MM INDICATES DATA IS MISSING.
T  INDICATES TRACE AMOUNT.




$$
