000
CDUS42 KTBW 192220
CLITPA


CLIMATE REPORT
NATIONAL WEATHER SERVICE TAMPA BAY FL
519 PM EST SUN FEB 19 2017


...................................

...THE TAMPA CLIMATE SUMMARY FOR FEBRUARY 19 2017...
VALID TODAY AS OF 0500 PM LOCAL TIME.

CLIMATE NORMAL PERIOD 1981 TO 2010
CLIMATE RECORD PERIOD 1890 TO 2017


WEATHER ITEM   OBSERVED TIME   RECORD YEAR NORMAL DEPARTURE LAST
                VALUE   (LST)  VALUE       VALUE  FROM      YEAR
                                                  NORMAL
..................................................................
TEMPERATURE (F)
 TODAY
  MAXIMUM         82    326 PM  86    1997  73      9       76
                                      1891
  MINIMUM         66    304 AM  30    1900  55     11       54
  AVERAGE         74                        64     10       65

PRECIPITATION (IN)
  TODAY            0.00          2.75 1927   0.10  -0.10     0.00
  MONTH TO DATE    0.88                      1.96  -1.08     1.56
  SINCE DEC 1      2.21                      6.66  -4.45     8.23
  SINCE JAN 1      1.78                      4.19  -2.41     7.74

DEGREE DAYS
 HEATING
  TODAY            0                         3     -3        0
  MONTH TO DATE   13                        80    -67       93
  SINCE DEC 1    121                       401   -280      272
  SINCE JUL 1    136                       445   -309      277

 COOLING
  TODAY            9                         2      7        0
  MONTH TO DATE   63                        38     25       30
  SINCE DEC 1    382                       168    214      335
  SINCE JAN 1    190                        88    102       60
..................................................................


WIND (MPH)
  RESULTANT WIND SPEED   4   RESULTANT WIND DIRECTION   W (260)
  HIGHEST WIND SPEED    14   HIGHEST WIND DIRECTION     W (260)
  HIGHEST GUST SPEED    20   HIGHEST GUST DIRECTION     W (270)
  AVERAGE WIND SPEED     5.4


SKY COVER
  POSSIBLE SUNSHINE  MM
  AVERAGE SKY COVER 0.6


WEATHER CONDITIONS
 THE FOLLOWING WEATHER WAS RECORDED TODAY.
  FOG
  FOG W/VISIBILITY <= 1/4 MILE


RELATIVE HUMIDITY (PERCENT)
 HIGHEST    97           900 AM
 LOWEST     36           500 PM

..........................................................


THE TAMPA CLIMATE NORMALS FOR TOMORROW
                         NORMAL    RECORD    YEAR
 MAXIMUM TEMPERATURE (F)   73        87      1997
                                             1961
 MINIMUM TEMPERATURE (F)   55        34      2015


SUNRISE AND SUNSET
FEBRUARY 19 2017......SUNRISE   704 AM EST   SUNSET   624 PM EST
FEBRUARY 20 2017......SUNRISE   703 AM EST   SUNSET   625 PM EST


-  INDICATES NEGATIVE NUMBERS.
R  INDICATES RECORD WAS SET OR TIED.
MM INDICATES DATA IS MISSING.
T  INDICATES TRACE AMOUNT.




$$


&&
------------------------------------------------------------------
******************** SUPPLEMENTAL DATA ***************************

...RUSKIN                HIGH 81    LOW 63    PCPN 0.00
...SARASOTA/BRADENTON    HIGH 79    LOW 66    PCPN 0.00
...LAKELAND*             HIGH MM    LOW MM    PCPN MM
...ST. PETERSBURG        HIGH 78    LOW 65    PCPN 0.00

*LAKELAND DATA IS FROM 4:30 PM SATURDAY TO 4:30 PM SUNDAY
AND MAY REFLECT YESTERDAYS RAINFALL AND HIGH TEMPERATURE.
