000
CDUS42 KTBW 270840
CLITPA


CLIMATE REPORT
NATIONAL WEATHER SERVICE TAMPA BAY FL
436 AM EDT TUE JUN 27 2017


...................................

...THE TAMPA CLIMATE SUMMARY FOR JUNE 26 2017...

CLIMATE NORMAL PERIOD 1981 TO 2010
CLIMATE RECORD PERIOD 1890 TO 2017


WEATHER ITEM   OBSERVED TIME   RECORD YEAR NORMAL DEPARTURE LAST
                VALUE   (LST)  VALUE       VALUE  FROM      YEAR
                                                  NORMAL
..................................................................
TEMPERATURE (F)
 YESTERDAY
  MAXIMUM         88    508 PM  98    1952  90     -2       91
                                      1950
  MINIMUM         79    445 AM  66    1974  76      3       74
                                      1966
                                      1940
  AVERAGE         84                        83      1       83

PRECIPITATION (IN)
  YESTERDAY        0.00          5.47 1974   0.28  -0.28     1.20
  MONTH TO DATE    6.93                      5.55   1.38    11.24
  SINCE JUN 1      6.93                      5.55   1.38    11.24
  SINCE JAN 1     12.95                     17.75  -4.80    27.14

DEGREE DAYS
 HEATING
  YESTERDAY        0                         0      0        0
  MONTH TO DATE    0                         0      0        0
  SINCE JUN 1      0                         0      0        0
  SINCE JUL 1    164                       538   -374      323

 COOLING
  YESTERDAY       19                        18      1       18
  MONTH TO DATE  455                       444     11      476
  SINCE JUN 1    455                       444     11      476
  SINCE JAN 1   1771                      1321    450     1496
..................................................................


WIND (MPH)
  RESULTANT WIND SPEED   2   RESULTANT WIND DIRECTION  SW (240)
  HIGHEST WIND SPEED    18   HIGHEST WIND DIRECTION     W (260)
  HIGHEST GUST SPEED    23   HIGHEST GUST DIRECTION     W (270)
  AVERAGE WIND SPEED     5.5


SKY COVER
  POSSIBLE SUNSHINE  MM
  AVERAGE SKY COVER 0.8


WEATHER CONDITIONS
 THE FOLLOWING WEATHER WAS RECORDED YESTERDAY.
  THUNDERSTORM


RELATIVE HUMIDITY (PERCENT)
 HIGHEST    85           400 AM
 LOWEST     65           500 PM
 AVERAGE    75

..........................................................


THE TAMPA CLIMATE NORMALS FOR TODAY
                         NORMAL    RECORD    YEAR
 MAXIMUM TEMPERATURE (F)   90        95      1969
                                             1959
                                             1948
 MINIMUM TEMPERATURE (F)   76        67      1966


SUNRISE AND SUNSET
JUNE 27 2017..........SUNRISE   636 AM EDT   SUNSET   830 PM EDT
JUNE 28 2017..........SUNRISE   636 AM EDT   SUNSET   830 PM EDT


-  INDICATES NEGATIVE NUMBERS.
R  INDICATES RECORD WAS SET OR TIED.
MM INDICATES DATA IS MISSING.
T  INDICATES TRACE AMOUNT.




$$


&&
------------------------------------------------------------------
******************** SUPPLEMENTAL DATA ***************************

...RUSKIN                HIGH 89    LOW 76    PCPN 0.00
...SARASOTA/BRADENTON    HIGH 89    LOW 77    PCPN 0.01
...ST. PETERSBURG        HIGH 87    LOW 80    PCPN 0.21
...GULF WATER TEMPERATURE AT CLEARWATER BEACH 87 DEGREES
