000
CDUS42 KTBW 022216
CLITPA


CLIMATE REPORT
NATIONAL WEATHER SERVICE TAMPA BAY FL
515 PM EST FRI DEC 2 2016


...................................

...THE TAMPA CLIMATE SUMMARY FOR DECEMBER 2 2016...
VALID TODAY AS OF 0500 PM LOCAL TIME.

CLIMATE NORMAL PERIOD 1981 TO 2010
CLIMATE RECORD PERIOD 1890 TO 2016


WEATHER ITEM   OBSERVED TIME   RECORD YEAR NORMAL DEPARTURE LAST
                VALUE   (LST)  VALUE       VALUE  FROM      YEAR
                                                  NORMAL
..................................................................
TEMPERATURE (F)
 TODAY
  MAXIMUM         77    410 PM  86    1991  75      2       82
  MINIMUM         59    804 AM  36    1966  57      2       70
  AVERAGE         68                        66      2       76

PRECIPITATION (IN)
  TODAY            0.00          1.71 1929   0.07  -0.07     0.01
  MONTH TO DATE    0.00                      0.15  -0.15     0.01
  SINCE DEC 1      0.00                      0.15  -0.15     0.01
  SINCE JAN 1     52.13                     43.98   8.15    63.02

DEGREE DAYS
 HEATING
  TODAY            0                         3     -3        0
  MONTH TO DATE    0                         6     -6        0
  SINCE DEC 1      0                         6     -6        0
  SINCE JUL 1     15                        50    -35        5

 COOLING
  TODAY            3                         3      0       11
  MONTH TO DATE   11                         7      4       22
  SINCE DEC 1     11                         7      4       22
  SINCE JAN 1   3984                      3537    447     4238
..................................................................


WIND (MPH)
  RESULTANT WIND SPEED   8   RESULTANT WIND DIRECTION   N (20)
  HIGHEST WIND SPEED    15   HIGHEST WIND DIRECTION    NE (30)
  HIGHEST GUST SPEED    19   HIGHEST GUST DIRECTION     N (10)
  AVERAGE WIND SPEED     8.5


SKY COVER
  POSSIBLE SUNSHINE  MM
  AVERAGE SKY COVER 0.0


WEATHER CONDITIONS
 THE FOLLOWING WEATHER WAS RECORDED TODAY.
  NO SIGNIFICANT WEATHER WAS OBSERVED.


RELATIVE HUMIDITY (PERCENT)
 HIGHEST    73           100 AM
 LOWEST     21           500 PM

..........................................................


THE TAMPA CLIMATE NORMALS FOR TOMORROW
                         NORMAL    RECORD    YEAR
 MAXIMUM TEMPERATURE (F)   74        85      1994
 MINIMUM TEMPERATURE (F)   57        35      1910


SUNRISE AND SUNSET
DECEMBER  2 2016......SUNRISE   705 AM EST   SUNSET   534 PM EST
DECEMBER  3 2016......SUNRISE   706 AM EST   SUNSET   534 PM EST


-  INDICATES NEGATIVE NUMBERS.
R  INDICATES RECORD WAS SET OR TIED.
MM INDICATES DATA IS MISSING.
T  INDICATES TRACE AMOUNT.




$$


&&
------------------------------------------------------------------
******************** SUPPLEMENTAL DATA ***************************

...RUSKIN                HIGH 77    LOW 57    PCPN 0.00
...SARASOTA/BRADENTON    HIGH 79    LOW 60    PCPN 0.00
...LAKELAND*             HIGH MM    LOW MM    PCPN MM
...ST. PETERSBURG        HIGH 73    LOW 61    PCPN 0.00
...GULF WATER TEMPERATURE AT CLEARWATER BEACH 69 DEGREES

*LAKELAND DATA IS FROM 4:30 PM THURSDAY TO 4:30 PM FRIDAY
AND MAY REFLECT YESTERDAYS RAINFALL AND HIGH TEMPERATURE.
