000
CDUS42 KTBW 230833
CLITPA


CLIMATE REPORT
NATIONAL WEATHER SERVICE TAMPA BAY FL
430 AM EDT TUE SEP 23 2014


...................................

...THE TAMPA CLIMATE SUMMARY FOR SEPTEMBER 22 2014...

CLIMATE NORMAL PERIOD 1981 TO 2010
CLIMATE RECORD PERIOD 1890 TO 2014


WEATHER ITEM   OBSERVED TIME   RECORD YEAR NORMAL DEPARTURE LAST
                VALUE   (LST)  VALUE       VALUE  FROM      YEAR
                                                  NORMAL
..................................................................
TEMPERATURE (F)
 YESTERDAY
  MAXIMUM         83    935 AM  94    1993  88     -5       88
                                      1988
                                      1933
  MINIMUM         73   1159 PM  59    1913  74     -1       76
  AVERAGE         78                        81     -3       82

PRECIPITATION (IN)
  YESTERDAY        0.63          2.69 1947   0.17   0.46     0.11
  MONTH TO DATE    5.60                      5.01   0.59     4.08
  SINCE SEP 1      5.60                      5.01   0.59     4.08
  SINCE JAN 1     45.55                     38.73   6.82    46.60

DEGREE DAYS
 HEATING
  YESTERDAY        0                         0      0        0
  MONTH TO DATE    0                         0      0        0
  SINCE SEP 1      0                         0      0        0
  SINCE JUL 1      0                         0      0        0

 COOLING
  YESTERDAY       13                        16     -3       17
  MONTH TO DATE  368                       379    -11      400
  SINCE SEP 1    368                       379    -11      400
  SINCE JAN 1   2885                      2894     -9     3037
..................................................................


WIND (MPH)
  RESULTANT WIND SPEED   3   RESULTANT WIND DIRECTION  SE (130)
  HIGHEST WIND SPEED    20   HIGHEST WIND DIRECTION    SW (220)
  HIGHEST GUST SPEED    27   HIGHEST GUST DIRECTION    SW (210)
  AVERAGE WIND SPEED     4.9


SKY COVER
  POSSIBLE SUNSHINE  MM
  AVERAGE SKY COVER 0.8


WEATHER CONDITIONS
 THE FOLLOWING WEATHER WAS RECORDED YESTERDAY.
  THUNDERSTORM
  HEAVY RAIN
  RAIN
  LIGHT RAIN
  FOG
  HAZE


RELATIVE HUMIDITY (PERCENT)
 HIGHEST    94           600 AM
 LOWEST     74          1200 AM
 AVERAGE    84

..........................................................


THE TAMPA CLIMATE NORMALS FOR TODAY
                         NORMAL    RECORD    YEAR
 MAXIMUM TEMPERATURE (F)   88        93      2010
                                             1990
                                             1961
 MINIMUM TEMPERATURE (F)   74        59      1897


SUNRISE AND SUNSET
SEPTEMBER 23 2014.....SUNRISE   719 AM EDT   SUNSET   725 PM EDT
SEPTEMBER 24 2014.....SUNRISE   720 AM EDT   SUNSET   724 PM EDT


-  INDICATES NEGATIVE NUMBERS.
R  INDICATES RECORD WAS SET OR TIED.
MM INDICATES DATA IS MISSING.
T  INDICATES TRACE AMOUNT.




$$


&&
------------------------------------------------------------------
******************** SUPPLEMENTAL DATA ***************************

...RUSKIN                HIGH 81    LOW 70    PCPN 1.21
...SARASOTA/BRADENTON    HIGH 85    LOW 72    PCPN 0.53
...ST. PETERSBURG        HIGH 80    LOW 73    PCPN 0.59
...GULF WATER TEMPERATURE AT CLEARWATER BEACH 84 DEGREES
