000
CDUS42 KTBW 180930
CLITPA


CLIMATE REPORT
NATIONAL WEATHER SERVICE TAMPA BAY FL
428 AM EST THU DEC 18 2014


...................................

...THE TAMPA CLIMATE SUMMARY FOR DECEMBER 17 2014...

CLIMATE NORMAL PERIOD 1981 TO 2010
CLIMATE RECORD PERIOD 1890 TO 2014


WEATHER ITEM   OBSERVED TIME   RECORD YEAR NORMAL DEPARTURE LAST
                VALUE   (LST)  VALUE       VALUE  FROM      YEAR
                                                  NORMAL
..................................................................
TEMPERATURE (F)
 YESTERDAY
  MAXIMUM         77    334 PM  85    1956  72      5       71
  MINIMUM         54   1152 PM  27    1968  54      0       45
  AVERAGE         66                        63      3       58

PRECIPITATION (IN)
  YESTERDAY        T             1.94 1911   0.08  -0.08     0.00
  MONTH TO DATE    0.18                      1.31  -1.13     0.25
  SINCE DEC 1      0.18                      1.31  -1.13     0.25
  SINCE JAN 1     56.48                     45.14  11.34    51.92

DEGREE DAYS
 HEATING
  YESTERDAY        0                         5     -5        7
  MONTH TO DATE   72                        63      9       19
  SINCE DEC 1     72                        63      9       19
  SINCE JUL 1    160                       107     53       49

 COOLING
  YESTERDAY        1                         2     -1        0
  MONTH TO DATE   44                        50     -6       97
  SINCE DEC 1     44                        50     -6       97
  SINCE JAN 1   3469                      3580   -111     3833
..................................................................


WIND (MPH)
  RESULTANT WIND SPEED   2   RESULTANT WIND DIRECTION   W (290)
  HIGHEST WIND SPEED    14   HIGHEST WIND DIRECTION     N (340)
  HIGHEST GUST SPEED    20   HIGHEST GUST DIRECTION     W (270)
  AVERAGE WIND SPEED     4.5


SKY COVER
  POSSIBLE SUNSHINE  MM
  AVERAGE SKY COVER 0.6


WEATHER CONDITIONS
 THE FOLLOWING WEATHER WAS RECORDED YESTERDAY.
  LIGHT RAIN


RELATIVE HUMIDITY (PERCENT)
 HIGHEST    93          1200 AM
 LOWEST     46           200 PM
 AVERAGE    70

..........................................................


THE TAMPA CLIMATE NORMALS FOR TODAY
                         NORMAL    RECORD    YEAR
 MAXIMUM TEMPERATURE (F)   72        84      1933
 MINIMUM TEMPERATURE (F)   54        30      1973


SUNRISE AND SUNSET
DECEMBER 18 2014......SUNRISE   716 AM EST   SUNSET   538 PM EST
DECEMBER 19 2014......SUNRISE   716 AM EST   SUNSET   538 PM EST


-  INDICATES NEGATIVE NUMBERS.
R  INDICATES RECORD WAS SET OR TIED.
MM INDICATES DATA IS MISSING.
T  INDICATES TRACE AMOUNT.




$$


&&
------------------------------------------------------------------
******************** SUPPLEMENTAL DATA ***************************

...RUSKIN                HIGH 75    LOW 53    PCPN 0.00
...SARASOTA/BRADENTON    HIGH 73    LOW 53    PCPN 0.00
...ST. PETERSBURG        HIGH 72    LOW 59    PCPN 0.00
...GULF WATER TEMPERATURE AT CLEARWATER BEACH 63
