000
CDUS42 KTBW 292245
CLITPA


CLIMATE REPORT
NATIONAL WEATHER SERVICE TAMPA BAY FL
645 PM EDT WED JUL 29 2015


...................................

...THE TAMPA CLIMATE SUMMARY FOR JULY 29 2015...
VALID TODAY AS OF 0500 PM LOCAL TIME.

CLIMATE NORMAL PERIOD 1981 TO 2010
CLIMATE RECORD PERIOD 1890 TO 2015


WEATHER ITEM   OBSERVED TIME   RECORD YEAR NORMAL DEPARTURE LAST
                VALUE   (LST)  VALUE       VALUE  FROM      YEAR
                                                  NORMAL
..................................................................
TEMPERATURE (F)
 TODAY
  MAXIMUM         88   1150 AM  97    1993  90     -2       89
  MINIMUM         74   1250 PM  67    1919  76     -2       81
  AVERAGE         81                        83     -2       85

PRECIPITATION (IN)
  TODAY            1.77          9.07 1960   0.22   1.55     0.01
  MONTH TO DATE   11.57                      6.63   4.94    12.68
  SINCE JUN 1     17.80                     13.31   4.49    14.45
  SINCE JAN 1     38.69                     25.51  13.18    33.78

DEGREE DAYS
 HEATING
  TODAY            0                         0      0        0
  MONTH TO DATE    0                         0      0        0
  SINCE JUN 1      0                         0      0        0
  SINCE JUL 1      0                         0      0        0

 COOLING
  TODAY           16                        18     -2       20
  MONTH TO DATE  538                       522     16      525
  SINCE JUN 1   1081                      1038     43     1051
  SINCE JAN 1   2302                      1915    387     1874
..................................................................


WIND (MPH)
  RESULTANT WIND SPEED   3   RESULTANT WIND DIRECTION  SW (230)
  HIGHEST WIND SPEED    31   HIGHEST WIND DIRECTION    NW (330)
  HIGHEST GUST SPEED    40   HIGHEST GUST DIRECTION    NW (330)
  AVERAGE WIND SPEED     4.2


SKY COVER
  POSSIBLE SUNSHINE  MM
  AVERAGE SKY COVER 0.8


WEATHER CONDITIONS
 THE FOLLOWING WEATHER WAS RECORDED TODAY.
  THUNDERSTORM
  HEAVY RAIN
  RAIN
  LIGHT RAIN
  FOG


RELATIVE HUMIDITY (PERCENT)
 HIGHEST    91          1200 AM
 LOWEST     75          1100 AM

..........................................................


THE TAMPA CLIMATE NORMALS FOR TOMORROW
                         NORMAL    RECORD    YEAR
 MAXIMUM TEMPERATURE (F)   90        96      1961
                                             1949
 MINIMUM TEMPERATURE (F)   76        69      1904


SUNRISE AND SUNSET
JULY 29 2015..........SUNRISE   651 AM EDT   SUNSET   822 PM EDT
JULY 30 2015..........SUNRISE   652 AM EDT   SUNSET   821 PM EDT


-  INDICATES NEGATIVE NUMBERS.
R  INDICATES RECORD WAS SET OR TIED.
MM INDICATES DATA IS MISSING.
T  INDICATES TRACE AMOUNT.




$$
