000
CDUS42 KTBW 232121
CLITPA


CLIMATE REPORT
NATIONAL WEATHER SERVICE TAMPA BAY FL
516 PM EDT SAT SEP 23 2017


...................................

...THE TAMPA CLIMATE SUMMARY FOR SEPTEMBER 23 2017...
VALID TODAY AS OF 0500 PM LOCAL TIME.

CLIMATE NORMAL PERIOD 1981 TO 2010
CLIMATE RECORD PERIOD 1890 TO 2017


WEATHER ITEM   OBSERVED TIME   RECORD YEAR NORMAL DEPARTURE LAST
                VALUE   (LST)  VALUE       VALUE  FROM      YEAR
                                                  NORMAL
..................................................................
TEMPERATURE (F)
 TODAY
  MAXIMUM         94R   243 PM  93    2016  88      6       93
                                      2010
                                      1990
  MINIMUM         76    705 AM  59    1897  74      2       77
  AVERAGE         85                        81      4       85

PRECIPITATION (IN)
  TODAY            0.00          2.25 1979   0.18  -0.18     0.00
                                      1965
  MONTH TO DATE    6.51                      5.19   1.32     3.44
  SINCE SEP 1      6.51                      5.19   1.32     3.44
  SINCE JAN 1     40.13                     38.91   1.22    49.87

DEGREE DAYS
 HEATING
  TODAY            0                         0      0        0
  MONTH TO DATE    0                         0      0        0
  SINCE SEP 1      0                         0      0        0
  SINCE JUL 1      0                         0      0        0

 COOLING
  TODAY           20                        16      4       20
  MONTH TO DATE  423                       395     28      444
  SINCE SEP 1    423                       395     28      444
  SINCE JAN 1   3505                      2910    595     3230
..................................................................


WIND (MPH)
  RESULTANT WIND SPEED   7   RESULTANT WIND DIRECTION  NE (50)
  HIGHEST WIND SPEED    13   HIGHEST WIND DIRECTION    NE (40)
  HIGHEST GUST SPEED    19   HIGHEST GUST DIRECTION     E (90)
  AVERAGE WIND SPEED     7.3


SKY COVER
  POSSIBLE SUNSHINE  MM
  AVERAGE SKY COVER 0.4


WEATHER CONDITIONS
 THE FOLLOWING WEATHER WAS RECORDED TODAY.
  NO SIGNIFICANT WEATHER WAS OBSERVED.


RELATIVE HUMIDITY (PERCENT)
 HIGHEST    88           200 AM
 LOWEST     44           200 PM

..........................................................


THE TAMPA CLIMATE NORMALS FOR TOMORROW
                         NORMAL    RECORD    YEAR
 MAXIMUM TEMPERATURE (F)   88        94      1930
                                             1925
 MINIMUM TEMPERATURE (F)   74        62      1897
                                             1896


SUNRISE AND SUNSET
SEPTEMBER 23 2017.....SUNRISE   719 AM EDT   SUNSET   725 PM EDT
SEPTEMBER 24 2017.....SUNRISE   720 AM EDT   SUNSET   724 PM EDT


-  INDICATES NEGATIVE NUMBERS.
R  INDICATES RECORD WAS SET OR TIED.
MM INDICATES DATA IS MISSING.
T  INDICATES TRACE AMOUNT.




$$


&&
------------------------------------------------------------------
******************** SUPPLEMENTAL DATA ***************************

...RUSKIN                HIGH 91    LOW 74    PCPN 0.00
...SARASOTA/BRADENTON    HIGH 88    LOW 71    PCPN 1.14
...LAKELAND*             HIGH MM    LOW MM    PCPN MM
...ST. PETERSBURG        HIGH 91    LOW 78    PCPN 0.00
...GULF WATER TEMPERATURE AT CLEARWATER BEACH 84 DEGREES
