000
CDUS45 KLKN 160931
CLITPH


CLIMATE REPORT
NATIONAL WEATHER SERVICE ELKO NV
231 AM PDT TUE SEP 16 2014


...................................

...THE TONOPAH AIRPORT NV CLIMATE SUMMARY FOR SEPTEMBER 15 2014...

CLIMATE NORMAL PERIOD 1981 TO 2010
CLIMATE RECORD PERIOD 1954 TO 2014


WEATHER ITEM   OBSERVED TIME   RECORD YEAR NORMAL DEPARTURE LAST
                VALUE   (LST)  VALUE       VALUE  FROM      YEAR
                                                  NORMAL
..................................................................
TEMPERATURE (F)
 YESTERDAY
  MAXIMUM         90R   325 PM  89    2000  81      9       88
                                      1995
                                      1983
  MINIMUM         58    608 AM  35    1970  48     10       59
  AVERAGE         74                        65      9       74

PRECIPITATION (IN)
  YESTERDAY        0.00          T    2011   0.01  -0.01     0.00
  MONTH TO DATE    0.18                      0.20  -0.02     1.38
  SINCE OCT 1      3.66                      5.06  -1.40     5.25
  SINCE JAN 1      3.20                      3.97  -0.77     4.03

DEGREE DAYS
 HEATING
  YESTERDAY        0                         2     -2        0
  MONTH TO DATE    0                        21    -21        0
  SINCE SEP 1      0                        21    -21        0
  SINCE JUL 1      0                        27    -27        0

 COOLING
  YESTERDAY        9                         2      7        9
  MONTH TO DATE   94                        52     42      110
  SINCE SEP 1     94                        52     42      110
  SINCE JAN 1    957                       765    192     1031
..................................................................


WIND (MPH)
  HIGHEST WIND SPEED    21   HIGHEST WIND DIRECTION    SW (210)
  HIGHEST GUST SPEED    27   HIGHEST GUST DIRECTION     S (170)
  AVERAGE WIND SPEED     8.5



WEATHER CONDITIONS
 THE FOLLOWING WEATHER WAS RECORDED YESTERDAY.
  NO SIGNIFICANT WEATHER WAS OBSERVED.


RELATIVE HUMIDITY (PERCENT)
 HIGHEST    43           600 AM
 LOWEST     15           100 PM
 AVERAGE    29

..........................................................


THE TONOPAH AIRPORT NV CLIMATE NORMALS FOR TODAY
                         NORMAL    RECORD    YEAR
 MAXIMUM TEMPERATURE (F)   81        90      2000
                                             1983
 MINIMUM TEMPERATURE (F)   48        36      1986


SUNRISE AND SUNSET
SEPTEMBER 16 2014.....SUNRISE   631 AM PDT   SUNSET   655 PM PDT
SEPTEMBER 17 2014.....SUNRISE   632 AM PDT   SUNSET   653 PM PDT


-  INDICATES NEGATIVE NUMBERS.
R  INDICATES RECORD WAS SET OR TIED.
MM INDICATES DATA IS MISSING.
T  INDICATES TRACE AMOUNT.




$$
