000
CDUS45 KLKN 060939
CLITPH


CLIMATE REPORT
NATIONAL WEATHER SERVICE ELKO NV
231 AM PDT MON JUL 6 2015


...................................

...THE TONOPAH AIRPORT NV CLIMATE SUMMARY FOR JULY 5 2015...

CLIMATE NORMAL PERIOD 1981 TO 2010
CLIMATE RECORD PERIOD 1954 TO 2015


WEATHER ITEM   OBSERVED TIME   RECORD YEAR NORMAL DEPARTURE LAST
                VALUE   (LST)  VALUE       VALUE  FROM      YEAR
                                                  NORMAL
..................................................................
TEMPERATURE (F)
 YESTERDAY
  MAXIMUM         91    324 PM 102    2007  91      0       95
                                      1985
  MINIMUM         59    506 AM  44    1963  57      2       61
  AVERAGE         75                        74      1       78

PRECIPITATION (IN)
  YESTERDAY        0.00          0.10 2001   0.01  -0.01      T
  MONTH TO DATE    0.07                      0.03   0.04      T
  SINCE OCT 1      2.62                      3.93  -1.31     1.38
  SINCE JAN 1      2.14                      2.84  -0.70     0.92

DEGREE DAYS
 HEATING
  YESTERDAY        0                         0      0        0
  MONTH TO DATE    0                         0      0        0
  SINCE JUN 1      6                        50    -44       15
  SINCE JUL 1      0                         0      0        0

 COOLING
  YESTERDAY       10                         9      1       13
  MONTH TO DATE   67                        42     25       72
  SINCE JUN 1    358                       187    171      288
  SINCE JAN 1    381                       214    167      322
..................................................................


WIND (MPH)
  HIGHEST WIND SPEED    37   HIGHEST WIND DIRECTION     W (280)
  HIGHEST GUST SPEED    45   HIGHEST GUST DIRECTION    NW (300)
  AVERAGE WIND SPEED     9.1



WEATHER CONDITIONS
 THE FOLLOWING WEATHER WAS RECORDED YESTERDAY.
  NO SIGNIFICANT WEATHER WAS OBSERVED.


RELATIVE HUMIDITY (PERCENT)
 HIGHEST    64           400 AM
 LOWEST     11           300 PM
 AVERAGE    38

..........................................................


THE TONOPAH AIRPORT NV CLIMATE NORMALS FOR TODAY
                         NORMAL    RECORD    YEAR
 MAXIMUM TEMPERATURE (F)   91       101      1989
 MINIMUM TEMPERATURE (F)   57        43      1963


SUNRISE AND SUNSET
JULY  6 2015..........SUNRISE   532 AM PDT   SUNSET   814 PM PDT
JULY  7 2015..........SUNRISE   532 AM PDT   SUNSET   814 PM PDT


-  INDICATES NEGATIVE NUMBERS.
R  INDICATES RECORD WAS SET OR TIED.
MM INDICATES DATA IS MISSING.
T  INDICATES TRACE AMOUNT.




$$
