000
CDUS45 KLKN 310028
CLITPH


CLIMATE REPORT
NATIONAL WEATHER SERVICE ELKO NV
526 PM PDT SAT JUL 30 2016


...................................

...THE TONOPAH AIRPORT NV CLIMATE SUMMARY FOR JULY 30 2016...
VALID TODAY AS OF 0500 PM LOCAL TIME.

CLIMATE NORMAL PERIOD 1981 TO 2010
CLIMATE RECORD PERIOD 1954 TO 2016


WEATHER ITEM   OBSERVED TIME   RECORD YEAR NORMAL DEPARTURE LAST
                VALUE   (LST)  VALUE       VALUE  FROM      YEAR
                                                  NORMAL
..................................................................
TEMPERATURE (F)
 TODAY
  MAXIMUM         99    253 PM 100    2000  92      7       92
                                      1971
  MINIMUM         64    333 AM  51    2001  58      6       60
                                      1998
                                      1987
  AVERAGE         82                        75      7       76

PRECIPITATION (IN)
  TODAY            T             0.76 1968   0.02  -0.02     0.00
  MONTH TO DATE    0.08                      0.43  -0.35     0.11
  SINCE OCT 1      5.74                      4.33   1.41     2.66
  SINCE JAN 1      2.36                      3.24  -0.88     2.18

DEGREE DAYS
 HEATING
  TODAY            0                         0      0        0
  MONTH TO DATE    0                         0      0        0
  SINCE JUN 1     10                        50    -40        6
  SINCE JUL 1      0                         0      0        0

 COOLING
  TODAY           17                        10      7       11
  MONTH TO DATE  364                       288     76      255
  SINCE JUN 1    634                       433    201      546
  SINCE JAN 1    642                       460    182      569
..................................................................


WIND (MPH)
  HIGHEST WIND SPEED    33   HIGHEST WIND DIRECTION     W (290)
  HIGHEST GUST SPEED    43   HIGHEST GUST DIRECTION    NW (300)



WEATHER CONDITIONS
 THE FOLLOWING WEATHER WAS RECORDED TODAY.
  LIGHT RAIN


RELATIVE HUMIDITY (PERCENT)
 HIGHEST    48           500 AM
 LOWEST     11           300 PM
 AVERAGE    30

..........................................................


THE TONOPAH AIRPORT NV CLIMATE NORMALS FOR TOMORROW
                         NORMAL    RECORD    YEAR
 MAXIMUM TEMPERATURE (F)   92       102      2000
 MINIMUM TEMPERATURE (F)   58        48      1974


SUNRISE AND SUNSET
JULY 30 2016..........SUNRISE   550 AM PDT   SUNSET   759 PM PDT
JULY 31 2016..........SUNRISE   551 AM PDT   SUNSET   758 PM PDT


-  INDICATES NEGATIVE NUMBERS.
R  INDICATES RECORD WAS SET OR TIED.
MM INDICATES DATA IS MISSING.
T  INDICATES TRACE AMOUNT.




$$
