022
CDUS45 KLKN 150928
CLITPH


CLIMATE REPORT
NATIONAL WEATHER SERVICE ELKO NV
127 AM PST FRI DEC 15 2017


...................................

...THE TONOPAH AIRPORT NV CLIMATE SUMMARY FOR DECEMBER 14 2017...

CLIMATE NORMAL PERIOD 1981 TO 2010
CLIMATE RECORD PERIOD 1954 TO 2017


WEATHER ITEM   OBSERVED TIME   RECORD YEAR NORMAL DEPARTURE LAST
                VALUE   (LST)  VALUE       VALUE  FROM      YEAR
                                                  NORMAL
..................................................................
TEMPERATURE (F)
 YESTERDAY
  MAXIMUM         58    249 PM  59    1980  44     14       51
  MINIMUM         25   1159 PM   3    1972  19      6       27
  AVERAGE         42                        32     10       39

PRECIPITATION (IN)
  YESTERDAY        0.00          0.03 1993   0.01  -0.01     0.00
                                      1965
  MONTH TO DATE    0.00                      0.14  -0.14      T
  SINCE OCT 1      0.01                      0.92  -0.91     0.20
  SINCE JAN 1      3.52                      5.07  -1.55     3.77

DEGREE DAYS
 HEATING
  YESTERDAY       23                        33    -10       26
  MONTH TO DATE  402                       452    -50      412
  SINCE DEC 1    402                       452    -50      412
  SINCE JUL 1   1478                      1669   -191     1429

 COOLING
  YESTERDAY        0                         0      0        0
  MONTH TO DATE    0                         0      0        0
  SINCE DEC 1      0                         0      0        0
  SINCE JAN 1   1222                       783    439     1022
..................................................................


WIND (MPH)
  HIGHEST WIND SPEED    22   HIGHEST WIND DIRECTION     N (360)
  HIGHEST GUST SPEED    25   HIGHEST GUST DIRECTION    NW (330)
  AVERAGE WIND SPEED     9.5



WEATHER CONDITIONS
 THE FOLLOWING WEATHER WAS RECORDED YESTERDAY.
  NO SIGNIFICANT WEATHER WAS OBSERVED.


RELATIVE HUMIDITY (PERCENT)
 HIGHEST    46           700 AM
 LOWEST     15          1200 AM
 AVERAGE    31

..........................................................


THE TONOPAH AIRPORT NV CLIMATE NORMALS FOR TODAY
                         NORMAL    RECORD    YEAR
 MAXIMUM TEMPERATURE (F)   44        62      1980
 MINIMUM TEMPERATURE (F)   19         6      1990


SUNRISE AND SUNSET
DECEMBER 15 2017......SUNRISE   657 AM PST   SUNSET   430 PM PST
DECEMBER 16 2017......SUNRISE   658 AM PST   SUNSET   430 PM PST


-  INDICATES NEGATIVE NUMBERS.
R  INDICATES RECORD WAS SET OR TIED.
MM INDICATES DATA IS MISSING.
T  INDICATES TRACE AMOUNT.




$$
