000
CDUS45 KLKN 300938
CLITPH


CLIMATE REPORT
NATIONAL WEATHER SERVICE ELKO NV
237 AM PDT SAT MAY 30 2015


...................................

...THE TONOPAH AIRPORT NV CLIMATE SUMMARY FOR MAY 29 2015...

CLIMATE NORMAL PERIOD 1981 TO 2010
CLIMATE RECORD PERIOD 1954 TO 2015


WEATHER ITEM   OBSERVED TIME   RECORD YEAR NORMAL DEPARTURE LAST
                VALUE   (LST)  VALUE       VALUE  FROM      YEAR
                                                  NORMAL
..................................................................
TEMPERATURE (F)
 YESTERDAY
  MAXIMUM         86    406 PM  94    2003  79      7       80
                                      2000
  MINIMUM         56    505 AM  32    2011  47      9       51
  AVERAGE         71                        63      8       66

PRECIPITATION (IN)
  YESTERDAY        0.00          0.04 2009   0.02  -0.02     0.00
  MONTH TO DATE    1.24                      0.50   0.74     0.05
  SINCE OCT 1      2.29                      3.59  -1.30     1.38
  SINCE JAN 1      1.81                      2.50  -0.69     0.92

DEGREE DAYS
 HEATING
  YESTERDAY        0                         4     -4        0
  MONTH TO DATE  241                       212     29      169
  SINCE MAR 1   1127                      1363   -236     1163
  SINCE JUL 1   4249                      5405  -1156     4936

 COOLING
  YESTERDAY        6                         2      4        1
  MONTH TO DATE   11                        20     -9       31
  SINCE MAR 1     11                        21    -10       31
  SINCE JAN 1     11                        21    -10       31
..................................................................


WIND (MPH)
  HIGHEST WIND SPEED    20   HIGHEST WIND DIRECTION    SW (230)
  HIGHEST GUST SPEED    31   HIGHEST GUST DIRECTION    SW (210)
  AVERAGE WIND SPEED     9.2



WEATHER CONDITIONS
 THE FOLLOWING WEATHER WAS RECORDED YESTERDAY.
  NO SIGNIFICANT WEATHER WAS OBSERVED.


RELATIVE HUMIDITY (PERCENT)
 HIGHEST    43           500 AM
 LOWEST     10           200 PM
 AVERAGE    27

..........................................................


THE TONOPAH AIRPORT NV CLIMATE NORMALS FOR TODAY
                         NORMAL    RECORD    YEAR
 MAXIMUM TEMPERATURE (F)   79        94      1972
 MINIMUM TEMPERATURE (F)   47        34      1988
                                             1985


SUNRISE AND SUNSET
MAY 30 2015...........SUNRISE   528 AM PDT   SUNSET   804 PM PDT
MAY 31 2015...........SUNRISE   528 AM PDT   SUNSET   805 PM PDT


-  INDICATES NEGATIVE NUMBERS.
R  INDICATES RECORD WAS SET OR TIED.
MM INDICATES DATA IS MISSING.
T  INDICATES TRACE AMOUNT.




$$
