000
CDUS45 KLKN 290926
CLITPH


CLIMATE REPORT
NATIONAL WEATHER SERVICE ELKO NV
225 AM PDT THU JUN 29 2017


...................................

...THE TONOPAH AIRPORT NV CLIMATE SUMMARY FOR JUNE 28 2017...

CLIMATE NORMAL PERIOD 1981 TO 2010
CLIMATE RECORD PERIOD 1954 TO 2017


WEATHER ITEM   OBSERVED TIME   RECORD YEAR NORMAL DEPARTURE LAST
                VALUE   (LST)  VALUE       VALUE  FROM      YEAR
                                                  NORMAL
..................................................................
TEMPERATURE (F)
 YESTERDAY
  MAXIMUM         89    342 PM 101    2013  89      0       98
                                      1956
  MINIMUM         59    521 AM  41    1978  55      4       64
  AVERAGE         74                        72      2       81

PRECIPITATION (IN)
  YESTERDAY        0.00          0.70 1984   0.00   0.00      T
  MONTH TO DATE    T                         0.27  -0.27     0.07
  SINCE OCT 1      2.78                      3.89  -1.11     5.62
  SINCE JAN 1      2.25                      2.80  -0.55     2.24

DEGREE DAYS
 HEATING
  YESTERDAY        0                         0      0        0
  MONTH TO DATE   31                        48    -17       10
  SINCE JUN 1     31                        48    -17       10
  SINCE JUL 1   5010                      5459   -449     5148

 COOLING
  YESTERDAY        9                         7      2       16
  MONTH TO DATE  267                       129    138      242
  SINCE JUN 1    267                       129    138      242
  SINCE JAN 1    300                       156    144      250
..................................................................


WIND (MPH)
  HIGHEST WIND SPEED    26   HIGHEST WIND DIRECTION    NW (330)
  HIGHEST GUST SPEED    34   HIGHEST GUST DIRECTION    NW (330)
  AVERAGE WIND SPEED    13.9



WEATHER CONDITIONS
 THE FOLLOWING WEATHER WAS RECORDED YESTERDAY.
  NO SIGNIFICANT WEATHER WAS OBSERVED.


RELATIVE HUMIDITY (PERCENT)
 HIGHEST    22           300 AM
 LOWEST      5          1200 PM
 AVERAGE    14

..........................................................


THE TONOPAH AIRPORT NV CLIMATE NORMALS FOR TODAY
                         NORMAL    RECORD    YEAR
 MAXIMUM TEMPERATURE (F)   89       102      2013
 MINIMUM TEMPERATURE (F)   55        37      1963


SUNRISE AND SUNSET
JUNE 29 2017..........SUNRISE   529 AM PDT   SUNSET   815 PM PDT
JUNE 30 2017..........SUNRISE   529 AM PDT   SUNSET   815 PM PDT


-  INDICATES NEGATIVE NUMBERS.
R  INDICATES RECORD WAS SET OR TIED.
MM INDICATES DATA IS MISSING.
T  INDICATES TRACE AMOUNT.




$$
