135
CDUS44 KMRX 312200
CLITRI


CLIMATE REPORT
NATIONAL WEATHER SERVICE MORRISTOWN TN
600 PM EDT TUE MAY 31 2016


...................................

...THE TRI-CITIES      ASOS CLIMATE SUMMARY FOR MAY 31 2016...
VALID TODAY AS OF 0500 PM LOCAL TIME.

CLIMATE NORMAL PERIOD 1981 TO 2010
CLIMATE RECORD PERIOD 1934 TO 2016


WEATHER ITEM   OBSERVED TIME   RECORD YEAR NORMAL DEPARTURE LAST
                VALUE   (LST)  VALUE       VALUE  FROM      YEAR
                                                  NORMAL
..................................................................
TEMPERATURE (F)
 TODAY
  MAXIMUM         89    359 PM  94    2011  80      9       87
  MINIMUM         59    319 AM  38    1984  56      3       62
  AVERAGE         74                        68      6       75

PRECIPITATION (IN)
  TODAY            0.00          1.06 2004   0.13  -0.13      T
  MONTH TO DATE    3.98                      3.80   0.18     0.70
  SINCE MAR 1      8.51                     10.57  -2.06     9.58
  SINCE JAN 1     15.91                     17.39  -1.48    14.91

SNOWFALL (IN)
  TODAY            0.0                       0.0    0.0      0.0
  MONTH TO DATE    0.0                       0.0    0.0      0.0
  SINCE MAR 1      T                         2.5   -2.5       T
  SINCE JUL 1     18.4                      13.3    5.1     15.5
  SNOW DEPTH       0

DEGREE DAYS
 HEATING
  TODAY            0                         1     -1        0
  MONTH TO DATE   91                       108    -17       41
  SINCE MAR 1    725                       981   -256      749
  SINCE JUL 1   3545                      4363   -818     4376

 COOLING
  TODAY            9                         4      5       10
  MONTH TO DATE   70                        62      8      156
  SINCE MAR 1     96                        73     23      166
  SINCE JAN 1     96                        73     23      166
..................................................................


WIND (MPH)
  HIGHEST WIND SPEED     8   HIGHEST WIND DIRECTION     N (350)
  HIGHEST GUST SPEED    11   HIGHEST GUST DIRECTION     N (350)
  AVERAGE WIND SPEED     1.3


SKY COVER
  POSSIBLE SUNSHINE  MM
  AVERAGE SKY COVER 0.6


WEATHER CONDITIONS
 THE FOLLOWING WEATHER WAS RECORDED TODAY.
  FOG
  FOG W/VISIBILITY <= 1/4 MILE


RELATIVE HUMIDITY (PERCENT)
 HIGHEST   100           100 AM
 LOWEST     36           300 PM
 AVERAGE    68

..........................................................


THE TRI-CITIES      ASOS CLIMATE NORMALS FOR TOMORROW
                         NORMAL    RECORD    YEAR
 MAXIMUM TEMPERATURE (F)   80        91      2011
 MINIMUM TEMPERATURE (F)   56        38      1966


SUNRISE AND SUNSET
MAY 31 2016...........SUNRISE   613 AM EDT   SUNSET   842 PM EDT
JUNE  1 2016..........SUNRISE   613 AM EDT   SUNSET   843 PM EDT


-  INDICATES NEGATIVE NUMBERS.
R  INDICATES RECORD WAS SET OR TIED.
MM INDICATES DATA IS MISSING.
T  INDICATES TRACE AMOUNT.




$$
