000
CDUS44 KMRX 272223
CLITRI


CLIMATE REPORT
NATIONAL WEATHER SERVICE MORRISTOWN TN
523 PM EST MON FEB 27 2017


...................................

...THE TRI-CITIES      ASOS CLIMATE SUMMARY FOR FEBRUARY 27 2017...
VALID TODAY AS OF 0500 PM LOCAL TIME.

CLIMATE NORMAL PERIOD 1981 TO 2010
CLIMATE RECORD PERIOD 1934 TO 2017


WEATHER ITEM   OBSERVED TIME   RECORD YEAR NORMAL DEPARTURE LAST
                VALUE   (LST)  VALUE       VALUE  FROM      YEAR
                                                  NORMAL
..................................................................
TEMPERATURE (F)
 TODAY
  MAXIMUM         59    320 PM  74    1996  54      5       50
  MINIMUM         29    153 AM   2    1963  31     -2       24
  AVERAGE         44                        42      2       37

PRECIPITATION (IN)
  TODAY            0.00          1.02 1987   0.12  -0.12     0.00
  MONTH TO DATE    1.76                      3.33  -1.57     4.48
  SINCE DEC 1      9.67                     10.07  -0.40    12.67
  SINCE JAN 1      4.31                      6.70  -2.39     7.40

SNOWFALL (IN)
  TODAY            0.0                       0.1   -0.1      0.0
  MONTH TO DATE    T                         3.3   -3.3      8.6
  SINCE DEC 1      4.0                      10.4   -6.4     18.4
  SINCE JUL 1      4.0                      10.7   -6.7     18.4
  SNOW DEPTH       0

DEGREE DAYS
 HEATING
  TODAY           21                        23     -2       28
  MONTH TO DATE  522                       705   -183      697
  SINCE DEC 1   1933                      2473   -540     2142
  SINCE JUL 1   2552                      3359   -807     2785

 COOLING
  TODAY            0                         0      0        0
  MONTH TO DATE    0                         0      0        0
  SINCE DEC 1      0                         0      0        0
  SINCE JAN 1      0                         0      0        0
..................................................................


WIND (MPH)
  HIGHEST WIND SPEED    17   HIGHEST WIND DIRECTION    SW (210)
  HIGHEST GUST SPEED    26   HIGHEST GUST DIRECTION     S (180)
  AVERAGE WIND SPEED     2.8


SKY COVER
  POSSIBLE SUNSHINE  MM
  AVERAGE SKY COVER 0.8


WEATHER CONDITIONS
 THE FOLLOWING WEATHER WAS RECORDED TODAY.
  NO SIGNIFICANT WEATHER WAS OBSERVED.


RELATIVE HUMIDITY (PERCENT)
 HIGHEST    78          1200 AM
 LOWEST     24           100 PM
 AVERAGE    51

..........................................................


THE TRI-CITIES      ASOS CLIMATE NORMALS FOR TOMORROW
                         NORMAL    RECORD    YEAR
 MAXIMUM TEMPERATURE (F)   54        73      1939
 MINIMUM TEMPERATURE (F)   31        12      1947


SUNRISE AND SUNSET
FEBRUARY 27 2017......SUNRISE   702 AM EST   SUNSET   623 PM EST
FEBRUARY 28 2017......SUNRISE   701 AM EST   SUNSET   623 PM EST


-  INDICATES NEGATIVE NUMBERS.
R  INDICATES RECORD WAS SET OR TIED.
MM INDICATES DATA IS MISSING.
T  INDICATES TRACE AMOUNT.




$$
