000
CDUS44 KMRX 011217 RRA
CLITRI

CLIMATE REPORT
NATIONAL WEATHER SERVICE MORRISTOWN TN
817 AM EDT FRI AUG 1 2014


...................................

...THE TRI-CITIES CLIMATE SUMMARY FOR JULY 31 2014...

CLIMATE NORMAL PERIOD 1981 TO 2010
CLIMATE RECORD PERIOD 1934 TO 2014


WEATHER ITEM   OBSERVED TIME   RECORD YEAR NORMAL DEPARTURE LAST
                VALUE   (LST)  VALUE       VALUE  FROM      YEAR
                                                  NORMAL
..................................................................
TEMPERATURE (F)
 YESTERDAY
  MAXIMUM         81    332 PM  95    1995  85     -4       71
  MINIMUM         56    601 AM  55    1993  64     -8       64
  AVERAGE         69                        74     -5       68

PRECIPITATION (IN)
  YESTERDAY        0.00          2.85 1982   0.15  -0.15     0.26
  MONTH TO DATE    5.25                      4.69   0.56     7.11
  SINCE JUN 1      8.83                      8.59   0.24    15.48
  SINCE JAN 1     20.83                     25.98  -5.15    40.17

SNOWFALL (IN)
  YESTERDAY        0.0                       0.0    0.0      0.0
  MONTH TO DATE    0.0                       0.0    0.0      0.0
  SINCE JUN 1      0.0                       0.0    0.0      0.0
  SINCE JUL 1      0.0                       0.0    0.0      0.0
  SNOW DEPTH       0

DEGREE DAYS
 HEATING
  YESTERDAY        0                         0      0        0
  MONTH TO DATE    0                         0      0        0
  SINCE JUN 1      0                        11    -11        0
  SINCE JUL 1      0                         0      0        0

 COOLING
  YESTERDAY        4                        10     -6        3
  MONTH TO DATE  258                       299    -41      295
  SINCE JUN 1    554                       505     49      518
  SINCE JAN 1    688                       578    110      590
..................................................................


WIND (MPH)
  HIGHEST WIND SPEED    12   HIGHEST WIND DIRECTION    SE (140)
  HIGHEST GUST SPEED    14   HIGHEST GUST DIRECTION     W (250)
  AVERAGE WIND SPEED     1.5


SKY COVER
  POSSIBLE SUNSHINE  MM
  AVERAGE SKY COVER  MM


WEATHER CONDITIONS
 THE FOLLOWING WEATHER WAS RECORDED YESTERDAY.
  FOG


RELATIVE HUMIDITY (PERCENT)
 HIGHEST    93           100 AM
 LOWEST     45           500 PM
 AVERAGE    69

..........................................................


THE TRI-CITIES CLIMATE NORMALS FOR TODAY
                         NORMAL    RECORD    YEAR
 MAXIMUM TEMPERATURE (F)   85        95      1953
 MINIMUM TEMPERATURE (F)   64        51      1997


SUNRISE AND SUNSET
AUGUST  1 2014........SUNRISE   636 AM EDT   SUNSET   835 PM EDT
AUGUST  2 2014........SUNRISE   637 AM EDT   SUNSET   834 PM EDT


-  INDICATES NEGATIVE NUMBERS.
R  INDICATES RECORD WAS SET OR TIED.
MM INDICATES DATA IS MISSING.
T  INDICATES TRACE AMOUNT.

THE LOW TEMPERATURE SINCE MIDNIGHT HAS BEEN 64.
THERE HAS BEEN NO PRECIPITATION SINCE MIDNIGHT.

$$
