000
CDUS44 KMRX 270814
CLITRI


CLIMATE REPORT
NATIONAL WEATHER SERVICE MORRISTOWN TN
414 AM EDT TUE JUN 27 2017


...................................

...THE TRI-CITIES      ASOS CLIMATE SUMMARY FOR JUNE 26 2017...

CLIMATE NORMAL PERIOD 1981 TO 2010
CLIMATE RECORD PERIOD 1934 TO 2017


WEATHER ITEM   OBSERVED TIME   RECORD YEAR NORMAL DEPARTURE LAST
                VALUE   (LST)  VALUE       VALUE  FROM      YEAR
                                                  NORMAL
..................................................................
TEMPERATURE (F)
 YESTERDAY
  MAXIMUM         79    159 PM  96    1988  85     -6       92
  MINIMUM         51    555 AM  50    1979  63    -12       65
  AVERAGE         65                        74     -9       79

PRECIPITATION (IN)
  YESTERDAY        0.00          1.59 1994   0.14  -0.14     0.00
  MONTH TO DATE    2.04                      3.36  -1.32     1.83
  SINCE JUN 1      2.04                      3.36  -1.32     1.83
  SINCE JAN 1     24.23                     20.75   3.48    17.74

SNOWFALL (IN)
  YESTERDAY        0.0                       0.0    0.0      0.0
  MONTH TO DATE    0.0                       0.0    0.0      0.0
  SINCE JUN 1      0.0                       0.0    0.0      0.0
  SINCE JUL 1      4.3                      13.3   -9.0     18.4
  SNOW DEPTH       0

DEGREE DAYS
 HEATING
  YESTERDAY        0                         0      0        0
  MONTH TO DATE    2                         9     -7        0
  SINCE JUN 1      2                         9     -7        0
  SINCE JUL 1   3313                      4372  -1059     3545

 COOLING
  YESTERDAY        0                         9     -9       14
  MONTH TO DATE  168                       170     -2      237
  SINCE JUN 1    168                       170     -2      237
  SINCE JAN 1    288                       243     45      333
..................................................................


WIND (MPH)
  HIGHEST WIND SPEED    17   HIGHEST WIND DIRECTION    SW (240)
  HIGHEST GUST SPEED    21   HIGHEST GUST DIRECTION     W (270)
  AVERAGE WIND SPEED     5.2


SKY COVER
  POSSIBLE SUNSHINE  MM
  AVERAGE SKY COVER 0.4


WEATHER CONDITIONS
 THE FOLLOWING WEATHER WAS RECORDED YESTERDAY.
  FOG
  FOG W/VISIBILITY <= 1/4 MILE


RELATIVE HUMIDITY (PERCENT)
 HIGHEST   100           400 AM
 LOWEST     39          1200 PM
 AVERAGE    70

..........................................................


THE TRI-CITIES      ASOS CLIMATE NORMALS FOR TODAY
                         NORMAL    RECORD    YEAR
 MAXIMUM TEMPERATURE (F)   85        97      1954
 MINIMUM TEMPERATURE (F)   63        49      1979


SUNRISE AND SUNSET
JUNE 27 2017..........SUNRISE   614 AM EDT   SUNSET   852 PM EDT
JUNE 28 2017..........SUNRISE   614 AM EDT   SUNSET   852 PM EDT


-  INDICATES NEGATIVE NUMBERS.
R  INDICATES RECORD WAS SET OR TIED.
MM INDICATES DATA IS MISSING.
T  INDICATES TRACE AMOUNT.




$$
