000
CDUS44 KMRX 222220
CLITRI

CLIMATE REPORT
NATIONAL WEATHER SERVICE MORRISTOWN TN
519 PM EST MON DEC 22 2014

...................................

...THE TRI-CITIES CLIMATE SUMMARY FOR DECEMBER 22 2014...
VALID TODAY AS OF 500 PM LOCAL TIME.

CLIMATE NORMAL PERIOD 1981 TO 2010
CLIMATE RECORD PERIOD 1934 TO 2014


WEATHER ITEM   OBSERVED TIME   RECORD YEAR NORMAL DEPARTURE LAST
                VALUE   (LST)  VALUE       VALUE  FROM      YEAR
                                                  NORMAL
..................................................................
TEMPERATURE (F)
 TODAY
  MAXIMUM         61    234 PM  73    2013  46     15       73
  MINIMUM         35    201 AM   1    1989  26      9       52
  AVERAGE         48                        36     12       63

PRECIPITATION (IN)
  TODAY            0.00          1.56 2013   0.10  -0.10     1.56
  MONTH TO DATE    1.41                      2.43  -1.02     4.74
  SINCE DEC 1      1.41                      2.43  -1.02     4.74
  SINCE JAN 1     36.51                     40.07  -3.56    56.08

SNOWFALL (IN)
  TODAY            0.0                       0.0    0.0      0.0
  MONTH TO DATE    0.0                       1.4   -1.4       T
  SINCE DEC 1      0.0                       1.4   -1.4       T
  SINCE JUL 1      1.2                       1.7   -0.5      1.4
  SNOW DEPTH       0

DEGREE DAYS
 HEATING
  TODAY           17                        29    -12        2
  MONTH TO DATE  524                       581    -57      471
  SINCE DEC 1    524                       581    -57      471
  SINCE JUL 1   1507                      1467     40     1362

 COOLING
  TODAY            0                         0      0        0
  MONTH TO DATE    0                         0      0        0
  SINCE DEC 1      0                         0      0        0
  SINCE JAN 1   1141                       981    160     1003
..................................................................


WIND (MPH)
  HIGHEST WIND SPEED    12   HIGHEST WIND DIRECTION    SE (150)
  HIGHEST GUST SPEED    17   HIGHEST GUST DIRECTION    SE (140)
  AVERAGE WIND SPEED     3.3


SKY COVER
  POSSIBLE SUNSHINE  MM
  AVERAGE SKY COVER  MM


WEATHER CONDITIONS
 THE FOLLOWING WEATHER WAS RECORDED TODAY.
  NO SIGNIFICANT WEATHER WAS OBSERVED.


RELATIVE HUMIDITY (PERCENT)
 HIGHEST    92          1200 AM
 LOWEST     51           200 PM
 AVERAGE    72

..........................................................


THE TRI-CITIES      ASOS CLIMATE NORMALS FOR TOMORROW
                         NORMAL    RECORD    YEAR
 MAXIMUM TEMPERATURE (F)   46        67      1990
                                             1957
 MINIMUM TEMPERATURE (F)   26        -4      1989


SUNRISE AND SUNSET
DECEMBER 22 2014......SUNRISE   738 AM EST   SUNSET   518 PM EST
DECEMBER 23 2014......SUNRISE   739 AM EST   SUNSET   519 PM EST


-  INDICATES NEGATIVE NUMBERS.
R  INDICATES RECORD WAS SET OR TIED.
MM INDICATES DATA IS MISSING.
T  INDICATES TRACE AMOUNT.




$$
