000
CDUS46 KSGX 271535
CLITRM


CLIMATE REPORT
NATIONAL WEATHER SERVICE SAN DIEGO, CA
735 AM PST MON FEB 27 2017


...................................

...THE THERMAL AIRPORT CA CLIMATE SUMMARY FOR FEBRUARY 26 2017...

CLIMATE NORMAL PERIOD 1981 TO 2010
CLIMATE RECORD PERIOD 1950 TO 2017


WEATHER ITEM   OBSERVED TIME   RECORD YEAR NORMAL DEPARTURE LAST
                VALUE   (LST)  VALUE       VALUE  FROM      YEAR
                                                  NORMAL
..................................................................
TEMPERATURE (F)
 YESTERDAY
  MAXIMUM         70    312 PM  98    1986  77     -7       88
  MINIMUM         48    551 AM  30    1996  44      4       41
  AVERAGE         59                        60     -1       65

PRECIPITATION (IN)
  YESTERDAY        T             0.09 1983   0.03  -0.03     0.00
  MONTH TO DATE    0.37                      0.62  -0.25     0.00
  SINCE OCT 1      3.36                      2.10   1.26     1.63
  SINCE JAN 1      1.68                      1.29   0.39     1.20

DEGREE DAYS
 HEATING
  YESTERDAY        6                         5      1        0
  MONTH TO DATE  101                       195    -94      102
  SINCE DEC 1    729                       888   -159      826
  SINCE JUL 1    847                      1055   -208     1025

 COOLING
  YESTERDAY        0                         1     -1        0
  MONTH TO DATE   32                         6     26       52
  SINCE DEC 1     34                         9     25       52
  SINCE JAN 1     32                         8     24       52
..................................................................


WIND (MPH)
  RESULTANT WIND SPEED   7   RESULTANT WIND DIRECTION  NW (330)
  HIGHEST WIND SPEED    22   HIGHEST WIND DIRECTION    NW (330)
  HIGHEST GUST SPEED    28   HIGHEST GUST DIRECTION    NW (310)
  AVERAGE WIND SPEED     9.3


SKY COVER
  POSSIBLE SUNSHINE  MM
  AVERAGE SKY COVER 0.3


WEATHER CONDITIONS
 THE FOLLOWING WEATHER WAS RECORDED YESTERDAY.
  NO SIGNIFICANT WEATHER WAS OBSERVED.


RELATIVE HUMIDITY (PERCENT)
 HIGHEST    66           600 AM
 LOWEST     28           300 PM
 AVERAGE    47

..........................................................


THE THERMAL AIRPORT CA CLIMATE NORMALS FOR TODAY
                         NORMAL    RECORD    YEAR
 MAXIMUM TEMPERATURE (F)   77       100      1986
 MINIMUM TEMPERATURE (F)   44        27      1971


SUNRISE AND SUNSET
FEBRUARY 27 2017......SUNRISE   615 AM PST   SUNSET   540 PM PST
FEBRUARY 28 2017......SUNRISE   614 AM PST   SUNSET   541 PM PST


-  INDICATES NEGATIVE NUMBERS.
R  INDICATES RECORD WAS SET OR TIED.
MM INDICATES DATA IS MISSING.
T  INDICATES TRACE AMOUNT.




$$
