000
CDUS46 KSGX 090116
CLITRM


CLIMATE REPORT
NATIONAL WEATHER SERVICE SAN DIEGO, CA
516 PM PST THU DEC 8 2016


...................................

...THE THERMAL AIRPORT CA CLIMATE SUMMARY FOR DECEMBER 8 2016...
VALID TODAY AS OF 0500 PM LOCAL TIME.

CLIMATE NORMAL PERIOD 1981 TO 2010
CLIMATE RECORD PERIOD 1950 TO 2016


WEATHER ITEM   OBSERVED TIME   RECORD YEAR NORMAL DEPARTURE LAST
                VALUE   (LST)  VALUE       VALUE  FROM      YEAR
                                                  NORMAL
..................................................................
TEMPERATURE (F)
 TODAY
  MAXIMUM         69    249 PM  87    1975  71     -2       77
  MINIMUM         33    630 AM  25    2011  36     -3       39
                                      1998
  AVERAGE         51                        53     -2       58

PRECIPITATION (IN)
  TODAY            0.00          0.26 1991   0.01  -0.01     0.00
  MONTH TO DATE    0.00                      0.08  -0.08     0.00
  SINCE OCT 1      0.32                      0.54  -0.22     0.41
  SINCE JAN 1      2.16                      2.93  -0.77     2.01

DEGREE DAYS
 HEATING
  TODAY           14                        12      2        7
  MONTH TO DATE   79                        88     -9       83
  SINCE DEC 1     79                        88     -9       83
  SINCE JUL 1    197                       255    -58      282

 COOLING
  TODAY            0                         0      0        0
  MONTH TO DATE    0                         0      0        0
  SINCE DEC 1      0                         0      0        0
  SINCE JAN 1   4334                      3686    648     4241
..................................................................


WIND (MPH)
  RESULTANT WIND SPEED   0   RESULTANT WIND DIRECTION  NW (330)
  HIGHEST WIND SPEED    10   HIGHEST WIND DIRECTION     N (10)
  HIGHEST GUST SPEED    11   HIGHEST GUST DIRECTION     N (20)
  AVERAGE WIND SPEED     3.6


SKY COVER
  POSSIBLE SUNSHINE  MM
  AVERAGE SKY COVER 0.1


WEATHER CONDITIONS
 THE FOLLOWING WEATHER WAS RECORDED TODAY.
  HAZE


RELATIVE HUMIDITY (PERCENT)
 HIGHEST    86           900 AM
 LOWEST     18           200 PM
 AVERAGE    52

..........................................................


THE THERMAL AIRPORT CA CLIMATE NORMALS FOR TOMORROW
                         NORMAL    RECORD    YEAR
 MAXIMUM TEMPERATURE (F)   70        88      1957
 MINIMUM TEMPERATURE (F)   36        17      1994


SUNRISE AND SUNSET
DECEMBER  8 2016......SUNRISE   637 AM PST   SUNSET   436 PM PST
DECEMBER  9 2016......SUNRISE   638 AM PST   SUNSET   437 PM PST


-  INDICATES NEGATIVE NUMBERS.
R  INDICATES RECORD WAS SET OR TIED.
MM INDICATES DATA IS MISSING.
T  INDICATES TRACE AMOUNT.




$$
