000
CDUS46 KSGX 280017
CLITRM


CLIMATE REPORT
NATIONAL WEATHER SERVICE SAN DIEGO, CA
517 PM PDT THU APR 27 2017


...................................

...THE THERMAL AIRPORT CA CLIMATE SUMMARY FOR APRIL 27 2017...
VALID TODAY AS OF 0500 PM LOCAL TIME.

CLIMATE NORMAL PERIOD 1981 TO 2010
CLIMATE RECORD PERIOD 1950 TO 2017


WEATHER ITEM   OBSERVED TIME   RECORD YEAR NORMAL DEPARTURE LAST
                VALUE   (LST)  VALUE       VALUE  FROM      YEAR
                                                  NORMAL
..................................................................
TEMPERATURE (F)
 TODAY
  MAXIMUM         96    206 PM 106    1996  90      6       86
  MINIMUM         67    139 AM  44    1994  57     10       63
  AVERAGE         82                        73      9       75

PRECIPITATION (IN)
  TODAY            0.00          0.02 1952   0.00   0.00     0.00
  MONTH TO DATE    T                         0.06  -0.06     0.35
  SINCE OCT 1      3.69                      2.58   1.11     1.98
  SINCE JAN 1      2.01                      1.77   0.24     1.55

DEGREE DAYS
 HEATING
  TODAY            0                         0      0        0
  MONTH TO DATE    0                        19    -19        0
  SINCE MAR 1     34                       111    -77       22
  SINCE JUL 1    899                      1176   -277     1047

 COOLING
  TODAY           17                         9      8       10
  MONTH TO DATE  264                       156    108      226
  SINCE MAR 1    454                       218    236      354
  SINCE JAN 1    486                       230    256      419
..................................................................


WIND (MPH)
  RESULTANT WIND SPEED   8   RESULTANT WIND DIRECTION  NW (320)
  HIGHEST WIND SPEED    24   HIGHEST WIND DIRECTION    NW (320)
  HIGHEST GUST SPEED    30   HIGHEST GUST DIRECTION    NW (310)
  AVERAGE WIND SPEED     9.3


SKY COVER
  POSSIBLE SUNSHINE  MM
  AVERAGE SKY COVER 0.0


WEATHER CONDITIONS
 THE FOLLOWING WEATHER WAS RECORDED TODAY.
  NO SIGNIFICANT WEATHER WAS OBSERVED.


RELATIVE HUMIDITY (PERCENT)
 HIGHEST    47           100 AM
 LOWEST     12           100 PM
 AVERAGE    30

..........................................................


THE THERMAL AIRPORT CA CLIMATE NORMALS FOR TOMORROW
                         NORMAL    RECORD    YEAR
 MAXIMUM TEMPERATURE (F)   91       107      2013
 MINIMUM TEMPERATURE (F)   57        41      1970


SUNRISE AND SUNSET
APRIL 27 2017.........SUNRISE   600 AM PDT   SUNSET   725 PM PDT
APRIL 28 2017.........SUNRISE   559 AM PDT   SUNSET   726 PM PDT


-  INDICATES NEGATIVE NUMBERS.
R  INDICATES RECORD WAS SET OR TIED.
MM INDICATES DATA IS MISSING.
T  INDICATES TRACE AMOUNT.




$$
