000
CDUS46 KSGX 290016
CLITRM


CLIMATE REPORT
NATIONAL WEATHER SERVICE SAN DIEGO, CA
516 PM PDT TUE JUL 28 2015


...................................

...THE THERMAL AIRPORT CA CLIMATE SUMMARY FOR JULY 28 2015...
VALID TODAY AS OF 0500 PM LOCAL TIME.

CLIMATE NORMAL PERIOD 1981 TO 2010
CLIMATE RECORD PERIOD 1950 TO 2015


WEATHER ITEM   OBSERVED TIME   RECORD YEAR NORMAL DEPARTURE LAST
                VALUE   (LST)  VALUE       VALUE  FROM      YEAR
                                                  NORMAL
..................................................................
TEMPERATURE (F)
 TODAY
  MAXIMUM        106    342 PM 126    1995 107     -1      108
  MINIMUM         72    450 AM  63    2012  75     -3       82
                                      1986
  AVERAGE         89                        91     -2       95

PRECIPITATION (IN)
  TODAY            0.00          0.91 1968   0.00   0.00     0.00
  MONTH TO DATE    0.84                      0.12   0.72      T
  SINCE OCT 1      1.68                      2.75  -1.07     0.16
  SINCE JAN 1      1.53                      1.94  -0.41     0.08

DEGREE DAYS
 HEATING
  TODAY            0                         0      0        0
  MONTH TO DATE    0                         0      0        0
  SINCE JUN 1      0                         0      0        0
  SINCE JUL 1      0                         0      0        0

 COOLING
  TODAY           24                        26     -2       30
  MONTH TO DATE  714                       711      3      807
  SINCE JUN 1   1387                      1319     68     1491
  SINCE JAN 1   2141                      1992    149     2313
..................................................................


WIND (MPH)
  RESULTANT WIND SPEED   2   RESULTANT WIND DIRECTION   E (100)
  HIGHEST WIND SPEED    14   HIGHEST WIND DIRECTION    SE (140)
  HIGHEST GUST SPEED    19   HIGHEST GUST DIRECTION    SE (150)
  AVERAGE WIND SPEED     8.0


SKY COVER
  POSSIBLE SUNSHINE  MM
  AVERAGE SKY COVER 0.0


WEATHER CONDITIONS
 THE FOLLOWING WEATHER WAS RECORDED TODAY.
  NO SIGNIFICANT WEATHER WAS OBSERVED.


RELATIVE HUMIDITY (PERCENT)
 HIGHEST    57           500 AM
 LOWEST      9           200 PM
 AVERAGE    33

..........................................................


THE THERMAL AIRPORT CA CLIMATE NORMALS FOR TOMORROW
                         NORMAL    RECORD    YEAR
 MAXIMUM TEMPERATURE (F)  107       114      1996
 MINIMUM TEMPERATURE (F)   75        66      2004
                                             1983


SUNRISE AND SUNSET
JULY 28 2015..........SUNRISE   554 AM PDT   SUNSET   748 PM PDT
JULY 29 2015..........SUNRISE   555 AM PDT   SUNSET   747 PM PDT


-  INDICATES NEGATIVE NUMBERS.
R  INDICATES RECORD WAS SET OR TIED.
MM INDICATES DATA IS MISSING.
T  INDICATES TRACE AMOUNT.




$$
