000
CDUS46 KSGX 031427
CLITRM


CLIMATE REPORT
NATIONAL WEATHER SERVICE SAN DIEGO, CA
726 AM PDT FRI JUL 3 2015


...................................

...THE THERMAL AIRPORT CA CLIMATE SUMMARY FOR JULY 2 2015...

CLIMATE NORMAL PERIOD 1981 TO 2010
CLIMATE RECORD PERIOD 1950 TO 2015


WEATHER ITEM   OBSERVED TIME   RECORD YEAR NORMAL DEPARTURE LAST
                VALUE   (LST)  VALUE       VALUE  FROM      YEAR
                                                  NORMAL
..................................................................
TEMPERATURE (F)
 YESTERDAY
  MAXIMUM        109    425 PM 119    1985 107      2      106
  MINIMUM         76    413 AM  60    1979  71      5       71
  AVERAGE         93                        89      4       89

PRECIPITATION (IN)
  YESTERDAY        0.00          0.00 2002   0.00   0.00     0.00
                                      2000
  MONTH TO DATE    T                         0.00   0.00     0.00
  SINCE OCT 1      0.84                      2.63  -1.79     0.16
  SINCE JAN 1      0.69                      1.82  -1.13     0.08

SNOWFALL (IN)
  YESTERDAY        0.0
  MONTH TO DATE    0.0
  SINCE JUN 1      0.0
  SINCE JUL 1      0.0
  SNOW DEPTH       0

DEGREE DAYS
 HEATING
  YESTERDAY        0                         0      0        0
  MONTH TO DATE    0                         0      0        0
  SINCE JUN 1      0                         0      0        0
  SINCE JUL 1      0                         0      0        0

 COOLING
  YESTERDAY       28                        24      4       24
  MONTH TO DATE   54                        48      6       49
  SINCE JUN 1    727                       656     71      733
  SINCE JAN 1   1481                      1329    152     1555
..................................................................


WIND (MPH)
  RESULTANT WIND SPEED   4   RESULTANT WIND DIRECTION   N (340)
  HIGHEST WIND SPEED    24   HIGHEST WIND DIRECTION     N (340)
  HIGHEST GUST SPEED    29   HIGHEST GUST DIRECTION    NW (330)
  AVERAGE WIND SPEED     7.6


SKY COVER
  POSSIBLE SUNSHINE  MM
  AVERAGE SKY COVER 0.0


WEATHER CONDITIONS
 THE FOLLOWING WEATHER WAS RECORDED YESTERDAY.
  NO SIGNIFICANT WEATHER WAS OBSERVED.


RELATIVE HUMIDITY (PERCENT)
 HIGHEST    71           300 AM
 LOWEST     19           600 PM
 AVERAGE    45

..........................................................


THE THERMAL AIRPORT CA CLIMATE NORMALS FOR TODAY
                         NORMAL    RECORD    YEAR
 MAXIMUM TEMPERATURE (F)  107       117      1957
 MINIMUM TEMPERATURE (F)   72        61      1975


SUNRISE AND SUNSET
JULY  3 2015..........SUNRISE   539 AM PDT   SUNSET   759 PM PDT
JULY  4 2015..........SUNRISE   539 AM PDT   SUNSET   759 PM PDT


-  INDICATES NEGATIVE NUMBERS.
R  INDICATES RECORD WAS SET OR TIED.
MM INDICATES DATA IS MISSING.
T  INDICATES TRACE AMOUNT.




$$
