000
CDUS46 KSGX 291417
CLITRM


CLIMATE REPORT
NATIONAL WEATHER SERVICE SAN DIEGO, CA
716 AM PDT FRI MAY 29 2015


...................................

...THE THERMAL AIRPORT CA CLIMATE SUMMARY FOR MAY 28 2015...

CLIMATE NORMAL PERIOD 1981 TO 2010
CLIMATE RECORD PERIOD 1950 TO 2015


WEATHER ITEM   OBSERVED TIME   RECORD YEAR NORMAL DEPARTURE LAST
                VALUE   (LST)  VALUE       VALUE  FROM      YEAR
                                                  NORMAL
..................................................................
TEMPERATURE (F)
 YESTERDAY
  MAXIMUM         99    355 PM 116    1983  98      1      102
  MINIMUM         61    507 AM  53    1994  64     -3       74
  AVERAGE         80                        81     -1       88

PRECIPITATION (IN)
  YESTERDAY        0.00          0.16 1971   0.00   0.00     0.00
  MONTH TO DATE    0.07                      0.03   0.04      T
  SINCE OCT 1      0.84                      2.61  -1.77     0.16
  SINCE JAN 1      0.69                      1.80  -1.11     0.08

SNOWFALL (IN)
  YESTERDAY        0.0
  MONTH TO DATE    0.0
  SINCE MAR 1      0.0
  SINCE JUL 1      0.0
  SNOW DEPTH       0

DEGREE DAYS
 HEATING
  YESTERDAY        0                         0      0        0
  MONTH TO DATE   15                         0     15        0
  SINCE MAR 1     59                       115    -56       32
  SINCE JUL 1    764                      1180   -416      821

 COOLING
  YESTERDAY       15                        16     -1       23
  MONTH TO DATE  287                       367    -80      394
  SINCE MAR 1    682                       611     71      746
  SINCE JAN 1    704                       623     81      756
..................................................................


WIND (MPH)
  RESULTANT WIND SPEED   2   RESULTANT WIND DIRECTION  SE (120)
  HIGHEST WIND SPEED    15   HIGHEST WIND DIRECTION    SE (120)
  HIGHEST GUST SPEED    18   HIGHEST GUST DIRECTION    SE (120)
  AVERAGE WIND SPEED     5.2


SKY COVER
  POSSIBLE SUNSHINE  MM
  AVERAGE SKY COVER 0.0


WEATHER CONDITIONS
 THE FOLLOWING WEATHER WAS RECORDED YESTERDAY.
  NO SIGNIFICANT WEATHER WAS OBSERVED.


RELATIVE HUMIDITY (PERCENT)
 HIGHEST    65           500 AM
 LOWEST     13           400 PM
 AVERAGE    39

..........................................................


THE THERMAL AIRPORT CA CLIMATE NORMALS FOR TODAY
                         NORMAL    RECORD    YEAR
 MAXIMUM TEMPERATURE (F)   99       114      2000
 MINIMUM TEMPERATURE (F)   64        50      1971


SUNRISE AND SUNSET
MAY 29 2015...........SUNRISE   536 AM PDT   SUNSET   748 PM PDT
MAY 30 2015...........SUNRISE   536 AM PDT   SUNSET   749 PM PDT


-  INDICATES NEGATIVE NUMBERS.
R  INDICATES RECORD WAS SET OR TIED.
MM INDICATES DATA IS MISSING.
T  INDICATES TRACE AMOUNT.




$$
