000
CDUS46 KPQR 291142
CLITTD


CLIMATE REPORT
NATIONAL WEATHER SERVICE PORTLAND OREGON
341 AM PST THU JAN 29 2015


...................................

...THE TROUTDALE OR CLIMATE SUMMARY FOR JANUARY 28 2015...

CLIMATE NORMAL PERIOD 1981 TO 2010
CLIMATE RECORD PERIOD 1948 TO 2015


WEATHER ITEM   OBSERVED TIME   RECORD YEAR NORMAL DEPARTURE LAST
                VALUE   (LST)  VALUE       VALUE  FROM      YEAR
                                                  NORMAL
..................................................................
TEMPERATURE (F)
 YESTERDAY
  MAXIMUM         55    338 PM  60    1992  47      8       42
  MINIMUM         47   1159 PM   5    1957  35     12       38
  AVERAGE         51                        41     10       40

PRECIPITATION (IN)
  YESTERDAY        0.01                      0.17  -0.16     0.24
  MONTH TO DATE    2.74                      5.68  -2.94     2.40
  SINCE OCT 1     17.70                     24.08  -6.38     9.99
  SINCE JAN 1      2.74                      5.68  -2.94     2.40

DEGREE DAYS
 HEATING
  YESTERDAY       14                        24    -10       25
  MONTH TO DATE  556                       710   -154      648

 COOLING
  YESTERDAY        0                         0      0        0
  MONTH TO DATE    0                         0      0        0
..................................................................


WIND (MPH)
  HIGHEST WIND SPEED    26   HIGHEST WIND DIRECTION     E (100)
  HIGHEST GUST SPEED    36   HIGHEST GUST DIRECTION     E (90)
  AVERAGE WIND SPEED     6.5


SKY COVER
  POSSIBLE SUNSHINE  MM
  AVERAGE SKY COVER 0.7


WEATHER CONDITIONS
 THE FOLLOWING WEATHER WAS RECORDED YESTERDAY.
  LIGHT RAIN
  FOG
  FOG W/VISIBILITY <= 1/4 MILE


RELATIVE HUMIDITY (PERCENT)
 HIGHEST   100           900 AM
 LOWEST     71          1000 PM
 AVERAGE    86

..........................................................


THE TROUTDALE OR CLIMATE NORMALS FOR TODAY
                         NORMAL    RECORD    YEAR
 MAXIMUM TEMPERATURE (F)   47        59      1984
 MINIMUM TEMPERATURE (F)   35         9      1950


SUNRISE AND SUNSET
JANUARY 29 2015.......SUNRISE   734 AM PST   SUNSET   512 PM PST
JANUARY 30 2015.......SUNRISE   733 AM PST   SUNSET   513 PM PST


-  INDICATES NEGATIVE NUMBERS.
R  INDICATES RECORD WAS SET OR TIED.
MM INDICATES DATA IS MISSING.
T  INDICATES TRACE AMOUNT.




$$
