000
CDUS46 KPQR 260221
CLITTD


CLIMATE REPORT
NATIONAL WEATHER SERVICE PORTLAND OREGON
721 PM PDT SUN JUN 25 2017


...................................

...THE TROUTDALE OR CLIMATE SUMMARY FOR JUNE 25 2017...
VALID TODAY AS OF 0700 PM LOCAL TIME.

CLIMATE NORMAL PERIOD 1981 TO 2010
CLIMATE RECORD PERIOD 1948 TO 2017


WEATHER ITEM   OBSERVED TIME   RECORD YEAR NORMAL DEPARTURE LAST
                VALUE   (LST)  VALUE       VALUE  FROM      YEAR
                                                  NORMAL
..................................................................
TEMPERATURE (F)
 TODAY
  MAXIMUM        101R   444 PM 100    1987  76     25       79
  MINIMUM         74    446 AM  42    1966  52     22       49
  AVERAGE         88                        64     24       64

PRECIPITATION (IN)
  TODAY            0.00                      0.05  -0.05     0.00
  MONTH TO DATE    1.72                      2.18  -0.46     2.40
  SINCE OCT 1     48.20                     43.28   4.92    39.29
  SINCE JAN 1     27.11                     24.88   2.23    19.47

DEGREE DAYS
 HEATING
  TODAY            0                         3     -3        1
  MONTH TO DATE   62                       106    -44       73

 COOLING
  TODAY           23                         2     21        0
  MONTH TO DATE   73                        32     41       75
..................................................................


WIND (MPH)
  HIGHEST WIND SPEED    23   HIGHEST WIND DIRECTION     E (90)
  HIGHEST GUST SPEED    31   HIGHEST GUST DIRECTION     E (90)
  AVERAGE WIND SPEED    13.5


SKY COVER
  POSSIBLE SUNSHINE  MM
  AVERAGE SKY COVER 0.0


WEATHER CONDITIONS
 THE FOLLOWING WEATHER WAS RECORDED TODAY.
  NO SIGNIFICANT WEATHER WAS OBSERVED.


RELATIVE HUMIDITY (PERCENT)
 HIGHEST    37           600 PM
 LOWEST     21           100 PM
 AVERAGE    29

..........................................................


THE TROUTDALE OR CLIMATE NORMALS FOR TOMORROW
                         NORMAL    RECORD    YEAR
 MAXIMUM TEMPERATURE (F)   77       102      2006
 MINIMUM TEMPERATURE (F)   52        40      1956


SUNRISE AND SUNSET
JUNE 25 2017..........SUNRISE   522 AM PDT   SUNSET   903 PM PDT
JUNE 26 2017..........SUNRISE   522 AM PDT   SUNSET   903 PM PDT


-  INDICATES NEGATIVE NUMBERS.
R  INDICATES RECORD WAS SET OR TIED.
MM INDICATES DATA IS MISSING.
T  INDICATES TRACE AMOUNT.




$$
