000
CDUS46 KPQR 081144
CLITTD


CLIMATE REPORT
NATIONAL WEATHER SERVICE PORTLAND OREGON
342 AM PST MON FEB 8 2016


...................................

...THE TROUTDALE OR CLIMATE SUMMARY FOR FEBRUARY 7 2016...

CLIMATE NORMAL PERIOD 1981 TO 2010
CLIMATE RECORD PERIOD 1948 TO 2016


WEATHER ITEM   OBSERVED TIME   RECORD YEAR NORMAL DEPARTURE LAST
                VALUE   (LST)  VALUE       VALUE  FROM      YEAR
                                                  NORMAL
..................................................................
TEMPERATURE (F)
 YESTERDAY
  MAXIMUM         58    312 PM  62    1996  49      9       59
  MINIMUM         45    602 AM  19    2014  35     10       51
  AVERAGE         52                        42     10       55

PRECIPITATION (IN)
  YESTERDAY        0.00                      0.20  -0.20     0.58
  MONTH TO DATE    0.47                      1.34  -0.87     1.87
  SINCE OCT 1     24.79                     25.92  -1.13    19.57
  SINCE JAN 1      4.97                      7.52  -2.55     4.61

DEGREE DAYS
 HEATING
  YESTERDAY       13                        23    -10       10
  MONTH TO DATE  127                       163    -36      107

 COOLING
  YESTERDAY        0                         0      0        0
  MONTH TO DATE    0                         0      0        0
..................................................................


WIND (MPH)
  HIGHEST WIND SPEED    29   HIGHEST WIND DIRECTION     E (90)
  HIGHEST GUST SPEED    37   HIGHEST GUST DIRECTION     E (90)
  AVERAGE WIND SPEED    17.4


SKY COVER
  POSSIBLE SUNSHINE  MM
  AVERAGE SKY COVER 0.4


WEATHER CONDITIONS
 THE FOLLOWING WEATHER WAS RECORDED YESTERDAY.
  NO SIGNIFICANT WEATHER WAS OBSERVED.


RELATIVE HUMIDITY (PERCENT)
 HIGHEST    76           400 AM
 LOWEST     47           200 PM
 AVERAGE    62

..........................................................


THE TROUTDALE OR CLIMATE NORMALS FOR TODAY
                         NORMAL    RECORD    YEAR
 MAXIMUM TEMPERATURE (F)   49        65      1996
 MINIMUM TEMPERATURE (F)   35        21      1989


SUNRISE AND SUNSET
FEBRUARY  8 2016......SUNRISE   722 AM PST   SUNSET   526 PM PST
FEBRUARY  9 2016......SUNRISE   721 AM PST   SUNSET   527 PM PST


-  INDICATES NEGATIVE NUMBERS.
R  INDICATES RECORD WAS SET OR TIED.
MM INDICATES DATA IS MISSING.
T  INDICATES TRACE AMOUNT.




$$
