564
CDUS46 KPQR 271143
CLITTD


CLIMATE REPORT
NATIONAL WEATHER SERVICE PORTLAND OREGON
442 AM PDT THU APR 27 2017


...................................

...THE TROUTDALE OR CLIMATE SUMMARY FOR APRIL 26 2017...

CLIMATE NORMAL PERIOD 1981 TO 2010
CLIMATE RECORD PERIOD 1948 TO 2017


WEATHER ITEM   OBSERVED TIME   RECORD YEAR NORMAL DEPARTURE LAST
                VALUE   (LST)  VALUE       VALUE  FROM      YEAR
                                                  NORMAL
..................................................................
TEMPERATURE (F)
 YESTERDAY
  MAXIMUM         59    422 PM  89    1987  64     -5       61
  MINIMUM         45   1159 PM  32    1948  42      3       38
  AVERAGE         52                        53     -1       50

PRECIPITATION (IN)
  YESTERDAY        0.46                      0.12   0.34     0.00
  MONTH TO DATE    4.85                      3.39   1.46     2.42
  SINCE OCT 1     43.70                     37.70   6.00    34.95
  SINCE JAN 1     22.61                     19.30   3.31    15.13

DEGREE DAYS
 HEATING
  YESTERDAY       13                        12      1       15
  MONTH TO DATE  335                       360    -25      199

 COOLING
  YESTERDAY        0                         0      0        0
  MONTH TO DATE    0                         0      0       29
..................................................................


WIND (MPH)
  HIGHEST WIND SPEED    16   HIGHEST WIND DIRECTION     W (260)
  HIGHEST GUST SPEED    21   HIGHEST GUST DIRECTION     W (250)
  AVERAGE WIND SPEED     7.1


SKY COVER
  POSSIBLE SUNSHINE  MM
  AVERAGE SKY COVER 0.9


WEATHER CONDITIONS
 THE FOLLOWING WEATHER WAS RECORDED YESTERDAY.
  LIGHT RAIN
  FOG


RELATIVE HUMIDITY (PERCENT)
 HIGHEST    93           700 AM
 LOWEST     55           500 PM
 AVERAGE    74

..........................................................


THE TROUTDALE OR CLIMATE NORMALS FOR TODAY
                         NORMAL    RECORD    YEAR
 MAXIMUM TEMPERATURE (F)   64        84      1987
 MINIMUM TEMPERATURE (F)   42        31      1948


SUNRISE AND SUNSET
APRIL 27 2017.........SUNRISE   603 AM PDT   SUNSET   812 PM PDT
APRIL 28 2017.........SUNRISE   602 AM PDT   SUNSET   813 PM PDT


-  INDICATES NEGATIVE NUMBERS.
R  INDICATES RECORD WAS SET OR TIED.
MM INDICATES DATA IS MISSING.
T  INDICATES TRACE AMOUNT.




$$
