000
CDUS46 KPQR 221149
CLITTD


CLIMATE REPORT
NATIONAL WEATHER SERVICE PORTLAND OREGON
449 AM PDT SUN OCT 22 2017


...................................

...THE TROUTDALE OR CLIMATE SUMMARY FOR OCTOBER 21 2017...

CLIMATE NORMAL PERIOD 1981 TO 2010
CLIMATE RECORD PERIOD 1948 TO 2017


WEATHER ITEM   OBSERVED TIME   RECORD YEAR NORMAL DEPARTURE LAST
                VALUE   (LST)  VALUE       VALUE  FROM      YEAR
                                                  NORMAL
..................................................................
TEMPERATURE (F)
 YESTERDAY
  MAXIMUM         63   1050 PM  78    2003  62      1       63
  MINIMUM         47   1207 AM  28    1949  43      4       51
  AVERAGE         55                        52      3       57

PRECIPITATION (IN)
  YESTERDAY        1.78                      0.14   1.64     0.77
  MONTH TO DATE    4.70                      2.21   2.49     9.48
  SINCE OCT 1      4.70                      2.21   2.49     9.48
  SINCE JAN 1     35.08                     30.78   4.30    31.99

DEGREE DAYS
 HEATING
  YESTERDAY       10                        13     -3        8
  MONTH TO DATE  229                       206     23      174

 COOLING
  YESTERDAY        0                         0      0        0
  MONTH TO DATE    0                         0      0        0
..................................................................


WIND (MPH)
  HIGHEST WIND SPEED    28   HIGHEST WIND DIRECTION    SW (210)
  HIGHEST GUST SPEED    38   HIGHEST GUST DIRECTION    SW (210)
  AVERAGE WIND SPEED    12.9


SKY COVER
  POSSIBLE SUNSHINE  MM
  AVERAGE SKY COVER 1.0


WEATHER CONDITIONS
 THE FOLLOWING WEATHER WAS RECORDED YESTERDAY.
  RAIN
  LIGHT RAIN
  FOG


RELATIVE HUMIDITY (PERCENT)
 HIGHEST    96           400 PM
 LOWEST     84           500 PM
 AVERAGE    90

..........................................................


THE TROUTDALE OR CLIMATE NORMALS FOR TODAY
                         NORMAL    RECORD    YEAR
 MAXIMUM TEMPERATURE (F)   61        76      2003
 MINIMUM TEMPERATURE (F)   43        31      1980


SUNRISE AND SUNSET
OCTOBER 22 2017.......SUNRISE   736 AM PDT   SUNSET   611 PM PDT
OCTOBER 23 2017.......SUNRISE   737 AM PDT   SUNSET   610 PM PDT


-  INDICATES NEGATIVE NUMBERS.
R  INDICATES RECORD WAS SET OR TIED.
MM INDICATES DATA IS MISSING.
T  INDICATES TRACE AMOUNT.




$$
