000
CDUS46 KPQR 251142
CLITTD


CLIMATE REPORT
NATIONAL WEATHER SERVICE PORTLAND OREGON
442 AM PDT WED MAY 25 2016


...................................

...THE TROUTDALE OR CLIMATE SUMMARY FOR MAY 24 2016...

CLIMATE NORMAL PERIOD 1981 TO 2010
CLIMATE RECORD PERIOD 1948 TO 2016


WEATHER ITEM   OBSERVED TIME   RECORD YEAR NORMAL DEPARTURE LAST
                VALUE   (LST)  VALUE       VALUE  FROM      YEAR
                                                  NORMAL
..................................................................
TEMPERATURE (F)
 YESTERDAY
  MAXIMUM         73    353 PM  94    1999  70      3       67
  MINIMUM         54    104 AM  35    1964  48      6       55
  AVERAGE         64                        59      5       61

PRECIPITATION (IN)
  YESTERDAY        0.00                      0.10  -0.10     0.00
  MONTH TO DATE    1.72                      2.26  -0.54     0.82
  SINCE OCT 1     36.74                     40.42  -3.68    28.34
  SINCE JAN 1     16.92                     22.02  -5.10    13.38

DEGREE DAYS
 HEATING
  YESTERDAY        1                         7     -6        4
  MONTH TO DATE   90                       211   -121      143

 COOLING
  YESTERDAY        0                         1     -1        0
  MONTH TO DATE   23                         7     16        2
..................................................................


WIND (MPH)
  HIGHEST WIND SPEED    12   HIGHEST WIND DIRECTION    NW (310)
  HIGHEST GUST SPEED    20   HIGHEST GUST DIRECTION     W (290)
  AVERAGE WIND SPEED     3.9


SKY COVER
  POSSIBLE SUNSHINE  MM
  AVERAGE SKY COVER 0.7


WEATHER CONDITIONS
 THE FOLLOWING WEATHER WAS RECORDED YESTERDAY.
  NO SIGNIFICANT WEATHER WAS OBSERVED.


RELATIVE HUMIDITY (PERCENT)
 HIGHEST    83          1200 AM
 LOWEST     38           400 PM
 AVERAGE    61

..........................................................


THE TROUTDALE OR CLIMATE NORMALS FOR TODAY
                         NORMAL    RECORD    YEAR
 MAXIMUM TEMPERATURE (F)   70        87      1979
 MINIMUM TEMPERATURE (F)   48        38      1975


SUNRISE AND SUNSET
MAY 25 2016...........SUNRISE   529 AM PDT   SUNSET   845 PM PDT
MAY 26 2016...........SUNRISE   528 AM PDT   SUNSET   846 PM PDT


-  INDICATES NEGATIVE NUMBERS.
R  INDICATES RECORD WAS SET OR TIED.
MM INDICATES DATA IS MISSING.
T  INDICATES TRACE AMOUNT.




$$
