983
CDUS41 KPHI 130634
CLITTN


CLIMATE REPORT
NATIONAL WEATHER SERVICE MOUNT HOLLY NJ
128 AM EST SAT FEB 13 2016


...................................

...THE TRENTON NJ CLIMATE SUMMARY FOR FEBRUARY 12 2016...

CLIMATE NORMAL PERIOD 1981 TO 2010
CLIMATE RECORD PERIOD 1865 TO 2016


WEATHER ITEM   OBSERVED TIME   RECORD YEAR NORMAL DEPARTURE LAST
                VALUE   (LST)  VALUE       VALUE  FROM      YEAR
                                                  NORMAL
..................................................................
TEMPERATURE (F)
 YESTERDAY
  MAXIMUM         25    254 PM  68    1999  41    -16       40
  MINIMUM         12    722 AM  -2    1907  25    -13       18
  AVERAGE         19                        33    -14       29

PRECIPITATION (IN)
  YESTERDAY        T             1.70 1988   0.09  -0.09      T
  MONTH TO DATE    1.05                      0.91   0.14     1.22
  SINCE DEC 1      8.75                      7.77   0.98     9.70
  SINCE JAN 1      4.34                      4.07   0.27     5.56

SNOWFALL (IN)
  YESTERDAY       MM            MM      MM  MM     MM       MM
  MONTH TO DATE   MM                        MM     MM       MM
  SINCE DEC 1     MM                        MM     MM       MM
  SINCE JUL 1     MM                        MM     MM       MM
  SNOW DEPTH      MM

DEGREE DAYS
 HEATING
  YESTERDAY       46                        32     14       36
  MONTH TO DATE  355                       390    -35      440
  SINCE DEC 1   1878                      2360   -482     2375
  SINCE JUL 1   2624                      3336   -712     3345

 COOLING
  YESTERDAY        0                         0      0        0
  MONTH TO DATE    0                         0      0        0
  SINCE DEC 1      2                         0      2        0
  SINCE JAN 1      0                         0      0        0
..................................................................


WIND (MPH)
  HIGHEST WIND SPEED    15   HIGHEST WIND DIRECTION    SW (220)
  HIGHEST GUST SPEED    19   HIGHEST GUST DIRECTION    SW (220)
  AVERAGE WIND SPEED     6.4


SKY COVER
  POSSIBLE SUNSHINE  MM
  AVERAGE SKY COVER 0.4


WEATHER CONDITIONS
 THE FOLLOWING WEATHER WAS RECORDED YESTERDAY.
  LIGHT SNOW


RELATIVE HUMIDITY (PERCENT)
 HIGHEST    73           900 PM
 LOWEST     36           400 PM
 AVERAGE    55

..........................................................


THE TRENTON NJ CLIMATE NORMALS FOR TODAY
                         NORMAL    RECORD    YEAR
 MAXIMUM TEMPERATURE (F)   42        65      1880
 MINIMUM TEMPERATURE (F)   26        -1      1914


SUNRISE AND SUNSET
FEBRUARY 13 2016......SUNRISE   656 AM EST   SUNSET   532 PM EST
FEBRUARY 14 2016......SUNRISE   654 AM EST   SUNSET   533 PM EST


-  INDICATES NEGATIVE NUMBERS.
R  INDICATES RECORD WAS SET OR TIED.
MM INDICATES DATA IS MISSING.
T  INDICATES TRACE AMOUNT.




$$
