000
CDUS41 KPHI 272128
CLITTN


CLIMATE REPORT
NATIONAL WEATHER SERVICE MOUNT HOLLY NJ
528 PM EDT THU AUG 27 2015


...................................

...THE TRENTON NJ CLIMATE SUMMARY FOR AUGUST 27 2015...
VALID TODAY AS OF 0500 PM LOCAL TIME.

CLIMATE NORMAL PERIOD 1981 TO 2010
CLIMATE RECORD PERIOD 1865 TO 2015


WEATHER ITEM   OBSERVED TIME   RECORD YEAR NORMAL DEPARTURE LAST
                VALUE   (LST)  VALUE       VALUE  FROM      YEAR
                                                  NORMAL
..................................................................
TEMPERATURE (F)
 TODAY
  MAXIMUM         80    315 PM  98    1948  82     -2       89
  MINIMUM         59    542 AM  51    1910  63     -4       62
                                      1904
  AVERAGE         70                        72     -2       76

PRECIPITATION (IN)
  TODAY            0.00          4.79 1971   0.10  -0.10     0.00
  MONTH TO DATE    2.62                      3.66  -1.04     3.40
  SINCE JUN 1     12.06                     13.02  -0.96    11.07
  SINCE JAN 1     26.12                     30.54  -4.42    31.40

SNOWFALL (IN)
  TODAY           MM            MM      MM  MM     MM       MM
  MONTH TO DATE   MM                        MM     MM       MM
  SINCE JUN 1     MM                        MM     MM       MM
  SINCE JUL 1     MM                        MM     MM       MM
  SNOW DEPTH      MM

DEGREE DAYS
 HEATING
  TODAY            0                         0      0        0
  MONTH TO DATE    0                         0      0        0
  SINCE JUN 1     25                        24      1        3
  SINCE JUL 1      0                         0      0        0

 COOLING
  TODAY            5                         8     -3       11
  MONTH TO DATE  294                       251     43      194
  SINCE JUN 1    882                       771    111      714
  SINCE JAN 1   1021                       828    193      758
..................................................................


WIND (MPH)
  HIGHEST WIND SPEED    13   HIGHEST WIND DIRECTION     N (350)
  HIGHEST GUST SPEED    18   HIGHEST GUST DIRECTION     N (350)
  AVERAGE WIND SPEED     6.8


SKY COVER
  POSSIBLE SUNSHINE  MM
  AVERAGE SKY COVER 0.3


WEATHER CONDITIONS
 THE FOLLOWING WEATHER WAS RECORDED TODAY.
  NO SIGNIFICANT WEATHER WAS OBSERVED.


RELATIVE HUMIDITY (PERCENT)
 HIGHEST    84           400 AM
 LOWEST     42           300 PM
 AVERAGE    63

..........................................................


THE TRENTON NJ CLIMATE NORMALS FOR TOMORROW
                         NORMAL    RECORD    YEAR
 MAXIMUM TEMPERATURE (F)   82        98      1973
                                             1948
 MINIMUM TEMPERATURE (F)   62        46      1986


SUNRISE AND SUNSET
AUGUST 27 2015........SUNRISE   622 AM EDT   SUNSET   739 PM EDT
AUGUST 28 2015........SUNRISE   623 AM EDT   SUNSET   738 PM EDT


-  INDICATES NEGATIVE NUMBERS.
R  INDICATES RECORD WAS SET OR TIED.
MM INDICATES DATA IS MISSING.
T  INDICATES TRACE AMOUNT.




$$
