000
CDUS41 KPHI 260545
CLITTN


CLIMATE REPORT
NATIONAL WEATHER SERVICE MOUNT HOLLY NJ
145 AM EDT WED JUL 26 2017


...................................

...THE TRENTON NJ CLIMATE SUMMARY FOR JULY 25 2017...

CLIMATE NORMAL PERIOD 1981 TO 2010
CLIMATE RECORD PERIOD 1865 TO 2017


WEATHER ITEM   OBSERVED TIME   RECORD YEAR NORMAL DEPARTURE LAST
                VALUE   (LST)  VALUE       VALUE  FROM      YEAR
                                                  NORMAL
..................................................................
TEMPERATURE (F)
 YESTERDAY
  MAXIMUM         77   1257 PM  97    1999  86     -9       94
  MINIMUM         64    657 AM  55    1912  66     -2       73
  AVERAGE         71                        76     -5       84

PRECIPITATION (IN)
  YESTERDAY        0.03          1.87 2016   0.16  -0.13     1.87
  MONTH TO DATE    5.48                      4.02   1.46     5.88
  SINCE JUN 1     10.17                      8.43   1.74     7.99
  SINCE JAN 1     27.93                     25.95   1.98    22.03

DEGREE DAYS
 HEATING
  YESTERDAY        0                         0      0        0
  MONTH TO DATE    0                         0      0        0
  SINCE JUN 1     25                        24      1        8
  SINCE JUL 1      0                         0      0        0

 COOLING
  YESTERDAY        6                        11     -5       19
  MONTH TO DATE  317                       266     51      334
  SINCE JUN 1    546                       456     90      557
  SINCE JAN 1    629                       513    116      649
..................................................................


WIND (MPH)
  HIGHEST WIND SPEED    14   HIGHEST WIND DIRECTION    NE (50)
  HIGHEST GUST SPEED    17   HIGHEST GUST DIRECTION    NE (50)
  AVERAGE WIND SPEED     4.4


SKY COVER
  POSSIBLE SUNSHINE  MM
  AVERAGE SKY COVER 1.0


WEATHER CONDITIONS
 THE FOLLOWING WEATHER WAS RECORDED YESTERDAY.
  RAIN
  LIGHT RAIN
  FOG


RELATIVE HUMIDITY (PERCENT)
 HIGHEST    93          1200 AM
 LOWEST     64           300 PM
 AVERAGE    79

..........................................................


THE TRENTON NJ CLIMATE NORMALS FOR TODAY
                         NORMAL    RECORD    YEAR
 MAXIMUM TEMPERATURE (F)   85        99      1892
 MINIMUM TEMPERATURE (F)   66        53      1920


SUNRISE AND SUNSET
JULY 26 2017..........SUNRISE   552 AM EDT   SUNSET   819 PM EDT
JULY 27 2017..........SUNRISE   553 AM EDT   SUNSET   818 PM EDT


-  INDICATES NEGATIVE NUMBERS.
R  INDICATES RECORD WAS SET OR TIED.
MM INDICATES DATA IS MISSING.
T  INDICATES TRACE AMOUNT.




$$
