000
CDUS41 KPHI 010631
CLITTN


CLIMATE REPORT
NATIONAL WEATHER SERVICE MOUNT HOLLY NJ
128 AM EST SUN MAR 1 2015


...................................

...THE TRENTON NJ CLIMATE SUMMARY FOR FEBRUARY 28 2015...

CLIMATE NORMAL PERIOD 1981 TO 2010
CLIMATE RECORD PERIOD 1865 TO 2015


WEATHER ITEM   OBSERVED TIME   RECORD YEAR NORMAL DEPARTURE LAST
                VALUE   (LST)  VALUE       VALUE  FROM      YEAR
                                                  NORMAL
..................................................................
TEMPERATURE (F)
 YESTERDAY
  MAXIMUM         28    504 PM  69    1903  46    -18       22
  MINIMUM         11    709 AM   1    1934  28    -17        8
  AVERAGE         20                        37    -17       15

PRECIPITATION (IN)
  YESTERDAY        0.00          1.70 1902   0.10  -0.10     0.00
  MONTH TO DATE    2.25                      2.31  -0.06     4.39
  SINCE DEC 1     10.73                      9.17   1.56    12.10
  SINCE JAN 1      6.59                      5.47   1.12     7.66

SNOWFALL (IN)
  YESTERDAY       MM            MM      MM  MM     MM       MM
  MONTH TO DATE   MM                        MM     MM       MM
  SINCE DEC 1     MM                        MM     MM       MM
  SINCE JUL 1     MM                        MM     MM       MM
  SNOW DEPTH      MM

DEGREE DAYS
 HEATING
  YESTERDAY       45                        28     17       50
  MONTH TO DATE 1178                       867    311     1001
  SINCE DEC 1   3113                      2838    275     3099
  SINCE JUL 1   4083                      3814    269     4086

 COOLING
  YESTERDAY        0                         0      0        0
  MONTH TO DATE    0                         0      0        0
  SINCE DEC 1      0                         0      0        0
  SINCE JAN 1      0                         0      0        0
..................................................................


WIND (MPH)
  HIGHEST WIND SPEED    12   HIGHEST WIND DIRECTION     W (280)
  HIGHEST GUST SPEED    15   HIGHEST GUST DIRECTION     N (360)
  AVERAGE WIND SPEED     4.8


SKY COVER
  POSSIBLE SUNSHINE  MM
  AVERAGE SKY COVER 0.0


WEATHER CONDITIONS
 THE FOLLOWING WEATHER WAS RECORDED YESTERDAY.
  NO SIGNIFICANT WEATHER WAS OBSERVED.


RELATIVE HUMIDITY (PERCENT)
 HIGHEST    53           100 AM
 LOWEST     25           600 PM
 AVERAGE    39

..........................................................


THE TRENTON NJ CLIMATE NORMALS FOR TODAY
                         NORMAL    RECORD    YEAR
 MAXIMUM TEMPERATURE (F)   46        74      1972
 MINIMUM TEMPERATURE (F)   28         8      1980


SUNRISE AND SUNSET
MARCH  1 2015.........SUNRISE   633 AM EST   SUNSET   551 PM EST
MARCH  2 2015.........SUNRISE   632 AM EST   SUNSET   552 PM EST


-  INDICATES NEGATIVE NUMBERS.
R  INDICATES RECORD WAS SET OR TIED.
MM INDICATES DATA IS MISSING.
T  INDICATES TRACE AMOUNT.




$$
