873
CDUS41 KPHI 242129
CLITTN


CLIMATE REPORT
NATIONAL WEATHER SERVICE MOUNT HOLLY NJ
529 PM EDT TUE MAY 24 2016


...................................

...THE TRENTON NJ CLIMATE SUMMARY FOR MAY 24 2016...
VALID TODAY AS OF 0500 PM LOCAL TIME.

CLIMATE NORMAL PERIOD 1981 TO 2010
CLIMATE RECORD PERIOD 1865 TO 2016


WEATHER ITEM   OBSERVED TIME   RECORD YEAR NORMAL DEPARTURE LAST
                VALUE   (LST)  VALUE       VALUE  FROM      YEAR
                                                  NORMAL
..................................................................
TEMPERATURE (F)
 TODAY
  MAXIMUM         80    359 PM  94    1910  74      6       81
  MINIMUM         56    530 AM  38    1963  53      3       45
  AVERAGE         68                        64      4       63

PRECIPITATION (IN)
  TODAY            0.02          2.57 1999   0.18  -0.16     0.00
  MONTH TO DATE    2.87                      3.09  -0.22     0.54
  SINCE MAR 1      6.16                     10.77  -4.61     7.38
  SINCE JAN 1     13.36                     16.24  -2.88    13.97

SNOWFALL (IN)
  TODAY           MM            MM      MM  MM     MM       MM
  MONTH TO DATE   MM                        MM     MM       MM
  SINCE MAR 1     MM                        MM     MM       MM
  SINCE JUL 1     MM                        MM     MM       MM
  SNOW DEPTH      MM

DEGREE DAYS
 HEATING
  TODAY            0                         4     -4        2
  MONTH TO DATE  187                       148     39       67
  SINCE MAR 1   1111                      1302   -191     1290
  SINCE JUL 1   4205                      5116   -911     5373

 COOLING
  TODAY            3                         2      1        0
  MONTH TO DATE    3                        31    -28       59
  SINCE MAR 1     15                        39    -24       59
  SINCE JAN 1     15                        39    -24       59
..................................................................


WIND (MPH)
  HIGHEST WIND SPEED    13   HIGHEST WIND DIRECTION    SW (220)
  HIGHEST GUST SPEED    18   HIGHEST GUST DIRECTION    SW (220)
  AVERAGE WIND SPEED     5.3


SKY COVER
  POSSIBLE SUNSHINE  MM
  AVERAGE SKY COVER 0.7


WEATHER CONDITIONS
 THE FOLLOWING WEATHER WAS RECORDED TODAY.
  LIGHT RAIN
  FOG


RELATIVE HUMIDITY (PERCENT)
 HIGHEST    93           500 AM
 LOWEST     36           300 PM
 AVERAGE    65

..........................................................


THE TRENTON NJ CLIMATE NORMALS FOR TOMORROW
                         NORMAL    RECORD    YEAR
 MAXIMUM TEMPERATURE (F)   75        93      1880
 MINIMUM TEMPERATURE (F)   53        40      1956


SUNRISE AND SUNSET
MAY 24 2016...........SUNRISE   536 AM EDT   SUNSET   817 PM EDT
MAY 25 2016...........SUNRISE   535 AM EDT   SUNSET   818 PM EDT


-  INDICATES NEGATIVE NUMBERS.
R  INDICATES RECORD WAS SET OR TIED.
MM INDICATES DATA IS MISSING.
T  INDICATES TRACE AMOUNT.




$$
