000
CDUS41 KPHI 202130
CLITTN


CLIMATE REPORT
NATIONAL WEATHER SERVICE MOUNT HOLLY NJ
428 PM EST MON NOV 20 2017


...................................

...THE TRENTON NJ CLIMATE SUMMARY FOR NOVEMBER 20 2017...
VALID TODAY AS OF 0400 PM LOCAL TIME.

CLIMATE NORMAL PERIOD 1981 TO 2010
CLIMATE RECORD PERIOD 1865 TO 2017


WEATHER ITEM   OBSERVED TIME   RECORD YEAR NORMAL DEPARTURE LAST
                VALUE   (LST)  VALUE       VALUE  FROM      YEAR
                                                  NORMAL
..................................................................
TEMPERATURE (F)
 TODAY
  MAXIMUM         47    305 PM  76    1985  53     -6       43
  MINIMUM         36    658 AM  17    1984  36      0       34
  AVERAGE         42                        44     -2       39

PRECIPITATION (IN)
  TODAY            0.00          1.90 1988   0.10  -0.10     0.07
  MONTH TO DATE    1.46                      2.10  -0.64     0.66
  SINCE SEP 1      8.54                     10.55  -2.01     5.13
  SINCE JAN 1     39.71                     41.53  -1.82    29.93

DEGREE DAYS
 HEATING
  TODAY           23                        21      2       26
  MONTH TO DATE  377                       354     23      310
  SINCE SEP 1    570                       748   -178      604
  SINCE JUL 1    571                       751   -180      604

 COOLING
  TODAY            0                         0      0        0
  MONTH TO DATE    2                         0      2        0
  SINCE SEP 1    231                       109    122      230
  SINCE JAN 1   1151                       965    186     1381
..................................................................


WIND (MPH)
  HIGHEST WIND SPEED    22   HIGHEST WIND DIRECTION     W (260)
  HIGHEST GUST SPEED    32   HIGHEST GUST DIRECTION     W (280)
  AVERAGE WIND SPEED    10.4


SKY COVER
  POSSIBLE SUNSHINE  MM
  AVERAGE SKY COVER 0.0


WEATHER CONDITIONS
 THE FOLLOWING WEATHER WAS RECORDED TODAY.
  NO SIGNIFICANT WEATHER WAS OBSERVED.


RELATIVE HUMIDITY (PERCENT)
 HIGHEST    64           500 AM
 LOWEST     38           100 PM
 AVERAGE    51

..........................................................


THE TRENTON NJ CLIMATE NORMALS FOR TOMORROW
                         NORMAL    RECORD    YEAR
 MAXIMUM TEMPERATURE (F)   52        75      1931
 MINIMUM TEMPERATURE (F)   36        14      1987


SUNRISE AND SUNSET
NOVEMBER 20 2017......SUNRISE   651 AM EST   SUNSET   439 PM EST
NOVEMBER 21 2017......SUNRISE   652 AM EST   SUNSET   438 PM EST


-  INDICATES NEGATIVE NUMBERS.
R  INDICATES RECORD WAS SET OR TIED.
MM INDICATES DATA IS MISSING.
T  INDICATES TRACE AMOUNT.




$$
