000
CDUS44 KTSA 020650
CLITUL

CLIMATE REPORT
NATIONAL WEATHER SERVICE TULSA OK
147 AM CDT THU JUL 2 2015


...................................

...THE TULSA OKLAHOMA CLIMATE SUMMARY FOR JULY 1 2015...

CLIMATE NORMAL PERIOD 1981 TO 2010
CLIMATE RECORD PERIOD 1882 TO 2015


WEATHER ITEM   OBSERVED TIME   RECORD YEAR NORMAL DEPARTURE LAST
                VALUE   (LST)  VALUE       VALUE  FROM      YEAR
                                                  NORMAL
..................................................................
TEMPERATURE (F)
 YESTERDAY
  MAXIMUM         96    338 PM 106    1917  91      5       90
  MINIMUM         79    555 AM  57    1995  71      8       72
                                      1924
                                      1918
  AVERAGE         88                        81      7       81

PRECIPITATION (IN)
  YESTERDAY        0.00          1.95 1922   0.12  -0.12     0.00
  MONTH TO DATE    0.00                      0.12  -0.12     0.00
  SINCE JUN 1      4.77                      4.84  -0.07     4.67
  SINCE JAN 1     29.67                     21.34   8.33    13.12

DEGREE DAYS
 COOLING
  YESTERDAY       23                        16      7       16
  MONTH TO DATE   23                        16      7       16
  SINCE JUN 1    505                       395    110      419
  SINCE JAN 1    710                       629     81      690
..................................................................


WIND (MPH)
  HIGHEST WIND SPEED    24   HIGHEST WIND DIRECTION     S (200)
  HIGHEST GUST SPEED    32   HIGHEST GUST DIRECTION    SW (210)
  AVERAGE WIND SPEED    14.0


SKY COVER
  POSSIBLE SUNSHINE  MM
  AVERAGE SKY COVER 0.8


WEATHER CONDITIONS
 THE FOLLOWING WEATHER WAS RECORDED YESTERDAY.
  NO SIGNIFICANT WEATHER WAS OBSERVED.


RELATIVE HUMIDITY (PERCENT)
 HIGHEST    79           600 AM
 LOWEST     45           300 PM
 AVERAGE    62

..........................................................


THE TULSA OKLAHOMA CLIMATE NORMALS FOR TODAY
                         NORMAL    RECORD    YEAR
 MAXIMUM TEMPERATURE (F)   92       105      1933
 MINIMUM TEMPERATURE (F)   72        54      1924


SUNRISE AND SUNSET
JULY  2 2015..........SUNRISE   610 AM CDT   SUNSET   845 PM CDT
JULY  3 2015..........SUNRISE   611 AM CDT   SUNSET   845 PM CDT


-  INDICATES NEGATIVE NUMBERS.
R  INDICATES RECORD WAS SET OR TIED.
MM INDICATES DATA IS MISSING.
T  INDICATES TRACE AMOUNT.




$$

&&
...........................................................

THE TULSA PRECIPITATION NORMALS FOR TODAY
                       NORMAL    RECORD      YEAR
  TODAY                 0.13      2.51       1929
  MONTH TO DATE         0.25
  YEAR TO DATE         21.47
...........................................................
ALL DATA MEASURED AT THE TULSA INTERNATIONAL AIRPORT...
EXCEPT SNOWFALL...WHICH IS MEASURED AT THE NWS OFFICE.
