000
CDUS44 KTSA 280659
CLITUL

CDUS44 KTSA 272132
CLITUL

CLIMATE REPORT
NATIONAL WEATHER SERVICE TULSA OK
158 AM CDT TUE MAR 28 2017


...................................

...THE TULSA OKLAHOMA CLIMATE SUMMARY FOR MARCH 27 2017...

CLIMATE NORMAL PERIOD 1981 TO 2010
CLIMATE RECORD PERIOD 1882 TO 2017

WEATHER ITEM   OBSERVED TIME   RECORD YEAR NORMAL DEPARTURE LAST
                VALUE   (LST)  VALUE       VALUE  FROM      YEAR
                                                  NORMAL
..................................................................
TEMPERATURE (F)
 TODAY
  MAXIMUM         66    327 PM  88    1956  66      0       60
                                      1910
  MINIMUM         50   1159 PM  13    1913  43      7       40
  AVERAGE         58                        55      3       50

PRECIPITATION (IN)
  TODAY            0.00          1.86 1975   0.11  -0.11     0.06
  MONTH TO DATE    1.31                      2.82  -1.51     2.10
  SINCE MAR 1      1.31                      2.82  -1.51     2.10
  SINCE JAN 1      5.91                      6.33  -0.42     3.30

SNOWFALL (IN)
  TODAY            0.0                                       0.0
  MONTH TO DATE    0.0                                       0.0
  SINCE MAR 1      0.0                                       0.0
  SINCE JUL 1      0.7                                       3.0

DEGREE DAYS
 HEATING
  TODAY            7                        11     -4       15
  MONTH TO DATE  262                       396   -134      242
  SINCE MAR 1    262                       396   -134      242
  SINCE JUL 1   2483                      3307   -824     2574

 COOLING
  TODAY            0                         1     -1        0
  MONTH TO DATE   40                         6     34        3
  SINCE MAR 1     40                         6     34        3
  SINCE JAN 1     56                         7     49        9
..................................................................


WIND (MPH)
  HIGHEST WIND SPEED    18   HIGHEST WIND DIRECTION    NW (330)
  HIGHEST GUST SPEED    23   HIGHEST GUST DIRECTION    NW (330)
  AVERAGE WIND SPEED     8.5


SKY COVER
  POSSIBLE SUNSHINE  MM
  AVERAGE SKY COVER 0.8


WEATHER CONDITIONS
 THE FOLLOWING WEATHER WAS RECORDED TODAY.
  NO SIGNIFICANT WEATHER WAS OBSERVED.


RELATIVE HUMIDITY (PERCENT)
 HIGHEST    93           400 AM
 LOWEST     60           300 PM
 AVERAGE    77

..........................................................


THE TULSA OKLAHOMA CLIMATE NORMALS FOR TODAY
                         NORMAL    RECORD    YEAR
 MAXIMUM TEMPERATURE (F)   66        90      1963
 MINIMUM TEMPERATURE (F)   44        17      1931


SUNRISE AND SUNSET
MARCH 28 2017.........SUNRISE   715 AM CDT   SUNSET   742 PM CDT
MARCH 29 2017.........SUNRISE   714 AM CDT   SUNSET   743 PM CDT


-  INDICATES NEGATIVE NUMBERS.
R  INDICATES RECORD WAS SET OR TIED.
MM INDICATES DATA IS MISSING.
T  INDICATES TRACE AMOUNT.


$$

&&
...........................................................

THE TULSA PRECIPITATION NORMALS FOR TODAY
                       NORMAL    RECORD      YEAR
  TODAY                 0.12      3.05       2004
  MONTH TO DATE         0.12
  YEAR TO DATE          0.12
...........................................................
ALL DATA MEASURED AT THE TULSA INTERNATIONAL AIRPORT...
EXCEPT SNOWFALL...WHICH IS MEASURED AT THE NWS OFFICE.
