000
CDUS44 KTSA 041519
CLITUL

CLIMATE REPORT
NATIONAL WEATHER SERVICE TULSA OK
912 AM CST WED MAR 4 2015


...................................

...THE TULSA OKLAHOMA CLIMATE SUMMARY FOR MARCH 4 2015...
VALID AS OF 0900 AM LOCAL TIME.

CLIMATE NORMAL PERIOD 1981 TO 2010
CLIMATE RECORD PERIOD 1882 TO 2015


WEATHER ITEM   OBSERVED TIME   RECORD YEAR NORMAL DEPARTURE LAST
                VALUE   (LST)  VALUE       VALUE  FROM      YEAR
                                                  NORMAL
..................................................................
TEMPERATURE (F)
 TODAY
  MAXIMUM         44   1237 AM  83    1938  59    -15       41
  MINIMUM         28    759 AM   6    1960  37     -9       11
  AVERAGE         36                        48    -12       26

PRECIPITATION (IN)
  TODAY            0.02          1.53 1915   0.10  -0.08     0.00
  MONTH TO DATE    0.02                      0.38  -0.36     0.38
  SINCE MAR 1      0.02                      0.38  -0.36     0.38
  SINCE JAN 1      2.34                      3.89  -1.55     0.83

SNOWFALL (IN)
  TODAY            T                                         0.0
  MONTH TO DATE    T                                         2.4
  SINCE MAR 1      T                                         2.4
  SINCE JUL 1      8.2                                      12.4

DEGREE DAYS
 HEATING
  TODAY           29                        18     11       39
  MONTH TO DATE  115                        73     42      170
  SINCE MAR 1    115                        73     42      170
  SINCE JUL 1   3130                      2984    146     3471

 COOLING
  TODAY            0                         0      0        0
  MONTH TO DATE    0                         0      0        0
  SINCE MAR 1      0                         0      0        0
  SINCE JAN 1      0                         1     -1        0
..................................................................


WIND (MPH)
  HIGHEST WIND SPEED    26   HIGHEST WIND DIRECTION     N (10)
  HIGHEST GUST SPEED    33   HIGHEST GUST DIRECTION     N (10)
  AVERAGE WIND SPEED    16.9


SKY COVER
  POSSIBLE SUNSHINE  MM
  AVERAGE SKY COVER 1.0


WEATHER CONDITIONS
 THE FOLLOWING WEATHER WAS RECORDED TODAY.
  LIGHT RAIN
  LT FREEZING RAIN
  SNOW
  SLEET
  FOG


RELATIVE HUMIDITY (PERCENT)
 HIGHEST    92           400 AM
 LOWEST     73           200 AM
 AVERAGE    83

..........................................................


THE TULSA OKLAHOMA CLIMATE NORMALS FOR TOMORROW
                         NORMAL    RECORD    YEAR
 MAXIMUM TEMPERATURE (F)   59        88      1991
 MINIMUM TEMPERATURE (F)   37         5      1960


SUNRISE AND SUNSET
MARCH  4 2015.........SUNRISE   650 AM CST   SUNSET   621 PM CST
MARCH  5 2015.........SUNRISE   649 AM CST   SUNSET   622 PM CST


-  INDICATES NEGATIVE NUMBERS.
R  INDICATES RECORD WAS SET OR TIED.
MM INDICATES DATA IS MISSING.
T  INDICATES TRACE AMOUNT.




$$

&&
...........................................................

HOURLY TEMPERATURE DATA
 YESTERDAY
11AM NOON  1PM  2PM  3PM  4PM  5PM  6PM  7PM  8PM  9PM 10PM 11PM
  45   50   MM   54   57   59   57   55   51   50   46   46   47

 TODAY
 MID  1AM  2AM  3AM  4AM  5AM  6AM  7AM  8AM  9AM
  44   43   41   39   36   34   33   32   28   27
...........................................................
ALL DATA MEASURED AT THE TULSA INTERNATIONAL AIRPORT...
EXCEPT SNOWFALL...WHICH IS MEASURED AT THE NWS OFFICE.
