000
CDUS44 KTSA 250647
CLITUL

CLIMATE REPORT
NATIONAL WEATHER SERVICE TULSA OK
147 AM CDT MON JUL 25 2016


...................................

...THE TULSA OKLAHOMA CLIMATE SUMMARY FOR JULY 24 2016...

CLIMATE NORMAL PERIOD 1981 TO 2010
CLIMATE RECORD PERIOD 1882 TO 2016


WEATHER ITEM   OBSERVED TIME   RECORD YEAR NORMAL DEPARTURE LAST
                VALUE   (LST)  VALUE       VALUE  FROM      YEAR
                                                  NORMAL
..................................................................
TEMPERATURE (F)
 YESTERDAY
  MAXIMUM        101    457 PM 110    1934  94      7       99
  MINIMUM         80    548 AM  60    1927  73      7       78
                                      1909
  AVERAGE         91                        84      7       89

PRECIPITATION (IN)
  YESTERDAY        0.00          1.95 1973   0.10  -0.10     0.00
  MONTH TO DATE    1.99                      2.70  -0.71     6.71
  SINCE JUN 1      2.76                      7.42  -4.66    11.48
  SINCE JAN 1     16.62                     23.92  -7.30    36.38

DEGREE DAYS
 COOLING
  YESTERDAY       26                        19      7       24
  MONTH TO DATE  501                       423     78      452
  SINCE JUN 1   1034                       802    232      934
  SINCE JAN 1   1238                      1036    202     1139
..................................................................


WIND (MPH)
  HIGHEST WIND SPEED    15   HIGHEST WIND DIRECTION     S (180)
  HIGHEST GUST SPEED    19   HIGHEST GUST DIRECTION     S (190)
  AVERAGE WIND SPEED     8.3


SKY COVER
  POSSIBLE SUNSHINE  MM
  AVERAGE SKY COVER 0.2


WEATHER CONDITIONS
 THE FOLLOWING WEATHER WAS RECORDED YESTERDAY.
  NO SIGNIFICANT WEATHER WAS OBSERVED.


RELATIVE HUMIDITY (PERCENT)
 HIGHEST    74           600 AM
 LOWEST     33           500 PM
 AVERAGE    54

..........................................................


THE TULSA OKLAHOMA CLIMATE NORMALS FOR TODAY
                         NORMAL    RECORD    YEAR
 MAXIMUM TEMPERATURE (F)   94       108      1934
 MINIMUM TEMPERATURE (F)   73        54      1911


SUNRISE AND SUNSET
JULY 25 2016..........SUNRISE   626 AM CDT   SUNSET   834 PM CDT
JULY 26 2016..........SUNRISE   626 AM CDT   SUNSET   834 PM CDT


-  INDICATES NEGATIVE NUMBERS.
R  INDICATES RECORD WAS SET OR TIED.
MM INDICATES DATA IS MISSING.
T  INDICATES TRACE AMOUNT.




$$

&&
...........................................................

THE TULSA PRECIPITATION NORMALS FOR TODAY
                       NORMAL    RECORD      YEAR
  TODAY                 0.10      2.34       1931
  MONTH TO DATE         2.80
  YEAR TO DATE         24.02
...........................................................
ALL DATA MEASURED AT THE TULSA INTERNATIONAL AIRPORT...
EXCEPT SNOWFALL...WHICH IS MEASURED AT THE NWS OFFICE.
