000
CDUS44 KTSA 232236
CLITUL

CLIMATE REPORT
NATIONAL WEATHER SERVICE TULSA OK
426 PM CST FRI FEB 23 2018


...................................

...THE TULSA OKLAHOMA CLIMATE SUMMARY FOR FEBRUARY 23 2018...
VALID TODAY AS OF 0400 PM LOCAL TIME.

CLIMATE NORMAL PERIOD 1981 TO 2010
CLIMATE RECORD PERIOD 1882 TO 2018


WEATHER ITEM   OBSERVED TIME   RECORD YEAR NORMAL DEPARTURE LAST
                VALUE   (LST)  VALUE       VALUE  FROM      YEAR
                                                  NORMAL
..................................................................
TEMPERATURE (F)
 TODAY
  MAXIMUM         42    259 PM  86    2017  56    -14       86
  MINIMUM         37    651 AM  10    1910  34      3       55
  AVERAGE         40                        45     -5       71

PRECIPITATION (IN)
  TODAY            0.16          1.47 2001   0.08   0.08     0.00
  MONTH TO DATE    2.65                      1.46   1.19     1.18
  SINCE DEC 1      4.34                      5.61  -1.27     5.04
  SINCE JAN 1      2.91                      3.12  -0.21     4.60

SNOWFALL (IN)
  TODAY            0.0                                       0.0
  MONTH TO DATE    T                                         0.0
  SINCE DEC 1      2.0                                       0.7
  SINCE JUL 1      2.0                                       0.7

DEGREE DAYS
 HEATING
  TODAY           25                        20      5        0
  MONTH TO DATE  575                       540     35      318
  SINCE DEC 1   2138                      2177    -39     1807
  SINCE JUL 1   2640                      2813   -173     2146
..................................................................


WIND (MPH)
  HIGHEST WIND SPEED    12   HIGHEST WIND DIRECTION     N (360)
  HIGHEST GUST SPEED    15   HIGHEST GUST DIRECTION     E (70)
  AVERAGE WIND SPEED     4.5


SKY COVER
  POSSIBLE SUNSHINE  MM
  AVERAGE SKY COVER 0.9


WEATHER CONDITIONS
 THE FOLLOWING WEATHER WAS RECORDED TODAY.
  RAIN
  LIGHT RAIN
  FOG


RELATIVE HUMIDITY (PERCENT)
 HIGHEST   100           200 AM
 LOWEST     92           100 AM
 AVERAGE    96

..........................................................


THE TULSA OKLAHOMA CLIMATE NORMALS FOR TOMORROW
                         NORMAL    RECORD    YEAR
 MAXIMUM TEMPERATURE (F)   56        85      1918
 MINIMUM TEMPERATURE (F)   34         8      2003
                                             1965
                                             1910


SUNRISE AND SUNSET
FEBRUARY 23 2018......SUNRISE   702 AM CST   SUNSET   613 PM CST
FEBRUARY 24 2018......SUNRISE   700 AM CST   SUNSET   614 PM CST


-  INDICATES NEGATIVE NUMBERS.
R  INDICATES RECORD WAS SET OR TIED.
MM INDICATES DATA IS MISSING.
T  INDICATES TRACE AMOUNT.




$$

&&
...........................................................

TULSA RECORD LOW MAX AND HIGH MIN TEMPERATURES FOR TOMORROW
                      RECORD        YEAR
  LOW MAXIMUM           24          1965
  HIGH MINIMUM          64          1930
...........................................................
ALL DATA MEASURED AT THE TULSA INTERNATIONAL AIRPORT...
EXCEPT SNOWFALL...WHICH IS MEASURED AT THE NWS OFFICE.
