000
CDUS44 KTSA 240653
CLITUL

CLIMATE REPORT
NATIONAL WEATHER SERVICE TULSA OK
1247 AM CST FRI FEB 24 2017


...................................

...THE TULSA OKLAHOMA CLIMATE SUMMARY FOR FEBRUARY 23 2017...

CLIMATE NORMAL PERIOD 1981 TO 2010
CLIMATE RECORD PERIOD 1882 TO 2017


WEATHER ITEM   OBSERVED TIME   RECORD YEAR NORMAL DEPARTURE LAST
                VALUE   (LST)  VALUE       VALUE  FROM      YEAR
                                                  NORMAL
..................................................................
TEMPERATURE (F)
 YESTERDAY
  MAXIMUM         86R   406 PM  81    1982  56     30       48
  MINIMUM         55    302 AM  10    1910  34     21       40
  AVERAGE         71                        45     26       44

PRECIPITATION (IN)
  YESTERDAY        0.00          1.47 2001   0.08  -0.08     0.48
  MONTH TO DATE    1.18                      1.46  -0.28     0.59
  SINCE DEC 1      5.04                      5.61  -0.57     9.80
  SINCE JAN 1      4.60                      3.12   1.48     1.20

SNOWFALL (IN)
  YESTERDAY        0.0                                       0.0
  MONTH TO DATE    0.0                                       0.0
  SINCE DEC 1      0.7                                       3.0
  SINCE JUL 1      0.7                                       3.0

DEGREE DAYS
 HEATING
  YESTERDAY        0                        20    -20       21
  MONTH TO DATE  318                       540   -222      386
  SINCE DEC 1   1807                      2177   -370     1773
  SINCE JUL 1   2146                      2813   -667     2248
..................................................................


WIND (MPH)
  HIGHEST WIND SPEED    29   HIGHEST WIND DIRECTION     S (180)
  HIGHEST GUST SPEED    38   HIGHEST GUST DIRECTION     S (180)
  AVERAGE WIND SPEED    15.6


SKY COVER
  POSSIBLE SUNSHINE  MM
  AVERAGE SKY COVER 0.6


WEATHER CONDITIONS
 THE FOLLOWING WEATHER WAS RECORDED YESTERDAY.
  NO SIGNIFICANT WEATHER WAS OBSERVED.


RELATIVE HUMIDITY (PERCENT)
 HIGHEST    86           500 AM
 LOWEST     23           500 PM
 AVERAGE    55

..........................................................


THE TULSA OKLAHOMA CLIMATE NORMALS FOR TODAY
                         NORMAL    RECORD    YEAR
 MAXIMUM TEMPERATURE (F)   56        85      1918
 MINIMUM TEMPERATURE (F)   34         8      2003
                                             1965
                                             1910


SUNRISE AND SUNSET
FEBRUARY 24 2017......SUNRISE   700 AM CST   SUNSET   614 PM CST
FEBRUARY 25 2017......SUNRISE   659 AM CST   SUNSET   615 PM CST


-  INDICATES NEGATIVE NUMBERS.
R  INDICATES RECORD WAS SET OR TIED.
MM INDICATES DATA IS MISSING.
T  INDICATES TRACE AMOUNT.




$$

&&
...........................................................

THE TULSA PRECIPITATION NORMALS FOR TODAY
                       NORMAL    RECORD      YEAR
  TODAY                 0.07      0.92       2011
  MONTH TO DATE         1.53
  YEAR TO DATE          3.19
...........................................................
ALL DATA MEASURED AT THE TULSA INTERNATIONAL AIRPORT...
EXCEPT SNOWFALL...WHICH IS MEASURED AT THE NWS OFFICE.
