000
CDUS44 KTSA 271542
CLITUL

CLIMATE REPORT
NATIONAL WEATHER SERVICE TULSA OK
912 AM CST SAT DEC 27 2014


...................................

...THE TULSA OKLAHOMA CLIMATE SUMMARY FOR DECEMBER 27 2014...
VALID AS OF 0900 AM LOCAL TIME.

CLIMATE NORMAL PERIOD 1981 TO 2010
CLIMATE RECORD PERIOD 1882 TO 2014


WEATHER ITEM   OBSERVED TIME   RECORD YEAR NORMAL DEPARTURE LAST
                VALUE   (LST)  VALUE       VALUE  FROM      YEAR
                                                  NORMAL
..................................................................
TEMPERATURE (F)
 TODAY
  MAXIMUM         44   1217 AM  77    1946  47     -3       60
  MINIMUM         34    759 AM   8    1925  28      6       29
  AVERAGE         39                        38      1       45

PRECIPITATION (IN)
  TODAY            T             1.62 1943   0.07  -0.07     0.00
  MONTH TO DATE    1.81                      2.23  -0.42     1.78
  SINCE DEC 1      1.81                      2.23  -0.42     1.78
  SINCE JAN 1     29.44                     40.71 -11.27    33.09

SNOWFALL (IN)
  TODAY            T                                         0.0
  MONTH TO DATE    T                                         5.0
  SINCE DEC 1      T                                         5.0
  SINCE JUL 1      0.4                                       5.0

DEGREE DAYS
 HEATING
  TODAY           26                        27     -1       20
  MONTH TO DATE  546                       682   -136      795
  SINCE DEC 1    546                       682   -136      795
  SINCE JUL 1   1247                      1318    -71     1496
..................................................................


WIND (MPH)
  HIGHEST WIND SPEED    21   HIGHEST WIND DIRECTION    NW (320)
  HIGHEST GUST SPEED    25   HIGHEST GUST DIRECTION    NW (320)
  AVERAGE WIND SPEED    13.2


SKY COVER
  POSSIBLE SUNSHINE  MM
  AVERAGE SKY COVER 1.0


WEATHER CONDITIONS
 THE FOLLOWING WEATHER WAS RECORDED TODAY.
  LIGHT RAIN
  LIGHT SNOW
  FOG


RELATIVE HUMIDITY (PERCENT)
 HIGHEST   100           900 AM
 LOWEST     73           200 AM
 AVERAGE    87

..........................................................


THE TULSA OKLAHOMA CLIMATE NORMALS FOR TOMORROW
                         NORMAL    RECORD    YEAR
 MAXIMUM TEMPERATURE (F)   47        74      1928
 MINIMUM TEMPERATURE (F)   28         0      1924


SUNRISE AND SUNSET
DECEMBER 27 2014......SUNRISE   733 AM CST   SUNSET   516 PM CST
DECEMBER 28 2014......SUNRISE   734 AM CST   SUNSET   517 PM CST


-  INDICATES NEGATIVE NUMBERS.
R  INDICATES RECORD WAS SET OR TIED.
MM INDICATES DATA IS MISSING.
T  INDICATES TRACE AMOUNT.




$$

&&
...........................................................

HOURLY TEMPERATURE DATA
 YESTERDAY
11AM NOON  1PM  2PM  3PM  4PM  5PM  6PM  7PM  8PM  9PM 10PM 11PM
  56   60   60   58   56   56   55   55   55   55   49   48   47

 TODAY
 MID  1AM  2AM  3AM  4AM  5AM  6AM  7AM  8AM  9AM
  44   42   41   39   38   37   37   37   34   32
...........................................................
ALL DATA MEASURED AT THE TULSA INTERNATIONAL AIRPORT...
EXCEPT SNOWFALL...WHICH IS MEASURED AT THE NWS OFFICE.
