000
CDUS44 KTSA 252237
CLITUL

CLIMATE REPORT
NATIONAL WEATHER SERVICE TULSA OK
427 PM CST TUE NOV 25 2014


...................................

...THE TULSA OKLAHOMA CLIMATE SUMMARY FOR NOVEMBER 25 2014...
VALID TODAY AS OF 0400 PM LOCAL TIME.

CLIMATE NORMAL PERIOD 1981 TO 2010
CLIMATE RECORD PERIOD 1882 TO 2014


WEATHER ITEM   OBSERVED TIME   RECORD YEAR NORMAL DEPARTURE LAST
                VALUE   (LST)  VALUE       VALUE  FROM      YEAR
                                                  NORMAL
..................................................................
TEMPERATURE (F)
 TODAY
  MAXIMUM         51    259 PM  84    1965  56     -5       36
  MINIMUM         27    659 AM  17    1950  36     -9       31
  AVERAGE         39                        46     -7       34

PRECIPITATION (IN)
  TODAY            0.00          1.50 1940   0.08  -0.08      T
  MONTH TO DATE    2.10                      2.40  -0.30     1.91
  SINCE SEP 1      9.11                     10.59  -1.48     7.93
  SINCE JAN 1     27.63                     38.07 -10.44    31.31

SNOWFALL (IN)
  TODAY            0.0                                       0.0
  MONTH TO DATE    0.4                                       0.0
  SINCE SEP 1      0.4                                       0.0
  SINCE JUL 1      0.4                                       0.0

DEGREE DAYS
 HEATING
  TODAY           26                        19      7       31
  MONTH TO DATE  519                       347    172      395
  SINCE SEP 1    628                       533     95      578
  SINCE JUL 1    629                       533     96      578
..................................................................


WIND (MPH)
  HIGHEST WIND SPEED    10   HIGHEST WIND DIRECTION     S (180)
  HIGHEST GUST SPEED    13   HIGHEST GUST DIRECTION     S (180)
  AVERAGE WIND SPEED     4.3


SKY COVER
  POSSIBLE SUNSHINE  MM
  AVERAGE SKY COVER 0.4


WEATHER CONDITIONS
 THE FOLLOWING WEATHER WAS RECORDED TODAY.
  NO SIGNIFICANT WEATHER WAS OBSERVED.


RELATIVE HUMIDITY (PERCENT)
 HIGHEST    69          1200 AM
 LOWEST     25           100 PM
 AVERAGE    47

..........................................................


THE TULSA OKLAHOMA CLIMATE NORMALS FOR TOMORROW
                         NORMAL    RECORD    YEAR
 MAXIMUM TEMPERATURE (F)   56        83      1965
 MINIMUM TEMPERATURE (F)   35        14      1993


SUNRISE AND SUNSET
NOVEMBER 25 2014......SUNRISE   710 AM CST   SUNSET   510 PM CST
NOVEMBER 26 2014......SUNRISE   711 AM CST   SUNSET   510 PM CST


-  INDICATES NEGATIVE NUMBERS.
R  INDICATES RECORD WAS SET OR TIED.
MM INDICATES DATA IS MISSING.
T  INDICATES TRACE AMOUNT.




$$

&&
...........................................................

TULSA RECORD LOW MAX AND HIGH MIN TEMPERATURES FOR TOMORROW
                      RECORD        YEAR
  LOW MAXIMUM           30          1975
  HIGH MINIMUM          61          1927
...........................................................
ALL DATA MEASURED AT THE TULSA INTERNATIONAL AIRPORT...
EXCEPT SNOWFALL...WHICH IS MEASURED AT THE NWS OFFICE.
