000
CDUS44 KTSA 301425
CLITUL

CLIMATE REPORT
NATIONAL WEATHER SERVICE TULSA OK
912 AM CDT SUN AUG 30 2015


...................................

...THE TULSA OKLAHOMA CLIMATE SUMMARY FOR AUGUST 30 2015...
VALID AS OF 0900 AM LOCAL TIME.

CLIMATE NORMAL PERIOD 1981 TO 2010
CLIMATE RECORD PERIOD 1882 TO 2015


WEATHER ITEM   OBSERVED TIME   RECORD YEAR NORMAL DEPARTURE LAST
                VALUE   (LST)  VALUE       VALUE  FROM      YEAR
                                                  NORMAL
..................................................................
TEMPERATURE (F)
 TODAY
  MAXIMUM         74   1223 AM 107    1947  91    -17       98
  MINIMUM         67    612 AM  50    1915  69     -2       73
  AVERAGE         71                        80     -9       86

PRECIPITATION (IN)
  TODAY            0.00          3.43 2003   0.11  -0.11     0.01
  MONTH TO DATE    5.16                      2.78   2.38     0.98
  SINCE JUN 1     16.65                     10.86   5.79    10.07
  SINCE JAN 1     41.55                     27.36  14.19    18.52

DEGREE DAYS
 COOLING
  TODAY            6                        15     -9       21
  MONTH TO DATE  428                       519    -91      540
  SINCE JUN 1   1511                      1453     58     1361
  SINCE JAN 1   1716                      1687     29     1632
..................................................................


WIND (MPH)
  HIGHEST WIND SPEED     8   HIGHEST WIND DIRECTION     N (350)
  HIGHEST GUST SPEED    10   HIGHEST GUST DIRECTION     N (340)
  AVERAGE WIND SPEED     4.2


SKY COVER
  POSSIBLE SUNSHINE  MM
  AVERAGE SKY COVER 0.3


WEATHER CONDITIONS
 THE FOLLOWING WEATHER WAS RECORDED TODAY.
  NO SIGNIFICANT WEATHER WAS OBSERVED.


RELATIVE HUMIDITY (PERCENT)
 HIGHEST   100           400 AM
 LOWEST     87          1200 AM
 AVERAGE    94

..........................................................


THE TULSA OKLAHOMA CLIMATE NORMALS FOR TOMORROW
                         NORMAL    RECORD    YEAR
 MAXIMUM TEMPERATURE (F)   90       106      1951
 MINIMUM TEMPERATURE (F)   68        48      1915


SUNRISE AND SUNSET
AUGUST 30 2015........SUNRISE   653 AM CDT   SUNSET   754 PM CDT
AUGUST 31 2015........SUNRISE   654 AM CDT   SUNSET   753 PM CDT


-  INDICATES NEGATIVE NUMBERS.
R  INDICATES RECORD WAS SET OR TIED.
MM INDICATES DATA IS MISSING.
T  INDICATES TRACE AMOUNT.




$$

&&
ALL DATA MEASURED AT THE TULSA INTERNATIONAL AIRPORT...
EXCEPT SNOWFALL...WHICH IS MEASURED AT THE NWS OFFICE.
