000
CDUS44 KTSA 220756
CLITUL

CLIMATE REPORT
NATIONAL WEATHER SERVICE TULSA OK
156 AM CST WED NOV 22 2017


...................................

...THE TULSA OKLAHOMA CLIMATE SUMMARY FOR NOVEMBER 21 2017...

CLIMATE NORMAL PERIOD 1981 TO 2010
CLIMATE RECORD PERIOD 1882 TO 2017


WEATHER ITEM   OBSERVED TIME   RECORD YEAR NORMAL DEPARTURE LAST
                VALUE   (LST)  VALUE       VALUE  FROM      YEAR
                                                  NORMAL
..................................................................
TEMPERATURE (F)
 YESTERDAY
  MAXIMUM         62    221 PM  79    1927  58      4       67
  MINIMUM         34   1159 PM  18    1964  37     -3       39
  AVERAGE         48                        48      0       53

PRECIPITATION (IN)
  YESTERDAY        0.00          1.76 1934   0.08  -0.08     0.00
  MONTH TO DATE    0.02                      2.08  -2.06     1.56
  SINCE SEP 1      8.98                     10.27  -1.29     6.73
  SINCE JAN 1     43.98                     37.75   6.23    27.43

SNOWFALL (IN)
  YESTERDAY        0.0                                       0.0
  MONTH TO DATE    0.0                                       0.0
  SINCE SEP 1      0.0                                       0.0
  SINCE JUL 1      0.0                                       0.0

DEGREE DAYS
 HEATING
  YESTERDAY       17                        17      0       12
  MONTH TO DATE  240                       273    -33      146
  SINCE SEP 1    399                       459    -60      196
  SINCE JUL 1    399                       459    -60      196
..................................................................


WIND (MPH)
  HIGHEST WIND SPEED    25   HIGHEST WIND DIRECTION     N (10)
  HIGHEST GUST SPEED    33   HIGHEST GUST DIRECTION     N (20)
  AVERAGE WIND SPEED    12.1


SKY COVER
  POSSIBLE SUNSHINE  MM
  AVERAGE SKY COVER 0.6


WEATHER CONDITIONS
 THE FOLLOWING WEATHER WAS RECORDED YESTERDAY.
  NO SIGNIFICANT WEATHER WAS OBSERVED.


RELATIVE HUMIDITY (PERCENT)
 HIGHEST    61           600 AM
 LOWEST     27           900 PM
 AVERAGE    44

..........................................................


THE TULSA OKLAHOMA CLIMATE NORMALS FOR TODAY
                         NORMAL    RECORD    YEAR
 MAXIMUM TEMPERATURE (F)   58        79      2010
                                             1966
                                             1955
 MINIMUM TEMPERATURE (F)   37        16      1929


SUNRISE AND SUNSET
NOVEMBER 22 2017......SUNRISE   708 AM CST   SUNSET   512 PM CST
NOVEMBER 23 2017......SUNRISE   709 AM CST   SUNSET   511 PM CST


-  INDICATES NEGATIVE NUMBERS.
R  INDICATES RECORD WAS SET OR TIED.
MM INDICATES DATA IS MISSING.
T  INDICATES TRACE AMOUNT.




$$

&&
...........................................................

THE TULSA PRECIPITATION NORMALS FOR TODAY
                       NORMAL    RECORD      YEAR
  TODAY                 0.08      2.34       1931
  MONTH TO DATE         2.16
  YEAR TO DATE         37.83
...........................................................
ALL DATA MEASURED AT THE TULSA INTERNATIONAL AIRPORT...
EXCEPT SNOWFALL...WHICH IS MEASURED AT THE NWS OFFICE.
