000
CDUS44 KMEG 210855
CLITUP


CLIMATE REPORT
NATIONAL WEATHER SERVICE MEMPHIS TN
255 AM CST SUN JAN 21 2018


...................................

...THE TUPELO CLIMATE SUMMARY FOR JANUARY 20 2018...

CLIMATE NORMAL PERIOD 1981 TO 2010
CLIMATE RECORD PERIOD 1930 TO 2018


WEATHER ITEM   OBSERVED TIME   RECORD YEAR NORMAL DEPARTURE LAST
                VALUE   (LST)  VALUE       VALUE  FROM      YEAR
                                                  NORMAL
..................................................................
TEMPERATURE (F)
 YESTERDAY
  MAXIMUM         66    245 PM  77    1935  52     14       72
  MINIMUM         42    445 AM  -4    1985  32     10       55
  AVERAGE         54                        42     12       64

PRECIPITATION (IN)
  YESTERDAY        0.00          3.42 1979   0.15  -0.15      T
  MONTH TO DATE    2.52                      2.90  -0.38     4.08
  SINCE DEC 1      8.98                      9.18  -0.20     8.98
  SINCE JAN 1      2.52                      2.90  -0.38     4.08

SNOWFALL (IN)
  YESTERDAY        0.0           1.0  1970   0.0    0.0      0.0
  MONTH TO DATE    0.8                       0.6    0.2       T
  SINCE DEC 1      0.8                       0.9   -0.1       T
  SINCE JUL 1      0.8                       0.9   -0.1       T
  SNOW DEPTH       0

DEGREE DAYS
 HEATING
  YESTERDAY       11                        23    -12        1
  MONTH TO DATE  622                       474    148      270
  SINCE DEC 1   1283                      1125    158      846
  SINCE JUL 1   1773                      1647    126     1140

 COOLING
  YESTERDAY        0                         0      0        0
  MONTH TO DATE    0                         0      0        8
  SINCE DEC 1      0                         2     -2       15
  SINCE JAN 1      0                         0      0        8
..................................................................


WIND (MPH)
  HIGHEST WIND SPEED    14   HIGHEST WIND DIRECTION    SE (140)
  HIGHEST GUST SPEED    17   HIGHEST GUST DIRECTION    SE (140)
  AVERAGE WIND SPEED     7.8


SKY COVER
  POSSIBLE SUNSHINE  MM
  AVERAGE SKY COVER 0.8


WEATHER CONDITIONS
 THE FOLLOWING WEATHER WAS RECORDED YESTERDAY.
  NO SIGNIFICANT WEATHER WAS OBSERVED.


RELATIVE HUMIDITY (PERCENT)
 HIGHEST    63          1000 PM
 LOWEST     37          1200 PM
 AVERAGE    50

..........................................................


THE TUPELO CLIMATE NORMALS FOR TODAY
                         NORMAL    RECORD    YEAR
 MAXIMUM TEMPERATURE (F)   52        77      1937
 MINIMUM TEMPERATURE (F)   32        -6      1985


SUNRISE AND SUNSET
JANUARY 21 2018.......SUNRISE   659 AM CST   SUNSET   514 PM CST
JANUARY 22 2018.......SUNRISE   658 AM CST   SUNSET   515 PM CST


-  INDICATES NEGATIVE NUMBERS.
R  INDICATES RECORD WAS SET OR TIED.
MM INDICATES DATA IS MISSING.
T  INDICATES TRACE AMOUNT.




$$
