000
CDUS44 KMEG 220630
CLITUP


CLIMATE REPORT
NATIONAL WEATHER SERVICE MEMPHIS TN
130 AM CDT MON MAY 22 2017


...................................

...THE TUPELO CLIMATE SUMMARY FOR MAY 21 2017...

CLIMATE NORMAL PERIOD 1981 TO 2010
CLIMATE RECORD PERIOD 1930 TO 2017


WEATHER ITEM   OBSERVED TIME   RECORD YEAR NORMAL DEPARTURE LAST
                VALUE   (LST)  VALUE       VALUE  FROM      YEAR
                                                  NORMAL
..................................................................
TEMPERATURE (F)
 YESTERDAY
  MAXIMUM         84    153 PM  97    1941  83      1       81
  MINIMUM         67   1159 PM  39    1981  61      6       59
  AVERAGE         76                        72      4       70

PRECIPITATION (IN)
  YESTERDAY        0.15          3.05 1955   0.18  -0.03     0.00
  MONTH TO DATE    1.32                      3.91  -2.59     0.90
  SINCE MAR 1     10.92                     13.51  -2.59    14.64
  SINCE JAN 1     19.39                     22.95  -3.56    21.81

SNOWFALL (IN)
  YESTERDAY        0.0          MM      MM   0.0    0.0      0.0
  MONTH TO DATE    0.0                       0.0    0.0      0.0
  SINCE MAR 1      T                         0.3   -0.3      0.0
  SINCE JUL 1      T                         2.1   -2.1       T
  SNOW DEPTH       0

DEGREE DAYS
 HEATING
  YESTERDAY        0                         0      0        0
  MONTH TO DATE   23                        23      0       21
  SINCE MAR 1    364                       524   -160      345
  SINCE JUL 1   1982                      2955   -973     2282

 COOLING
  YESTERDAY       11                         8      3        5
  MONTH TO DATE  108                       113     -5       79
  SINCE MAR 1    253                       187     66      169
  SINCE JAN 1    265                       189     76      169
..................................................................


WIND (MPH)
  HIGHEST WIND SPEED    13   HIGHEST WIND DIRECTION     W (280)
  HIGHEST GUST SPEED    18   HIGHEST GUST DIRECTION     W (280)
  AVERAGE WIND SPEED     3.8


SKY COVER
  POSSIBLE SUNSHINE  MM
  AVERAGE SKY COVER 0.7


WEATHER CONDITIONS
 THE FOLLOWING WEATHER WAS RECORDED YESTERDAY.
  THUNDERSTORM
  HEAVY RAIN
  LIGHT RAIN
  FOG


RELATIVE HUMIDITY (PERCENT)
 HIGHEST    93           400 AM
 LOWEST     55           200 PM
 AVERAGE    74

..........................................................


THE TUPELO CLIMATE NORMALS FOR TODAY
                         NORMAL    RECORD    YEAR
 MAXIMUM TEMPERATURE (F)   83        95      1964
                                             1941
 MINIMUM TEMPERATURE (F)   61        43      2002
                                             1981


SUNRISE AND SUNSET
MAY 22 2017...........SUNRISE   548 AM CDT   SUNSET   755 PM CDT
MAY 23 2017...........SUNRISE   548 AM CDT   SUNSET   756 PM CDT


-  INDICATES NEGATIVE NUMBERS.
R  INDICATES RECORD WAS SET OR TIED.
MM INDICATES DATA IS MISSING.
T  INDICATES TRACE AMOUNT.




$$
