000
CDUS44 KMEG 010733
CLITUP


CLIMATE REPORT
NATIONAL WEATHER SERVICE MEMPHIS TN
133 AM CST SUN MAR 1 2015


...................................

...THE TUPELO CLIMATE SUMMARY FOR FEBRUARY 28 2015...

CLIMATE NORMAL PERIOD 1981 TO 2010
CLIMATE RECORD PERIOD 1930 TO 2015


WEATHER ITEM   OBSERVED TIME   RECORD YEAR NORMAL DEPARTURE LAST
                VALUE   (LST)  VALUE       VALUE  FROM      YEAR
                                                  NORMAL
..................................................................
TEMPERATURE (F)
 YESTERDAY
  MAXIMUM         54    401 PM  79    1981  61     -7       56
  MINIMUM         31    730 AM  19    1935  39     -8       24
  AVERAGE         43                        50     -7       40

PRECIPITATION (IN)
  YESTERDAY        0.00          0.93 1987   0.19  -0.19     0.09
  MONTH TO DATE    4.92                      4.96  -0.04     4.32
  SINCE DEC 1     14.24                     15.72  -1.48    12.27
  SINCE JAN 1      9.16                      9.44  -0.28     6.09

SNOWFALL (IN)
  YESTERDAY        0.0           0.7  1984   0.0    0.0      0.0
  MONTH TO DATE    7.3                       0.6    6.7      0.5
  SINCE DEC 1      7.3                       1.8    5.5      0.5
  SINCE JUL 1      7.3                       1.8    5.5      0.5
  SNOW DEPTH       0

DEGREE DAYS
 HEATING
  YESTERDAY       22                        16      6       25
  MONTH TO DATE  781                       535    246      623
  SINCE DEC 1   2081                      1909    172     2207
  SINCE JUL 1   2718                      2431    287     2830

 COOLING
  YESTERDAY        0                         0      0        0
  MONTH TO DATE    0                         1     -1        0
  SINCE DEC 1      0                         4     -4        9
  SINCE JAN 1      0                         2     -2        0
..................................................................


WIND (MPH)
  HIGHEST WIND SPEED    13   HIGHEST WIND DIRECTION     E (90)
  HIGHEST GUST SPEED    15   HIGHEST GUST DIRECTION     E (110)
  AVERAGE WIND SPEED     5.5


SKY COVER
  POSSIBLE SUNSHINE  MM
  AVERAGE SKY COVER 0.7


WEATHER CONDITIONS
 THE FOLLOWING WEATHER WAS RECORDED YESTERDAY.
  NO SIGNIFICANT WEATHER WAS OBSERVED.


RELATIVE HUMIDITY (PERCENT)
 HIGHEST    65          1100 PM
 LOWEST     38           300 PM
 AVERAGE    52

..........................................................


THE TUPELO CLIMATE NORMALS FOR TODAY
                         NORMAL    RECORD    YEAR
 MAXIMUM TEMPERATURE (F)   61        80      1997
                                             1932
 MINIMUM TEMPERATURE (F)   39        20      1980


SUNRISE AND SUNSET
MARCH  1 2015.........SUNRISE   624 AM CST   SUNSET   551 PM CST
MARCH  2 2015.........SUNRISE   623 AM CST   SUNSET   552 PM CST


-  INDICATES NEGATIVE NUMBERS.
R  INDICATES RECORD WAS SET OR TIED.
MM INDICATES DATA IS MISSING.
T  INDICATES TRACE AMOUNT.




$$
