000
CDUS44 KMEG 300636
CLITUP


CLIMATE REPORT
NATIONAL WEATHER SERVICE MEMPHIS TN
136 AM CDT SAT APR 30 2016


...................................

...THE TUPELO CLIMATE SUMMARY FOR APRIL 29 2016...

CLIMATE NORMAL PERIOD 1981 TO 2010
CLIMATE RECORD PERIOD 1930 TO 2016


WEATHER ITEM   OBSERVED TIME   RECORD YEAR NORMAL DEPARTURE LAST
                VALUE   (LST)  VALUE       VALUE  FROM      YEAR
                                                  NORMAL
..................................................................
TEMPERATURE (F)
 YESTERDAY
  MAXIMUM         79   1233 PM  90    1957  78      1       73
  MINIMUM         60    518 AM  34    1973  54      6       51
  AVERAGE         70                        66      4       62

PRECIPITATION (IN)
  YESTERDAY        1.10          2.26 1953   0.17   0.93     0.00
  MONTH TO DATE    5.84                      4.60   1.24     7.74
  SINCE MAR 1     13.73                      9.42   4.31    14.16
  SINCE JAN 1     20.90                     18.86   2.04    23.32

SNOWFALL (IN)
  YESTERDAY        0.0           T    1996   0.0    0.0      0.0
  MONTH TO DATE    0.0                       0.0    0.0      0.0
  SINCE MAR 1      0.0                       0.3   -0.3      0.1
  SINCE JUL 1      T                         2.1   -2.1      7.4
  SNOW DEPTH       0

DEGREE DAYS
 HEATING
  YESTERDAY        0                         2     -2        3
  MONTH TO DATE   94                       144    -50       80
  SINCE MAR 1    324                       499   -175      413
  SINCE JUL 1   2261                      2930   -669     3131

 COOLING
  YESTERDAY        5                         3      2        0
  MONTH TO DATE   57                        56      1       73
  SINCE MAR 1     86                        70     16       76
  SINCE JAN 1     86                        72     14       76
..................................................................


WIND (MPH)
  HIGHEST WIND SPEED    24   HIGHEST WIND DIRECTION     N (340)
  HIGHEST GUST SPEED    29   HIGHEST GUST DIRECTION     N (340)
  AVERAGE WIND SPEED     8.1


SKY COVER
  POSSIBLE SUNSHINE  MM
  AVERAGE SKY COVER 0.3


WEATHER CONDITIONS
 THE FOLLOWING WEATHER WAS RECORDED YESTERDAY.
  THUNDERSTORM
  HEAVY RAIN
  RAIN
  LIGHT RAIN
  FOG


RELATIVE HUMIDITY (PERCENT)
 HIGHEST    93           600 AM
 LOWEST     56           900 AM
 AVERAGE    75

..........................................................


THE TUPELO CLIMATE NORMALS FOR TODAY
                         NORMAL    RECORD    YEAR
 MAXIMUM TEMPERATURE (F)   78        92      1987
 MINIMUM TEMPERATURE (F)   55        32      1969


SUNRISE AND SUNSET
APRIL 30 2016.........SUNRISE   606 AM CDT   SUNSET   739 PM CDT
MAY  1 2016...........SUNRISE   605 AM CDT   SUNSET   740 PM CDT


-  INDICATES NEGATIVE NUMBERS.
R  INDICATES RECORD WAS SET OR TIED.
MM INDICATES DATA IS MISSING.
T  INDICATES TRACE AMOUNT.




$$
