000
CDUS44 KMEG 312148
CLITUP


CLIMATE REPORT
NATIONAL WEATHER SERVICE MEMPHIS TN
447 PM CDT TUE MAY 31 2016


...................................

...THE TUPELO CLIMATE SUMMARY FOR MAY 31 2016...
VALID TODAY AS OF 0400 PM LOCAL TIME.

CLIMATE NORMAL PERIOD 1981 TO 2010
CLIMATE RECORD PERIOD 1930 TO 2016


WEATHER ITEM   OBSERVED TIME   RECORD YEAR NORMAL DEPARTURE LAST
                VALUE   (LST)  VALUE       VALUE  FROM      YEAR
                                                  NORMAL
..................................................................
TEMPERATURE (F)
 TODAY
  MAXIMUM         87    259 PM 100    1937  86      1       82
  MINIMUM         69    934 AM  45    1984  64      5       64
  AVERAGE         78                        75      3       73

PRECIPITATION (IN)
  TODAY            0.18          2.11 2015   0.16   0.02     2.11
  MONTH TO DATE    1.19                      5.56  -4.37     9.09
  SINCE MAR 1     14.93                     15.16  -0.23    23.25
  SINCE JAN 1     22.10                     24.60  -2.50    32.41

SNOWFALL (IN)
  TODAY            0.0

DEGREE DAYS
 HEATING
  TODAY            0                         0      0        0
  MONTH TO DATE   21                        23     -2       21
  SINCE MAR 1    345                       525   -180      435
  SINCE JUL 1   2282                      2956   -674     3153

 COOLING
  TODAY           13                        10      3        8
  MONTH TO DATE  195                       201     -6      229
  SINCE MAR 1    285                       275     10      305
  SINCE JAN 1    285                       277      8      305
..................................................................


WIND (MPH)
  HIGHEST WIND SPEED    14   HIGHEST WIND DIRECTION     S (200)
  HIGHEST GUST SPEED    21   HIGHEST GUST DIRECTION     W (270)
  AVERAGE WIND SPEED     4.4


SKY COVER
  POSSIBLE SUNSHINE  MM
  AVERAGE SKY COVER 0.3


WEATHER CONDITIONS
 THE FOLLOWING WEATHER WAS RECORDED TODAY.
  THUNDERSTORM
  RAIN
  LIGHT RAIN
  FOG


RELATIVE HUMIDITY (PERCENT)
 HIGHEST    90          1000 AM
 LOWEST     43           300 PM
 AVERAGE    67

..........................................................


THE TUPELO CLIMATE NORMALS FOR TOMORROW
                         NORMAL    RECORD    YEAR
 MAXIMUM TEMPERATURE (F)   86        98      1937
                                             1934
 MINIMUM TEMPERATURE (F)   64        43      1972


SUNRISE AND SUNSET
MAY 31 2016...........SUNRISE   544 AM CDT   SUNSET   802 PM CDT
JUNE  1 2016..........SUNRISE   544 AM CDT   SUNSET   802 PM CDT


-  INDICATES NEGATIVE NUMBERS.
R  INDICATES RECORD WAS SET OR TIED.
MM INDICATES DATA IS MISSING.
T  INDICATES TRACE AMOUNT.




$$
