421
CDUS44 KMEG 072249
CLITUP


CLIMATE REPORT
NATIONAL WEATHER SERVICE MEMPHIS TN
449 PM CST SUN FEB 7 2016


...................................

...THE TUPELO CLIMATE SUMMARY FOR FEBRUARY 7 2016...
VALID TODAY AS OF 0400 PM LOCAL TIME.

CLIMATE NORMAL PERIOD 1981 TO 2010
CLIMATE RECORD PERIOD 1930 TO 2016


WEATHER ITEM   OBSERVED TIME   RECORD YEAR NORMAL DEPARTURE LAST
                VALUE   (LST)  VALUE       VALUE  FROM      YEAR
                                                  NORMAL
..................................................................
TEMPERATURE (F)
 TODAY
  MAXIMUM         59    349 PM  76    1999  55      4       67
  MINIMUM         27    701 AM  12    1988  34     -7       30
  AVERAGE         43                        44     -1       49

PRECIPITATION (IN)
  TODAY            0.00          3.60 1933   0.17  -0.17     0.00
  MONTH TO DATE    1.26                      1.14   0.12     0.42
  SINCE DEC 1     12.46                     11.90   0.56     9.74
  SINCE JAN 1      5.10                      5.62  -0.52     4.66

SNOWFALL (IN)
  TODAY            0.0

DEGREE DAYS
 HEATING
  TODAY           22                        21      1       16
  MONTH TO DATE  115                       151    -36      176
  SINCE DEC 1   1223                      1525   -302     1476
  SINCE JUL 1   1564                      2047   -483     2113

 COOLING
  TODAY            0                         0      0        0
  MONTH TO DATE    0                         0      0        0
  SINCE DEC 1     27                         3     24        0
  SINCE JAN 1      0                         1     -1        0
..................................................................


WIND (MPH)
  HIGHEST WIND SPEED    16   HIGHEST WIND DIRECTION     S (180)
  HIGHEST GUST SPEED    22   HIGHEST GUST DIRECTION     S (180)
  AVERAGE WIND SPEED     3.7


SKY COVER
  POSSIBLE SUNSHINE  MM
  AVERAGE SKY COVER 0.0


WEATHER CONDITIONS
 THE FOLLOWING WEATHER WAS RECORDED TODAY.
  NO SIGNIFICANT WEATHER WAS OBSERVED.


RELATIVE HUMIDITY (PERCENT)
 HIGHEST    92           700 AM
 LOWEST     21           200 PM
 AVERAGE    57

..........................................................


THE TUPELO CLIMATE NORMALS FOR TOMORROW
                         NORMAL    RECORD    YEAR
 MAXIMUM TEMPERATURE (F)   55        80      1937
 MINIMUM TEMPERATURE (F)   34         9      1933


SUNRISE AND SUNSET
FEBRUARY  7 2016......SUNRISE   648 AM CST   SUNSET   531 PM CST
FEBRUARY  8 2016......SUNRISE   647 AM CST   SUNSET   532 PM CST


-  INDICATES NEGATIVE NUMBERS.
R  INDICATES RECORD WAS SET OR TIED.
MM INDICATES DATA IS MISSING.
T  INDICATES TRACE AMOUNT.




$$
