000
CDUS44 KMEG 250645
CLITUP


CLIMATE REPORT
NATIONAL WEATHER SERVICE MEMPHIS TN
144 AM CDT TUE APR 25 2017


...................................

...THE TUPELO CLIMATE SUMMARY FOR APRIL 24 2017...

CLIMATE NORMAL PERIOD 1981 TO 2010
CLIMATE RECORD PERIOD 1930 TO 2017


WEATHER ITEM   OBSERVED TIME   RECORD YEAR NORMAL DEPARTURE LAST
                VALUE   (LST)  VALUE       VALUE  FROM      YEAR
                                                  NORMAL
..................................................................
TEMPERATURE (F)
 YESTERDAY
  MAXIMUM         66    458 PM  90    1965  76    -10       81
  MINIMUM         52   1149 PM  33    1982  53     -1       52
  AVERAGE         59                        64     -5       67

PRECIPITATION (IN)
  YESTERDAY        0.00          2.79 1999   0.16  -0.16     0.00
  MONTH TO DATE    4.65                      3.73   0.92     3.50
  SINCE MAR 1      8.76                      8.55   0.21    11.39
  SINCE JAN 1     17.23                     17.99  -0.76    18.56

SNOWFALL (IN)
  YESTERDAY        0.0           T    1933   0.0    0.0      0.0
  MONTH TO DATE    0.0                       0.0    0.0      0.0
  SINCE MAR 1      T                         0.3   -0.3      0.0
  SINCE JUL 1      T                         2.1   -2.1       T
  SNOW DEPTH       0

DEGREE DAYS
 HEATING
  YESTERDAY        6                         3      3        0
  MONTH TO DATE   48                       131    -83       94
  SINCE MAR 1    338                       486   -148      324
  SINCE JUL 1   1956                      2917   -961     2261

 COOLING
  YESTERDAY        0                         3     -3        2
  MONTH TO DATE   81                        41     40       22
  SINCE MAR 1    115                        55     60       51
  SINCE JAN 1    127                        57     70       51
..................................................................


WIND (MPH)
  HIGHEST WIND SPEED    14   HIGHEST WIND DIRECTION     N (350)
  HIGHEST GUST SPEED    17   HIGHEST GUST DIRECTION    NW (330)
  AVERAGE WIND SPEED     5.2


SKY COVER
  POSSIBLE SUNSHINE  MM
  AVERAGE SKY COVER 0.7


WEATHER CONDITIONS
 THE FOLLOWING WEATHER WAS RECORDED YESTERDAY.
  NO SIGNIFICANT WEATHER WAS OBSERVED.


RELATIVE HUMIDITY (PERCENT)
 HIGHEST    93          1100 PM
 LOWEST     63           400 PM
 AVERAGE    78

..........................................................


THE TUPELO CLIMATE NORMALS FOR TODAY
                         NORMAL    RECORD    YEAR
 MAXIMUM TEMPERATURE (F)   77        88      1958
 MINIMUM TEMPERATURE (F)   53        32      1983


SUNRISE AND SUNSET
APRIL 25 2017.........SUNRISE   612 AM CDT   SUNSET   735 PM CDT
APRIL 26 2017.........SUNRISE   611 AM CDT   SUNSET   736 PM CDT


-  INDICATES NEGATIVE NUMBERS.
R  INDICATES RECORD WAS SET OR TIED.
MM INDICATES DATA IS MISSING.
T  INDICATES TRACE AMOUNT.




$$
