000
CDUS45 KTWC 251426
CLITUS

CLIMATE REPORT
NATIONAL WEATHER SERVICE TUCSON AZ
726 AM MST SUN SEP 25 2016


...................................

...THE TUCSON AZ CLIMATE SUMMARY FOR SEPTEMBER 25 2016...
VALID AS OF 0700 AM LOCAL TIME.

CLIMATE NORMAL PERIOD 1981 TO 2010
CLIMATE RECORD PERIOD 1895 TO 2016


WEATHER ITEM   OBSERVED TIME   RECORD YEAR NORMAL DEPARTURE LAST
                VALUE   (LST)  VALUE       VALUE  FROM      YEAR
                                                  NORMAL
..................................................................
TEMPERATURE (F)
 TODAY
  MINIMUM         57    612 AM  48    1913  66     -9       72

PRECIPITATION (IN)
  TODAY            0.00          1.25 1976   0.03  -0.03     0.00
  MONTH TO DATE    1.30                      1.12   0.18     2.40
  SINCE OCT 1     12.71                     11.42   1.29    14.04
  SINCE JAN 1      9.83                      9.03   0.80    10.54

DEGREE DAYS
 HEATING
  TODAY            4                         0      4        0

 COOLING
  TODAY            0                        14    -14       19
..................................................................


WIND (MPH)
  HIGHEST WIND SPEED    13   HIGHEST WIND DIRECTION    SE (140)
  HIGHEST GUST SPEED    14   HIGHEST GUST DIRECTION    SE (140)
  AVERAGE WIND SPEED     6.6


SKY COVER
  POSSIBLE SUNSHINE  MM
  AVERAGE SKY COVER 0.0


WEATHER CONDITIONS
 THE FOLLOWING WEATHER WAS RECORDED TODAY.
  NO SIGNIFICANT WEATHER WAS OBSERVED.


RELATIVE HUMIDITY (PERCENT)
 HIGHEST    36           500 AM

..........................................................


THE TUCSON AZ CLIMATE NORMALS FOR TOMORROW
                         NORMAL    RECORD    YEAR
 MAXIMUM TEMPERATURE (F)   92       104      1899
 MINIMUM TEMPERATURE (F)   65        43      1913


SUNRISE AND SUNSET
SEPTEMBER 25 2016.....SUNRISE   614 AM MST   SUNSET   616 PM MST
SEPTEMBER 26 2016.....SUNRISE   615 AM MST   SUNSET   614 PM MST


-  INDICATES NEGATIVE NUMBERS.
R  INDICATES RECORD WAS SET OR TIED.
MM INDICATES DATA IS MISSING.
T  INDICATES TRACE AMOUNT.




$$
