000
CDUS45 KTWC 190753
CLITUS

CLIMATE REPORT
NATIONAL WEATHER SERVICE TUCSON AZ
1251 AM MST SUN NOV 19 2017


...................................

...THE TUCSON AZ CLIMATE SUMMARY FOR NOVEMBER 18 2017...

CLIMATE NORMAL PERIOD 1981 TO 2010
CLIMATE RECORD PERIOD 1895 TO 2017


WEATHER ITEM   OBSERVED TIME   RECORD YEAR NORMAL DEPARTURE LAST
                VALUE   (LST)  VALUE       VALUE  FROM      YEAR
                                                  NORMAL
..................................................................
TEMPERATURE (F)
 YESTERDAY
  MAXIMUM         78    413 PM  86    1990  72      6       77
  MINIMUM         52    718 AM  24    1911  45      7       42
  AVERAGE         65                        59      6       60

PRECIPITATION (IN)
  YESTERDAY        0.00          0.60 1941   0.02  -0.02     0.00
  MONTH TO DATE    0.09                      0.30  -0.21     0.41
  SINCE OCT 1      0.09                      1.19  -1.10     0.51
  SINCE JAN 1     10.27                     10.39  -0.12    10.64

DEGREE DAYS
 HEATING
  YESTERDAY        0                         7     -7        5
  MONTH TO DATE    0                        78    -78       12
  SINCE SEP 1      0                       102   -102       12
  SINCE JUL 1      0                       102   -102       12

 COOLING
  YESTERDAY        0                         0      0        0
  MONTH TO DATE   95                        25     70       57
  SINCE SEP 1   1030                       734    296      929
  SINCE JAN 1   3869                      3144    725     3639
..................................................................


WIND (MPH)
  HIGHEST WIND SPEED    12   HIGHEST WIND DIRECTION    NW (330)
  HIGHEST GUST SPEED    16   HIGHEST GUST DIRECTION     N (340)
  AVERAGE WIND SPEED     5.2


SKY COVER
  POSSIBLE SUNSHINE  MM
  AVERAGE SKY COVER  MM


WEATHER CONDITIONS
 THE FOLLOWING WEATHER WAS RECORDED YESTERDAY.
  NO SIGNIFICANT WEATHER WAS OBSERVED.


RELATIVE HUMIDITY (PERCENT)
 HIGHEST    MM
 LOWEST     MM
 AVERAGE    MM

..........................................................


THE TUCSON AZ CLIMATE NORMALS FOR TODAY
                         NORMAL    RECORD    YEAR
 MAXIMUM TEMPERATURE (F)   72        88      2007
 MINIMUM TEMPERATURE (F)   45        19      1921


SUNRISE AND SUNSET
NOVEMBER 19 2017......SUNRISE   656 AM MST   SUNSET   522 PM MST
NOVEMBER 20 2017......SUNRISE   657 AM MST   SUNSET   521 PM MST


-  INDICATES NEGATIVE NUMBERS.
R  INDICATES RECORD WAS SET OR TIED.
MM INDICATES DATA IS MISSING.
T  INDICATES TRACE AMOUNT.




$$
