000
CDUS45 KTWC 280747
CLITUS

CLIMATE REPORT
NATIONAL WEATHER SERVICE TUCSON AZ
1246 AM MST TUE JUL 28 2015


...................................

...THE TUCSON AZ CLIMATE SUMMARY FOR JULY 27 2015...

CLIMATE NORMAL PERIOD 1981 TO 2010
CLIMATE RECORD PERIOD 1895 TO 2015


WEATHER ITEM   OBSERVED TIME   RECORD YEAR NORMAL DEPARTURE LAST
                VALUE   (LST)  VALUE       VALUE  FROM      YEAR
                                                  NORMAL
..................................................................
TEMPERATURE (F)
 YESTERDAY
  MAXIMUM        102    335 PM 113    1995  98      4       99
  MINIMUM         81    556 AM  59    1913  74      7       76
  AVERAGE         92                        86      6       88

PRECIPITATION (IN)
  YESTERDAY        0.00          1.84 1945   0.09  -0.09     0.01
  MONTH TO DATE    0.52                      1.86  -1.34     1.42
  SINCE OCT 1      8.28                      7.52   0.76     5.08
  SINCE JAN 1      4.78                      5.13  -0.35     2.03

DEGREE DAYS
 HEATING
  YESTERDAY        0                         0      0        0
  MONTH TO DATE    0                         0      0        0
  SINCE JUN 1      0                         0      0        0
  SINCE JUL 1      0                         0      0        0

 COOLING
  YESTERDAY       27                        21      6       23
  MONTH TO DATE  613                       602     11      632
  SINCE JUN 1   1326                      1196    130     1357
  SINCE JAN 1   1840                      1698    142     1960
..................................................................


WIND (MPH)
  HIGHEST WIND SPEED    20   HIGHEST WIND DIRECTION     W (260)
  HIGHEST GUST SPEED    25   HIGHEST GUST DIRECTION     W (260)
  AVERAGE WIND SPEED     8.0


SKY COVER
  POSSIBLE SUNSHINE  MM
  AVERAGE SKY COVER 0.0


WEATHER CONDITIONS
 THE FOLLOWING WEATHER WAS RECORDED YESTERDAY.
  NO SIGNIFICANT WEATHER WAS OBSERVED.


RELATIVE HUMIDITY (PERCENT)
 HIGHEST    49
 LOWEST     15
 AVERAGE    32

..........................................................


THE TUCSON AZ CLIMATE NORMALS FOR TODAY
                         NORMAL    RECORD    YEAR
 MAXIMUM TEMPERATURE (F)   98       114      1995
 MINIMUM TEMPERATURE (F)   74        62      1913


SUNRISE AND SUNSET
JULY 28 2015..........SUNRISE   536 AM MST   SUNSET   724 PM MST
JULY 29 2015..........SUNRISE   537 AM MST   SUNSET   723 PM MST


-  INDICATES NEGATIVE NUMBERS.
R  INDICATES RECORD WAS SET OR TIED.
MM INDICATES DATA IS MISSING.
T  INDICATES TRACE AMOUNT.




$$
