000
CDUS45 KTWC 250732 RRA
CLITUS

CLIMATE REPORT
NATIONAL WEATHER SERVICE TUCSON AZ
1230 AM MST MON SEP 25 2017


...................................

...THE TUCSON AZ CLIMATE SUMMARY FOR SEPTEMBER 24 2017...

CLIMATE NORMAL PERIOD 1981 TO 2010
CLIMATE RECORD PERIOD 1895 TO 2017


WEATHER ITEM   OBSERVED TIME   RECORD YEAR NORMAL DEPARTURE LAST
                VALUE   (LST)  VALUE       VALUE  FROM      YEAR
                                                  NORMAL
..................................................................
TEMPERATURE (F)
 YESTERDAY
  MAXIMUM         84    349 PM 104    1899  92     -8       87
  MINIMUM         56    639 AM  49    1923  66    -10       60
  AVERAGE         70                        79     -9       74

PRECIPITATION (IN)
  YESTERDAY        0.00          2.57 1943   0.04  -0.04     0.00
  MONTH TO DATE    0.03                      1.09  -1.06     1.30
  SINCE OCT 1     11.86                     11.39   0.47    12.71
  SINCE JAN 1     10.18                      9.00   1.18     9.83

DEGREE DAYS
 HEATING
  YESTERDAY        0                         0      0        0
  MONTH TO DATE    0                         0      0        0
  SINCE SEP 1      0                         0      0        0
  SINCE JUL 1      0                         0      0        0

 COOLING
  YESTERDAY        5                        14     -9        9
  MONTH TO DATE  482                       421     61      409
  SINCE SEP 1    482                       421     61      409
  SINCE JAN 1   3321                      2831    490     3119
..................................................................


WIND (MPH)
  HIGHEST WIND SPEED    17   HIGHEST WIND DIRECTION    NW (330)
  HIGHEST GUST SPEED    22   HIGHEST GUST DIRECTION     N (350)
  AVERAGE WIND SPEED     6.9


SKY COVER
  POSSIBLE SUNSHINE  MM
  AVERAGE SKY COVER 0.0


WEATHER CONDITIONS
 THE FOLLOWING WEATHER WAS RECORDED YESTERDAY.
  NO SIGNIFICANT WEATHER WAS OBSERVED.


RELATIVE HUMIDITY (PERCENT)
 HIGHEST    39
 LOWEST     13
 AVERAGE    26

..........................................................


THE TUCSON AZ CLIMATE NORMALS FOR TODAY
                         NORMAL    RECORD    YEAR
 MAXIMUM TEMPERATURE (F)   92       104      1899
 MINIMUM TEMPERATURE (F)   66        48      1913


SUNRISE AND SUNSET
SEPTEMBER 25 2017.....SUNRISE   614 AM MST   SUNSET   616 PM MST
SEPTEMBER 26 2017.....SUNRISE   615 AM MST   SUNSET   615 PM MST


-  INDICATES NEGATIVE NUMBERS.
R  INDICATES RECORD WAS SET OR TIED.
MM INDICATES DATA IS MISSING.
T  INDICATES TRACE AMOUNT.




$$
