887
CDUS45 KTWC 120731
CLITUS

CLIMATE REPORT
NATIONAL WEATHER SERVICE TUCSON AZ
1230 AM MST FRI FEB 12 2016


...................................

...THE TUCSON AZ CLIMATE SUMMARY FOR FEBRUARY 11 2016...

CLIMATE NORMAL PERIOD 1981 TO 2010
CLIMATE RECORD PERIOD 1895 TO 2016


WEATHER ITEM   OBSERVED TIME   RECORD YEAR NORMAL DEPARTURE LAST
                VALUE   (LST)  VALUE       VALUE  FROM      YEAR
                                                  NORMAL
..................................................................
TEMPERATURE (F)
 YESTERDAY
  MAXIMUM         85R   404 PM  84    1951  68     17       76
  MINIMUM         45    602 AM  22    1933  42      3       47
  AVERAGE         65                        55     10       62

PRECIPITATION (IN)
  YESTERDAY        0.00          1.22 1950   0.03  -0.03     0.00
  MONTH TO DATE    0.18                      0.35  -0.17     0.02
  SINCE OCT 1      4.59                      3.68   0.91     6.06
  SINCE JAN 1      1.71                      1.29   0.42     2.56

DEGREE DAYS
 HEATING
  YESTERDAY        0                        10    -10        3
  MONTH TO DATE  122                       118      4       29
  SINCE DEC 1    913                       906      7      651
  SINCE JUL 1   1108                      1112     -4      787

 COOLING
  YESTERDAY        0                         0      0        0
  MONTH TO DATE    0                         0      0        4
  SINCE DEC 1      0                         1     -1        7
  SINCE JAN 1      0                         1     -1        4
..................................................................


WIND (MPH)
  HIGHEST WIND SPEED    15   HIGHEST WIND DIRECTION    SE (150)
  HIGHEST GUST SPEED    26   HIGHEST GUST DIRECTION     E (100)
  AVERAGE WIND SPEED     7.2


SKY COVER
  POSSIBLE SUNSHINE  MM
  AVERAGE SKY COVER 0.0


WEATHER CONDITIONS
 THE FOLLOWING WEATHER WAS RECORDED YESTERDAY.
  NO SIGNIFICANT WEATHER WAS OBSERVED.


RELATIVE HUMIDITY (PERCENT)
 HIGHEST    37
 LOWEST      6
 AVERAGE    22

..........................................................


THE TUCSON AZ CLIMATE NORMALS FOR TODAY
                         NORMAL    RECORD    YEAR
 MAXIMUM TEMPERATURE (F)   68        86      1988
 MINIMUM TEMPERATURE (F)   42        20      1948


SUNRISE AND SUNSET
FEBRUARY 12 2016......SUNRISE   709 AM MST   SUNSET   607 PM MST
FEBRUARY 13 2016......SUNRISE   708 AM MST   SUNSET   608 PM MST


-  INDICATES NEGATIVE NUMBERS.
R  INDICATES RECORD WAS SET OR TIED.
MM INDICATES DATA IS MISSING.
T  INDICATES TRACE AMOUNT.




$$
