000
CDUS45 KTWC 040730
CLITUS

CLIMATE REPORT
NATIONAL WEATHER SERVICE TUCSON AZ
1229 AM MST WED MAR 4 2015


...................................

...THE TUCSON AZ CLIMATE SUMMARY FOR MARCH 3 2015...

CLIMATE NORMAL PERIOD 1981 TO 2010
CLIMATE RECORD PERIOD 1895 TO 2015


WEATHER ITEM   OBSERVED TIME   RECORD YEAR NORMAL DEPARTURE LAST
                VALUE   (LST)  VALUE       VALUE  FROM      YEAR
                                                  NORMAL
..................................................................
TEMPERATURE (F)
 YESTERDAY
  MAXIMUM         63    453 PM  90    1910  71     -8       72
  MINIMUM         46    727 AM  22    1971  44      2       50
                                      1965
  AVERAGE         55                        58     -3       61

PRECIPITATION (IN)
  YESTERDAY        0.00          0.60 1981   0.03  -0.03     0.00
  MONTH TO DATE    0.34                      0.08   0.26     0.58
  SINCE OCT 1      6.79                      4.27   2.52     3.64
  SINCE JAN 1      3.29                      1.88   1.41     0.59

DEGREE DAYS
 HEATING
  YESTERDAY       10                         8      2        4
  MONTH TO DATE   15                        24     -9       17
  SINCE MAR 1     15                        24     -9       17
  SINCE JUL 1    857                      1291   -434      850

 COOLING
  YESTERDAY        0                         0      0        0
  MONTH TO DATE    0                         0      0        0
  SINCE MAR 1      0                         0      0        0
  SINCE JAN 1      8                         4      4       24
..................................................................


WIND (MPH)
  HIGHEST WIND SPEED    15   HIGHEST WIND DIRECTION     N (360)
  HIGHEST GUST SPEED    17   HIGHEST GUST DIRECTION    NW (330)
  AVERAGE WIND SPEED     4.7


SKY COVER
  POSSIBLE SUNSHINE  MM
  AVERAGE SKY COVER 0.4


WEATHER CONDITIONS
 THE FOLLOWING WEATHER WAS RECORDED YESTERDAY.
  NO SIGNIFICANT WEATHER WAS OBSERVED.


RELATIVE HUMIDITY (PERCENT)
 HIGHEST    93
 LOWEST     34
 AVERAGE    64

..........................................................


THE TUCSON AZ CLIMATE NORMALS FOR TODAY
                         NORMAL    RECORD    YEAR
 MAXIMUM TEMPERATURE (F)   71        91      1910
 MINIMUM TEMPERATURE (F)   45        20      1965


SUNRISE AND SUNSET
MARCH  4 2015.........SUNRISE   648 AM MST   SUNSET   624 PM MST
MARCH  5 2015.........SUNRISE   647 AM MST   SUNSET   624 PM MST


-  INDICATES NEGATIVE NUMBERS.
R  INDICATES RECORD WAS SET OR TIED.
MM INDICATES DATA IS MISSING.
T  INDICATES TRACE AMOUNT.




$$
