000
CDUS45 KTWC 250027
CLITUS

CLIMATE REPORT
NATIONAL WEATHER SERVICE TUCSON AZ
526 PM MST WED DEC 24 2014


...................................

...THE TUCSON AZ CLIMATE SUMMARY FOR DECEMBER 24 2014...
VALID TODAY AS OF 0500 PM LOCAL TIME.

CLIMATE NORMAL PERIOD 1981 TO 2010
CLIMATE RECORD PERIOD 1895 TO 2014


WEATHER ITEM   OBSERVED TIME   RECORD YEAR NORMAL DEPARTURE LAST
                VALUE   (LST)  VALUE       VALUE  FROM      YEAR
                                                  NORMAL
..................................................................
TEMPERATURE (F)
 TODAY
  MAXIMUM         67    421 PM  79    1936  64      3       70
  MINIMUM         32    505 AM  16    1974  39     -7       40
  AVERAGE         50                        51     -1       55

PRECIPITATION (IN)
  TODAY            0.00          1.19 1914   0.03  -0.03     0.00
  MONTH TO DATE    1.47                      0.72   0.75     0.83
  SINCE OCT 1      2.80                      2.18   0.62     3.05
  SINCE JAN 1      9.49                     11.38  -1.89     8.53

DEGREE DAYS
 HEATING
  TODAY           15                        14      1       10
  MONTH TO DATE  208                       310   -102      282
  SINCE DEC 1    208                       310   -102      282
  SINCE JUL 1    344                       516   -172      388

 COOLING
  TODAY            0                         0      0        0
  MONTH TO DATE    3                         0      3        0
  SINCE DEC 1      3                         0      3        0
  SINCE JAN 1   3619                      3146    473     3653
..................................................................


WIND (MPH)
  HIGHEST WIND SPEED    18   HIGHEST WIND DIRECTION    SE (120)
  HIGHEST GUST SPEED    24   HIGHEST GUST DIRECTION    SE (120)
  AVERAGE WIND SPEED     5.8


SKY COVER
  POSSIBLE SUNSHINE  MM
  AVERAGE SKY COVER 0.0


WEATHER CONDITIONS
 THE FOLLOWING WEATHER WAS RECORDED TODAY.
  NO SIGNIFICANT WEATHER WAS OBSERVED.


RELATIVE HUMIDITY (PERCENT)
 HIGHEST    69
 LOWEST     12
 AVERAGE    41

..........................................................


THE TUCSON AZ CLIMATE NORMALS FOR TOMORROW
                         NORMAL    RECORD    YEAR
 MAXIMUM TEMPERATURE (F)   64        82      1933
 MINIMUM TEMPERATURE (F)   39        21      1903


SUNRISE AND SUNSET
DECEMBER 24 2014......SUNRISE   722 AM MST   SUNSET   525 PM MST
DECEMBER 25 2014......SUNRISE   722 AM MST   SUNSET   526 PM MST


-  INDICATES NEGATIVE NUMBERS.
R  INDICATES RECORD WAS SET OR TIED.
MM INDICATES DATA IS MISSING.
T  INDICATES TRACE AMOUNT.




$$
