000
CDUS45 KTWC 280027
CLITUS

CLIMATE REPORT
NATIONAL WEATHER SERVICE TUCSON AZ
525 PM MST SAT AUG 27 2016


...................................

...THE TUCSON AZ CLIMATE SUMMARY FOR AUGUST 27 2016...
VALID TODAY AS OF 0500 PM LOCAL TIME.

CLIMATE NORMAL PERIOD 1981 TO 2010
CLIMATE RECORD PERIOD 1895 TO 2016


WEATHER ITEM   OBSERVED TIME   RECORD YEAR NORMAL DEPARTURE LAST
                VALUE   (LST)  VALUE       VALUE  FROM      YEAR
                                                  NORMAL
..................................................................
TEMPERATURE (F)
 TODAY
  MAXIMUM         96    105 PM 108    2011  98     -2      101
  MINIMUM         72    700 AM  60    1900  73     -1       75
  AVERAGE         84                        85     -1       88

PRECIPITATION (IN)
  TODAY            0.00          0.97 1999   0.07  -0.07      T
  MONTH TO DATE    1.09                      2.13  -1.04     1.51
  SINCE OCT 1     11.41                     10.04   1.37    11.35
  SINCE JAN 1      8.53                      7.65   0.88     7.85

DEGREE DAYS
 HEATING
  TODAY            0                         0      0        0
  MONTH TO DATE    0                         0      0        0
  SINCE JUN 1      0                         0      0        0
  SINCE JUL 1      0                         0      0        0

 COOLING
  TODAY           19                        20     -1       23
  MONTH TO DATE  555                       546      9      656
  SINCE JUN 1   2058                      1823    235     2070
  SINCE JAN 1   2625                      2325    300     2584
..................................................................


WIND (MPH)
  HIGHEST WIND SPEED    17   HIGHEST WIND DIRECTION    SW (230)
  HIGHEST GUST SPEED    23   HIGHEST GUST DIRECTION    SW (230)
  AVERAGE WIND SPEED     6.2


SKY COVER
  POSSIBLE SUNSHINE  MM
  AVERAGE SKY COVER 0.2


WEATHER CONDITIONS
 THE FOLLOWING WEATHER WAS RECORDED TODAY.
  NO SIGNIFICANT WEATHER WAS OBSERVED.


RELATIVE HUMIDITY (PERCENT)
 HIGHEST    58
 LOWEST     11
 AVERAGE    35

..........................................................


THE TUCSON AZ CLIMATE NORMALS FOR TOMORROW
                         NORMAL    RECORD    YEAR
 MAXIMUM TEMPERATURE (F)   98       107      1998
 MINIMUM TEMPERATURE (F)   73        59      1900


SUNRISE AND SUNSET
AUGUST 27 2016........SUNRISE   556 AM MST   SUNSET   653 PM MST
AUGUST 28 2016........SUNRISE   557 AM MST   SUNSET   652 PM MST


-  INDICATES NEGATIVE NUMBERS.
R  INDICATES RECORD WAS SET OR TIED.
MM INDICATES DATA IS MISSING.
T  INDICATES TRACE AMOUNT.




$$
