000
CDUS45 KTWC 201426
CLITUS

CLIMATE REPORT
NATIONAL WEATHER SERVICE TUCSON AZ
725 AM MST THU JUL 20 2017


...................................

...THE TUCSON AZ CLIMATE SUMMARY FOR JULY 20 2017...
VALID AS OF 0700 AM LOCAL TIME.

CLIMATE NORMAL PERIOD 1981 TO 2010
CLIMATE RECORD PERIOD 1895 TO 2017


WEATHER ITEM   OBSERVED TIME   RECORD YEAR NORMAL DEPARTURE LAST
                VALUE   (LST)  VALUE       VALUE  FROM      YEAR
                                                  NORMAL
..................................................................
TEMPERATURE (F)
 TODAY
  MINIMUM         76    403 AM  63    1906  75      1       75

PRECIPITATION (IN)
  TODAY            0.00          1.11 1979   0.09  -0.09     0.12
  MONTH TO DATE    2.71                      1.24   1.47     1.20
  SINCE OCT 1      6.00                      6.90  -0.90     8.20
  SINCE JAN 1      4.32                      4.51  -0.19     5.32

DEGREE DAYS
 HEATING
  TODAY            0                         0      0        0

 COOLING
  TODAY           14                        22     -8       23
..................................................................


WIND (MPH)
  HIGHEST WIND SPEED    12   HIGHEST WIND DIRECTION    SE (130)
  HIGHEST GUST SPEED    14   HIGHEST GUST DIRECTION    SE (150)
  AVERAGE WIND SPEED     7.9


SKY COVER
  POSSIBLE SUNSHINE  MM
  AVERAGE SKY COVER 0.2


WEATHER CONDITIONS
 THE FOLLOWING WEATHER WAS RECORDED TODAY.
  NO SIGNIFICANT WEATHER WAS OBSERVED.


RELATIVE HUMIDITY (PERCENT)
 HIGHEST    69           400 AM

..........................................................


THE TUCSON AZ CLIMATE NORMALS FOR TOMORROW
                         NORMAL    RECORD    YEAR
 MAXIMUM TEMPERATURE (F)   99       110      2006
 MINIMUM TEMPERATURE (F)   75        64      1913


SUNRISE AND SUNSET
JULY 20 2017..........SUNRISE   531 AM MST   SUNSET   729 PM MST
JULY 21 2017..........SUNRISE   532 AM MST   SUNSET   728 PM MST


-  INDICATES NEGATIVE NUMBERS.
R  INDICATES RECORD WAS SET OR TIED.
MM INDICATES DATA IS MISSING.
T  INDICATES TRACE AMOUNT.




$$
