000
CDUS45 KTWC 280031
CLITUS

CLIMATE REPORT
NATIONAL WEATHER SERVICE TUCSON AZ
531 PM MST MON MAR 27 2017


...................................

...THE TUCSON AZ CLIMATE SUMMARY FOR MARCH 27 2017...
VALID TODAY AS OF 0500 PM LOCAL TIME.

CLIMATE NORMAL PERIOD 1981 TO 2010
CLIMATE RECORD PERIOD 1895 TO 2017


WEATHER ITEM   OBSERVED TIME   RECORD YEAR NORMAL DEPARTURE LAST
                VALUE   (LST)  VALUE       VALUE  FROM      YEAR
                                                  NORMAL
..................................................................
TEMPERATURE (F)
 TODAY
  MAXIMUM         81   1252 PM  94    1988  77      4       84
  MINIMUM         52    515 AM  28    1913  48      4       52
  AVERAGE         67                        62      5       68

PRECIPITATION (IN)
  TODAY            0.00          0.65 1992   0.02  -0.02     0.00
  MONTH TO DATE    0.00                      0.66  -0.66     0.11
  SINCE OCT 1      3.06                      4.85  -1.79     4.70
  SINCE JAN 1      1.38                      2.46  -1.08     1.82

DEGREE DAYS
 HEATING
  TODAY            0                         4     -4        0
  MONTH TO DATE   37                       163   -126       43
  SINCE MAR 1     37                       163   -126       43
  SINCE JUL 1    918                      1430   -512     1171

 COOLING
  TODAY            2                         1      1        3
  MONTH TO DATE  139                        19    120       74
  SINCE MAR 1    139                        19    120       74
  SINCE JAN 1    148                        23    125      108
..................................................................


WIND (MPH)
  HIGHEST WIND SPEED    21   HIGHEST WIND DIRECTION     W (290)
  HIGHEST GUST SPEED    28   HIGHEST GUST DIRECTION     W (280)
  AVERAGE WIND SPEED     8.1


SKY COVER
  POSSIBLE SUNSHINE  MM
  AVERAGE SKY COVER 0.1


WEATHER CONDITIONS
 THE FOLLOWING WEATHER WAS RECORDED TODAY.
  NO SIGNIFICANT WEATHER WAS OBSERVED.


RELATIVE HUMIDITY (PERCENT)
 HIGHEST    41
 LOWEST     14
 AVERAGE    28

..........................................................


THE TUCSON AZ CLIMATE NORMALS FOR TOMORROW
                         NORMAL    RECORD    YEAR
 MAXIMUM TEMPERATURE (F)   77        93      2015
 MINIMUM TEMPERATURE (F)   48        28      1898


SUNRISE AND SUNSET
MARCH 27 2017.........SUNRISE   618 AM MST   SUNSET   640 PM MST
MARCH 28 2017.........SUNRISE   617 AM MST   SUNSET   641 PM MST


-  INDICATES NEGATIVE NUMBERS.
R  INDICATES RECORD WAS SET OR TIED.
MM INDICATES DATA IS MISSING.
T  INDICATES TRACE AMOUNT.




$$
