000
CDUS45 KTWC 241431
CLITUS

CLIMATE REPORT
NATIONAL WEATHER SERVICE TUCSON AZ
730 AM MST TUE JAN 24 2017


...................................

...THE TUCSON AZ CLIMATE SUMMARY FOR JANUARY 24 2017...
VALID AS OF 0700 AM LOCAL TIME.

CLIMATE NORMAL PERIOD 1981 TO 2010
CLIMATE RECORD PERIOD 1895 TO 2017


WEATHER ITEM   OBSERVED TIME   RECORD YEAR NORMAL DEPARTURE LAST
                VALUE   (LST)  VALUE       VALUE  FROM      YEAR
                                                  NORMAL
..................................................................
TEMPERATURE (F)
 TODAY
  MINIMUM         40    659 AM  17    1937  40      0       39

PRECIPITATION (IN)
  TODAY            0.02          0.48 1962   0.03  -0.01     0.00
  MONTH TO DATE    1.19                      0.72   0.47     1.53
  SINCE OCT 1      2.87                      3.11  -0.24     4.41
  SINCE JAN 1      1.19                      0.72   0.47     1.53

DEGREE DAYS
 HEATING
  TODAY           22                        12     10       12

 COOLING
  TODAY            0                         0      0        0
..................................................................


WIND (MPH)
  HIGHEST WIND SPEED    18   HIGHEST WIND DIRECTION     W (290)
  HIGHEST GUST SPEED    26   HIGHEST GUST DIRECTION     W (290)
  AVERAGE WIND SPEED     6.7


SKY COVER
  POSSIBLE SUNSHINE  MM
  AVERAGE SKY COVER 0.6


WEATHER CONDITIONS
 THE FOLLOWING WEATHER WAS RECORDED TODAY.
  RAIN
  LIGHT RAIN


RELATIVE HUMIDITY (PERCENT)
 HIGHEST    89           500 AM

..........................................................


THE TUCSON AZ CLIMATE NORMALS FOR TOMORROW
                         NORMAL    RECORD    YEAR
 MAXIMUM TEMPERATURE (F)   66        82      2000
 MINIMUM TEMPERATURE (F)   40        17      1898


SUNRISE AND SUNSET
JANUARY 24 2017.......SUNRISE   722 AM MST   SUNSET   550 PM MST
JANUARY 25 2017.......SUNRISE   721 AM MST   SUNSET   551 PM MST


-  INDICATES NEGATIVE NUMBERS.
R  INDICATES RECORD WAS SET OR TIED.
MM INDICATES DATA IS MISSING.
T  INDICATES TRACE AMOUNT.




$$
