000
CDUS45 KTWC 300730
CLITUS

CLIMATE REPORT
NATIONAL WEATHER SERVICE TUCSON AZ
1230 AM MST SAT MAY 30 2015


...................................

...THE TUCSON AZ CLIMATE SUMMARY FOR MAY 29 2015...

CLIMATE NORMAL PERIOD 1981 TO 2010
CLIMATE RECORD PERIOD 1895 TO 2015


WEATHER ITEM   OBSERVED TIME   RECORD YEAR NORMAL DEPARTURE LAST
                VALUE   (LST)  VALUE       VALUE  FROM      YEAR
                                                  NORMAL
..................................................................
TEMPERATURE (F)
 YESTERDAY
  MAXIMUM         99    510 PM 111    1910  96      3       92
  MINIMUM         65    540 AM  43    1918  64      1       77
  AVERAGE         82                        80      2       85

PRECIPITATION (IN)
  YESTERDAY        0.00          0.37 1907   0.01  -0.01      T
  MONTH TO DATE    0.09                      0.22  -0.13      T
  SINCE OCT 1      7.20                      5.45   1.75     3.66
  SINCE JAN 1      3.70                      3.06   0.64     0.61

DEGREE DAYS
 HEATING
  YESTERDAY        0                         0      0        0
  MONTH TO DATE    3                         3      0        0
  SINCE MAR 1     63                       242   -179       66
  SINCE JUL 1    905                      1509   -604      899

 COOLING
  YESTERDAY       17                        15      2       20
  MONTH TO DATE  229                       317    -88      345
  SINCE MAR 1    464                       467     -3      533
  SINCE JAN 1    472                       471      1      557
..................................................................


WIND (MPH)
  HIGHEST WIND SPEED    17   HIGHEST WIND DIRECTION     N (350)
  HIGHEST GUST SPEED    23   HIGHEST GUST DIRECTION     N (350)
  AVERAGE WIND SPEED     6.7


SKY COVER
  POSSIBLE SUNSHINE  MM
  AVERAGE SKY COVER 0.0


WEATHER CONDITIONS
 THE FOLLOWING WEATHER WAS RECORDED YESTERDAY.
  NO SIGNIFICANT WEATHER WAS OBSERVED.


RELATIVE HUMIDITY (PERCENT)
 HIGHEST    29
 LOWEST      8
 AVERAGE    19

..........................................................


THE TUCSON AZ CLIMATE NORMALS FOR TODAY
                         NORMAL    RECORD    YEAR
 MAXIMUM TEMPERATURE (F)   96       110      1910
 MINIMUM TEMPERATURE (F)   64        42      1909


SUNRISE AND SUNSET
MAY 30 2015...........SUNRISE   519 AM MST   SUNSET   724 PM MST
MAY 31 2015...........SUNRISE   519 AM MST   SUNSET   725 PM MST


-  INDICATES NEGATIVE NUMBERS.
R  INDICATES RECORD WAS SET OR TIED.
MM INDICATES DATA IS MISSING.
T  INDICATES TRACE AMOUNT.




$$
