000
CDUS43 KAPX 242126
CLITVC


CLIMATE REPORT
NATIONAL WEATHER SERVICE GAYLORD MI
525 PM EDT SAT SEP 24 2016


...................................

...THE TRAVERSE CITY MI CLIMATE SUMMARY FOR SEPTEMBER 24 2016...
VALID TODAY AS OF 0500 PM LOCAL TIME.

CLIMATE NORMAL PERIOD 1981 TO 2010
CLIMATE RECORD PERIOD 1896 TO 2016


WEATHER ITEM   OBSERVED TIME   RECORD YEAR NORMAL DEPARTURE LAST
                VALUE   (LST)  VALUE       VALUE  FROM      YEAR
                                                  NORMAL
..................................................................
TEMPERATURE (F)
 TODAY
  MAXIMUM         71    359 PM  89    2007  67      4       78
  MINIMUM         48    451 AM  30    1943  47      1       55
  AVERAGE         60                        57      3       67

PRECIPITATION (IN)
  TODAY            0.00          3.06 1970   0.13  -0.13     0.00
  MONTH TO DATE    2.47                      2.86  -0.39     3.74
  SINCE SEP 1      2.47                      2.86  -0.39     3.74
  SINCE JAN 1     20.21                     23.97  -3.76    15.39

DEGREE DAYS
 HEATING
  TODAY            5                         9     -4        0
  MONTH TO DATE   24                       132   -108       44
  SINCE SEP 1     24                       132   -108       44
  SINCE JUL 1     33                       201   -168       91

 COOLING
  TODAY            0                         1     -1        2
  MONTH TO DATE   99                        36     63      122
  SINCE SEP 1     99                        36     63      122
  SINCE JAN 1    759                       405    354      555
..................................................................


WIND (MPH)
  RESULTANT WIND SPEED   3   RESULTANT WIND DIRECTION   E (110)
  HIGHEST WIND SPEED    14   HIGHEST WIND DIRECTION     E (90)
  HIGHEST GUST SPEED    18   HIGHEST GUST DIRECTION     E (100)
  AVERAGE WIND SPEED     3.5


SKY COVER
  POSSIBLE SUNSHINE  MM
  AVERAGE SKY COVER 0.4


WEATHER CONDITIONS
 THE FOLLOWING WEATHER WAS RECORDED TODAY.
  NO SIGNIFICANT WEATHER WAS OBSERVED.


RELATIVE HUMIDITY (PERCENT)
 HIGHEST    93           500 AM
 LOWEST     38           400 PM
 AVERAGE    66

..........................................................




SUNRISE AND SUNSET
SEPTEMBER 24 2016.....SUNRISE   732 AM EDT   SUNSET   735 PM EDT
SEPTEMBER 25 2016.....SUNRISE   734 AM EDT   SUNSET   733 PM EDT


-  INDICATES NEGATIVE NUMBERS.
R  INDICATES RECORD WAS SET OR TIED.
MM INDICATES DATA IS MISSING.
T  INDICATES TRACE AMOUNT.




$$
