000
CDUS43 KAPX 160533
CLITVC


CLIMATE REPORT
NATIONAL WEATHER SERVICE GAYLORD MI
1232 AM EST MON JAN 16 2017


...................................

...THE TRAVERSE CITY MI CLIMATE SUMMARY FOR JANUARY 15 2017...

CLIMATE NORMAL PERIOD 1981 TO 2010
CLIMATE RECORD PERIOD 1896 TO 2017


WEATHER ITEM   OBSERVED TIME   RECORD YEAR NORMAL DEPARTURE LAST
                VALUE   (LST)  VALUE       VALUE  FROM      YEAR
                                                  NORMAL
..................................................................
TEMPERATURE (F)
 YESTERDAY
  MAXIMUM         33    351 PM  52    1949  28      5       40
  MINIMUM          2    851 AM -19    1982  15    -13       26
  AVERAGE         18                        21     -3       33

PRECIPITATION (IN)
  YESTERDAY        0.00          0.48 1994   0.10  -0.10     0.01
  MONTH TO DATE    0.84                      1.46  -0.62     0.73
  SINCE DEC 1      2.07                      3.95  -1.88     3.72
  SINCE JAN 1      0.84                      1.46  -0.62     0.73

DEGREE DAYS
 HEATING
  YESTERDAY       47                        44      3       32
  MONTH TO DATE  642                       645     -3      595
  SINCE DEC 1   1762                      1834    -72     1416
  SINCE JUL 1   2721                      3453   -732     2596
..................................................................


WIND (MPH)
  HIGHEST WIND SPEED    12   HIGHEST WIND DIRECTION     W (260)
  HIGHEST GUST SPEED    15   HIGHEST GUST DIRECTION     S (200)
  AVERAGE WIND SPEED     2.2




RELATIVE HUMIDITY (PERCENT)
 HIGHEST    95
 LOWEST     59
 AVERAGE    77

..........................................................


THE TRAVERSE CITY MI CLIMATE NORMALS FOR TODAY
                         NORMAL    RECORD    YEAR
 MAXIMUM TEMPERATURE (F)   28        53      1949
 MINIMUM TEMPERATURE (F)   15       -15      1965


SUNRISE AND SUNSET
JANUARY 16 2017.......SUNRISE   815 AM EST   SUNSET   529 PM EST
JANUARY 17 2017.......SUNRISE   815 AM EST   SUNSET   531 PM EST


-  INDICATES NEGATIVE NUMBERS.
R  INDICATES RECORD WAS SET OR TIED.
MM INDICATES DATA IS MISSING.
T  INDICATES TRACE AMOUNT.




$$
