000
CDUS43 KAPX 020528
CLITVC


CLIMATE REPORT
NATIONAL WEATHER SERVICE GAYLORD MI
127 AM EDT MON MAY 2 2016


...................................

...THE TRAVERSE CITY MI CLIMATE SUMMARY FOR MAY 1 2016...

CLIMATE NORMAL PERIOD 1981 TO 2010
CLIMATE RECORD PERIOD 1896 TO 2016


WEATHER ITEM   OBSERVED TIME   RECORD YEAR NORMAL DEPARTURE LAST
                VALUE   (LST)  VALUE       VALUE  FROM      YEAR
                                                  NORMAL
..................................................................
TEMPERATURE (F)
 YESTERDAY
  MAXIMUM         57    529 PM  85    1951  61     -4       62
  MINIMUM         40   1159 PM  21    1961  37      3       32
  AVERAGE         49                        49      0       47

PRECIPITATION (IN)
  YESTERDAY        0.05          0.83 1947   0.08  -0.03     0.00
  MONTH TO DATE    0.05                      0.08  -0.03     0.00
  SINCE MAR 1      5.61                      4.72   0.89     1.93
  SINCE JAN 1      8.40                      9.04  -0.64     2.71

DEGREE DAYS
 HEATING
  YESTERDAY       16                        17     -1       18
  MONTH TO DATE   16                        17     -1       18
  SINCE MAR 1   1575                      1744   -169     1751
  SINCE JUL 1   5885                      7084  -1199     7483

 COOLING
  YESTERDAY        0                         0      0        0
  MONTH TO DATE    0                         0      0        0
  SINCE MAR 1      0                         3     -3        0
  SINCE JAN 1      0                         3     -3        0
..................................................................


WIND (MPH)
  HIGHEST WIND SPEED    14   HIGHEST WIND DIRECTION     E (70)
  HIGHEST GUST SPEED    19   HIGHEST GUST DIRECTION    NE (60)
  AVERAGE WIND SPEED     5.3




RELATIVE HUMIDITY (PERCENT)
 HIGHEST    82
 LOWEST     55
 AVERAGE    69

..........................................................


THE TRAVERSE CITY MI CLIMATE NORMALS FOR TODAY
                         NORMAL    RECORD    YEAR
 MAXIMUM TEMPERATURE (F)   61        88      1959
 MINIMUM TEMPERATURE (F)   37        17      1966


SUNRISE AND SUNSET
MAY  2 2016...........SUNRISE   630 AM EDT   SUNSET   849 PM EDT
MAY  3 2016...........SUNRISE   629 AM EDT   SUNSET   850 PM EDT


-  INDICATES NEGATIVE NUMBERS.
R  INDICATES RECORD WAS SET OR TIED.
MM INDICATES DATA IS MISSING.
T  INDICATES TRACE AMOUNT.




$$
