000
CDUS43 KAPX 140526
CLITVC


CLIMATE REPORT
NATIONAL WEATHER SERVICE GAYLORD MI
126 AM EDT MON JUL 14 2014


...................................

...THE TRAVERSE CITY MI CLIMATE SUMMARY FOR JULY 13 2014...

CLIMATE NORMAL PERIOD 1981 TO 2010
CLIMATE RECORD PERIOD 1896 TO 2014


WEATHER ITEM   OBSERVED TIME   RECORD YEAR NORMAL DEPARTURE LAST
                VALUE   (LST)  VALUE       VALUE  FROM      YEAR
                                                  NORMAL
..................................................................
TEMPERATURE (F)
 YESTERDAY
  MAXIMUM         78    204 PM 100    1936  81     -3       88
  MINIMUM         58   1159 PM  44    1976  58      0       61
  AVERAGE         68                        69     -1       75

PRECIPITATION (IN)
  YESTERDAY        0.00          1.46 1964   0.10  -0.10     0.00
  MONTH TO DATE    1.13                      1.23  -0.10     1.10
  SINCE JUN 1      3.80                      4.39  -0.59     2.48
  SINCE JAN 1     13.48                     15.94  -2.46    14.86

DEGREE DAYS
 HEATING
  YESTERDAY        0                         1     -1        0
  MONTH TO DATE   25                        14     11        5
  SINCE JUN 1     97                       126    -29      107
  SINCE JUL 1     25                        14     11        5

 COOLING
  YESTERDAY        3                         5     -2       10
  MONTH TO DATE   41                        65    -24       87
  SINCE JUN 1    148                       146      2      174
  SINCE JAN 1    157                       166     -9      216
..................................................................


WIND (MPH)
  HIGHEST WIND SPEED    20   HIGHEST WIND DIRECTION     W (290)
  HIGHEST GUST SPEED    26   HIGHEST GUST DIRECTION     W (260)
  AVERAGE WIND SPEED     6.8




RELATIVE HUMIDITY (PERCENT)
 HIGHEST    93
 LOWEST     46
 AVERAGE    70

..........................................................


THE TRAVERSE CITY MI CLIMATE NORMALS FOR TODAY
                         NORMAL    RECORD    YEAR
 MAXIMUM TEMPERATURE (F)   81        98      1995
 MINIMUM TEMPERATURE (F)   58        43      1950


SUNRISE AND SUNSET
JULY 14 2014..........SUNRISE   610 AM EDT   SUNSET   926 PM EDT
JULY 15 2014..........SUNRISE   611 AM EDT   SUNSET   925 PM EDT


-  INDICATES NEGATIVE NUMBERS.
R  INDICATES RECORD WAS SET OR TIED.
MM INDICATES DATA IS MISSING.
T  INDICATES TRACE AMOUNT.




$$
