000
CDUS43 KAPX 220534
CLITVC


CLIMATE REPORT
NATIONAL WEATHER SERVICE GAYLORD MI
134 AM EDT TUE JUL 22 2014


...................................

...THE TRAVERSE CITY MI CLIMATE SUMMARY FOR JULY 21 2014...

CLIMATE NORMAL PERIOD 1981 TO 2010
CLIMATE RECORD PERIOD 1896 TO 2014


WEATHER ITEM   OBSERVED TIME   RECORD YEAR NORMAL DEPARTURE LAST
                VALUE   (LST)  VALUE       VALUE  FROM      YEAR
                                                  NORMAL
..................................................................
TEMPERATURE (F)
 YESTERDAY
  MAXIMUM         87    342 PM  96    1901  80      7       77
  MINIMUM         63   1220 AM  37    1992  58      5       47
  AVERAGE         75                        69      6       62

PRECIPITATION (IN)
  YESTERDAY        0.00          2.24 1983   0.10  -0.10     0.00
  MONTH TO DATE    1.35                      2.03  -0.68     1.11
  SINCE JUN 1      4.02                      5.19  -1.17     2.49
  SINCE JAN 1     13.70                     16.74  -3.04    14.87

DEGREE DAYS
 HEATING
  YESTERDAY        0                         1     -1        3
  MONTH TO DATE   37                        22     15        9
  SINCE JUN 1    109                       134    -25      111
  SINCE JUL 1     37                        22     15        9

 COOLING
  YESTERDAY       10                         5      5        0
  MONTH TO DATE   66                       105    -39      185
  SINCE JUN 1    173                       186    -13      272
  SINCE JAN 1    182                       206    -24      314
..................................................................


WIND (MPH)
  HIGHEST WIND SPEED    15   HIGHEST WIND DIRECTION     W (260)
  HIGHEST GUST SPEED    25   HIGHEST GUST DIRECTION    SW (230)
  AVERAGE WIND SPEED     4.8




RELATIVE HUMIDITY (PERCENT)
 HIGHEST    84
 LOWEST     40
 AVERAGE    62

..........................................................


THE TRAVERSE CITY MI CLIMATE NORMALS FOR TODAY
                         NORMAL    RECORD    YEAR
 MAXIMUM TEMPERATURE (F)   80        96      1987
 MINIMUM TEMPERATURE (F)   58        46      1981


SUNRISE AND SUNSET
JULY 22 2014..........SUNRISE   618 AM EDT   SUNSET   919 PM EDT
JULY 23 2014..........SUNRISE   619 AM EDT   SUNSET   918 PM EDT


-  INDICATES NEGATIVE NUMBERS.
R  INDICATES RECORD WAS SET OR TIED.
MM INDICATES DATA IS MISSING.
T  INDICATES TRACE AMOUNT.




$$
