000
CDUS43 KAPX 270538
CLITVC


CLIMATE REPORT
NATIONAL WEATHER SERVICE GAYLORD MI
138 AM EDT FRI MAR 27 2015


...................................

...THE TRAVERSE CITY MI CLIMATE SUMMARY FOR MARCH 26 2015...

CLIMATE NORMAL PERIOD 1981 TO 2010
CLIMATE RECORD PERIOD 1896 TO 2015


WEATHER ITEM   OBSERVED TIME   RECORD YEAR NORMAL DEPARTURE LAST
                VALUE   (LST)  VALUE       VALUE  FROM      YEAR
                                                  NORMAL
..................................................................
TEMPERATURE (F)
 YESTERDAY
  MAXIMUM         39    227 AM  75    1925  44     -5       31
  MINIMUM         20   1124 PM  -7    1923  25     -5       -1
  AVERAGE         30                        34     -4       15

PRECIPITATION (IN)
  YESTERDAY        T             0.54 1948   0.07  -0.07     0.00
  MONTH TO DATE    0.40                      1.52  -1.12     0.32
  SINCE MAR 1      0.40                      1.52  -1.12     0.32
  SINCE JAN 1      1.18                      5.84  -4.66     1.74

DEGREE DAYS
 HEATING
  YESTERDAY       35                        30      5       50
  MONTH TO DATE  907                       916     -9     1184
  SINCE MAR 1    907                       916     -9     1184
  SINCE JUL 1   6639                      6256    383     6906

 COOLING
  YESTERDAY        0                         0      0        0
  MONTH TO DATE    0                         0      0        0
  SINCE MAR 1      0                         0      0        0
  SINCE JAN 1      0                         0      0        0
..................................................................


WIND (MPH)
  HIGHEST WIND SPEED    18   HIGHEST WIND DIRECTION     N (340)
  HIGHEST GUST SPEED    24   HIGHEST GUST DIRECTION    NW (330)
  AVERAGE WIND SPEED    11.1




RELATIVE HUMIDITY (PERCENT)
 HIGHEST    81
 LOWEST     59
 AVERAGE    70

..........................................................


THE TRAVERSE CITY MI CLIMATE NORMALS FOR TODAY
                         NORMAL    RECORD    YEAR
 MAXIMUM TEMPERATURE (F)   45        81      1945
 MINIMUM TEMPERATURE (F)   25        -7      1965


SUNRISE AND SUNSET
MARCH 27 2015.........SUNRISE   733 AM EDT   SUNSET   803 PM EDT
MARCH 28 2015.........SUNRISE   731 AM EDT   SUNSET   805 PM EDT


-  INDICATES NEGATIVE NUMBERS.
R  INDICATES RECORD WAS SET OR TIED.
MM INDICATES DATA IS MISSING.
T  INDICATES TRACE AMOUNT.




$$
