000
CDUS43 KAPX 022143
CLITVC


CLIMATE REPORT
NATIONAL WEATHER SERVICE GAYLORD MI
542 PM EDT TUE SEP 2 2014


...................................

...THE TRAVERSE CITY MI CLIMATE SUMMARY FOR SEPTEMBER 2 2014...
VALID TODAY AS OF 0500 PM LOCAL TIME.

CLIMATE NORMAL PERIOD 1981 TO 2010
CLIMATE RECORD PERIOD 1896 TO 2014


WEATHER ITEM   OBSERVED TIME   RECORD YEAR NORMAL DEPARTURE LAST
                VALUE   (LST)  VALUE       VALUE  FROM      YEAR
                                                  NORMAL
..................................................................
TEMPERATURE (F)
 TODAY
  MAXIMUM         76    359 PM  96    1953  75      1       64
  MINIMUM         62    612 AM  33    1976  54      8       56
  AVERAGE         69                        64      5       60

PRECIPITATION (IN)
  TODAY            0.00          1.69 1984   0.12  -0.12     0.04
  MONTH TO DATE    0.43                      0.24   0.19     0.08
  SINCE SEP 1      0.43                      0.24   0.19     0.08
  SINCE JAN 1     17.23                     21.35  -4.12    20.65

DEGREE DAYS
 HEATING
  TODAY            0                         3     -3        5
  MONTH TO DATE    0                         6     -6        5
  SINCE SEP 1      0                         6     -6        5
  SINCE JUL 1     79                        75      4       55

 COOLING
  TODAY            4                         2      2        0
  MONTH TO DATE   12                         5      7        7
  SINCE SEP 1     12                         5      7        7
  SINCE JAN 1    344                       374    -30      484
..................................................................


WIND (MPH)
  RESULTANT WIND SPEED   6   RESULTANT WIND DIRECTION   W (250)
  HIGHEST WIND SPEED    17   HIGHEST WIND DIRECTION     W (290)
  HIGHEST GUST SPEED    22   HIGHEST GUST DIRECTION     W (280)
  AVERAGE WIND SPEED     6.6


SKY COVER
  POSSIBLE SUNSHINE  MM
  AVERAGE SKY COVER 0.4


WEATHER CONDITIONS
 THE FOLLOWING WEATHER WAS RECORDED TODAY.
  NO SIGNIFICANT WEATHER WAS OBSERVED.


RELATIVE HUMIDITY (PERCENT)
 HIGHEST    93          1200 AM
 LOWEST     46          1100 AM
 AVERAGE    70

..........................................................




SUNRISE AND SUNSET
SEPTEMBER  2 2014.....SUNRISE   706 AM EDT   SUNSET   817 PM EDT
SEPTEMBER  3 2014.....SUNRISE   707 AM EDT   SUNSET   815 PM EDT


-  INDICATES NEGATIVE NUMBERS.
R  INDICATES RECORD WAS SET OR TIED.
MM INDICATES DATA IS MISSING.
T  INDICATES TRACE AMOUNT.




$$
