000
CDUS43 KAPX 280637
CLITVC


CLIMATE REPORT
NATIONAL WEATHER SERVICE GAYLORD MI
237 AM EDT SUN AUG 28 2016


...................................

...THE TRAVERSE CITY MI CLIMATE SUMMARY FOR AUGUST 27 2016...

CLIMATE NORMAL PERIOD 1981 TO 2010
CLIMATE RECORD PERIOD 1896 TO 2016


WEATHER ITEM   OBSERVED TIME   RECORD YEAR NORMAL DEPARTURE LAST
                VALUE   (LST)  VALUE       VALUE  FROM      YEAR
                                                  NORMAL
..................................................................
TEMPERATURE (F)
 YESTERDAY
  MAXIMUM         75    621 PM  96    1973  76     -1       76
  MINIMUM         60    111 AM  37    1915  56      4       57
  AVERAGE         68                        66      2       67

PRECIPITATION (IN)
  YESTERDAY        0.16          2.80 2013   0.11   0.05     0.00
  MONTH TO DATE    3.67                      2.94   0.73     1.75
  SINCE JUN 1      7.88                      9.12  -1.24     4.84
  SINCE JAN 1     17.74                     20.67  -2.93    11.32

DEGREE DAYS
 HEATING
  YESTERDAY        0                         2     -2        0
  MONTH TO DATE    0                        31    -31       19
  SINCE JUN 1     73                       171    -98      135
  SINCE JUL 1      9                        59    -50       47

 COOLING
  YESTERDAY        3                         3      0        2
  MONTH TO DATE  239                       105    134      159
  SINCE JUN 1    581                       338    243      380
  SINCE JAN 1    631                       358    273      415
..................................................................


WIND (MPH)
  HIGHEST WIND SPEED    10   HIGHEST WIND DIRECTION    SE (140)
  HIGHEST GUST SPEED    18   HIGHEST GUST DIRECTION    SE (150)
  AVERAGE WIND SPEED     2.7




RELATIVE HUMIDITY (PERCENT)
 HIGHEST    90
 LOWEST     74
 AVERAGE    82

..........................................................


THE TRAVERSE CITY MI CLIMATE NORMALS FOR TODAY
                         NORMAL    RECORD    YEAR
 MAXIMUM TEMPERATURE (F)   76        95      1991
 MINIMUM TEMPERATURE (F)   55        36      1968


SUNRISE AND SUNSET
AUGUST 28 2016........SUNRISE   700 AM EDT   SUNSET   825 PM EDT
AUGUST 29 2016........SUNRISE   702 AM EDT   SUNSET   824 PM EDT


-  INDICATES NEGATIVE NUMBERS.
R  INDICATES RECORD WAS SET OR TIED.
MM INDICATES DATA IS MISSING.
T  INDICATES TRACE AMOUNT.




$$
