000
CDUS43 KAPX 280530
CLITVC


CLIMATE REPORT
NATIONAL WEATHER SERVICE GAYLORD MI
128 AM EDT TUE JUL 28 2015


...................................

...THE TRAVERSE CITY MI CLIMATE SUMMARY FOR JULY 27 2015...

CLIMATE NORMAL PERIOD 1981 TO 2010
CLIMATE RECORD PERIOD 1896 TO 2015


WEATHER ITEM   OBSERVED TIME   RECORD YEAR NORMAL DEPARTURE LAST
                VALUE   (LST)  VALUE       VALUE  FROM      YEAR
                                                  NORMAL
..................................................................
TEMPERATURE (F)
 YESTERDAY
  MAXIMUM         92   1251 PM  99    1941  80     12       77
  MINIMUM         61    555 AM  43    2001  58      3       61
  AVERAGE         77                        69      8       69

PRECIPITATION (IN)
  YESTERDAY        0.00          0.93 2012   0.10  -0.10     0.46
  MONTH TO DATE    1.07                      2.60  -1.53     2.10
  SINCE JUN 1      3.09                      5.76  -2.67     4.77
  SINCE JAN 1      9.57                     17.31  -7.74    14.45

DEGREE DAYS
 HEATING
  YESTERDAY        0                         1     -1        0
  MONTH TO DATE   28                        28      0       45
  SINCE JUN 1    116                       140    -24      117
  SINCE JUL 1     28                        28      0       45

 COOLING
  YESTERDAY       12                         5      7        4
  MONTH TO DATE  147                       135     12       89
  SINCE JUN 1    171                       216    -45      196
  SINCE JAN 1    206                       236    -30      205
..................................................................


WIND (MPH)
  HIGHEST WIND SPEED    12   HIGHEST WIND DIRECTION    NE (40)
  HIGHEST GUST SPEED    16   HIGHEST GUST DIRECTION     N (20)
  AVERAGE WIND SPEED     3.4




RELATIVE HUMIDITY (PERCENT)
 HIGHEST    90
 LOWEST     36
 AVERAGE    63

..........................................................


THE TRAVERSE CITY MI CLIMATE NORMALS FOR TODAY
                         NORMAL    RECORD    YEAR
 MAXIMUM TEMPERATURE (F)   80        98      1941
 MINIMUM TEMPERATURE (F)   58        43      1978


SUNRISE AND SUNSET
JULY 28 2015..........SUNRISE   624 AM EDT   SUNSET   913 PM EDT
JULY 29 2015..........SUNRISE   625 AM EDT   SUNSET   912 PM EDT


-  INDICATES NEGATIVE NUMBERS.
R  INDICATES RECORD WAS SET OR TIED.
MM INDICATES DATA IS MISSING.
T  INDICATES TRACE AMOUNT.




$$
