000
CDUS43 KAPX 130547
CLITVC


CLIMATE REPORT
NATIONAL WEATHER SERVICE GAYLORD MI
1242 AM EST WED DEC 13 2017


...................................

...THE TRAVERSE CITY MI CLIMATE SUMMARY FOR DECEMBER 12 2017...

CLIMATE NORMAL PERIOD 1981 TO 2010
CLIMATE RECORD PERIOD 1896 TO 2017


WEATHER ITEM   OBSERVED TIME   RECORD YEAR NORMAL DEPARTURE LAST
                VALUE   (LST)  VALUE       VALUE  FROM      YEAR
                                                  NORMAL
..................................................................
TEMPERATURE (F)
 YESTERDAY
  MAXIMUM         26   1213 AM  58    1949  33     -7       33
  MINIMUM         16   1010 AM  -8    1989  22     -6       26
  AVERAGE         21                        28     -7       30

PRECIPITATION (IN)
  YESTERDAY        0.06          0.70 1991   0.08  -0.02     0.03
  MONTH TO DATE    0.86                      0.97  -0.11     0.57
  SINCE DEC 1      0.86                      0.97  -0.11     0.57
  SINCE JAN 1     32.15                     31.53   0.62    25.74

DEGREE DAYS
 HEATING
  YESTERDAY       44                        37      7       35
  MONTH TO DATE  400                       427    -27      394
  SINCE DEC 1    400                       427    -27      394
  SINCE JUL 1   1694                      2046   -352     1353
..................................................................


WIND (MPH)
  HIGHEST WIND SPEED    29   HIGHEST WIND DIRECTION    NW (320)
  HIGHEST GUST SPEED    40   HIGHEST GUST DIRECTION    NW (310)
  AVERAGE WIND SPEED    13.8




RELATIVE HUMIDITY (PERCENT)
 HIGHEST    92
 LOWEST     54
 AVERAGE    73

..........................................................


THE TRAVERSE CITY MI CLIMATE NORMALS FOR TODAY
                         NORMAL    RECORD    YEAR
 MAXIMUM TEMPERATURE (F)   33        60      2015
 MINIMUM TEMPERATURE (F)   22        -4      1937


SUNRISE AND SUNSET
DECEMBER 13 2017......SUNRISE   811 AM EST   SUNSET   502 PM EST
DECEMBER 14 2017......SUNRISE   812 AM EST   SUNSET   502 PM EST


-  INDICATES NEGATIVE NUMBERS.
R  INDICATES RECORD WAS SET OR TIED.
MM INDICATES DATA IS MISSING.
T  INDICATES TRACE AMOUNT.




$$
