000
CDUS43 KAPX 210527
CLITVC


CLIMATE REPORT
NATIONAL WEATHER SERVICE GAYLORD MI
126 AM EDT SUN SEP 21 2014


...................................

...THE TRAVERSE CITY MI CLIMATE SUMMARY FOR SEPTEMBER 20 2014...

CLIMATE NORMAL PERIOD 1981 TO 2010
CLIMATE RECORD PERIOD 1896 TO 2014


WEATHER ITEM   OBSERVED TIME   RECORD YEAR NORMAL DEPARTURE LAST
                VALUE   (LST)  VALUE       VALUE  FROM      YEAR
                                                  NORMAL
..................................................................
TEMPERATURE (F)
 YESTERDAY
  MAXIMUM         75   1209 PM  90    1908  68      7       72
  MINIMUM         62   1153 PM  32    1937  48     14       62
  AVERAGE         69                        58     11       67

PRECIPITATION (IN)
  YESTERDAY        0.75          1.78 1965   0.13   0.62     0.14
                                      1931
  MONTH TO DATE    4.94                      2.37   2.57     2.75
  SINCE SEP 1      4.94                      2.37   2.57     2.75
  SINCE JAN 1     21.74                     23.48  -1.74    23.32

DEGREE DAYS
 HEATING
  YESTERDAY        0                         8     -8        0
  MONTH TO DATE  106                        98      8       85
  SINCE SEP 1    106                        98      8       85
  SINCE JUL 1    185                       167     18      135

 COOLING
  YESTERDAY        4                         1      3        2
  MONTH TO DATE   42                        32     10       52
  SINCE SEP 1     42                        32     10       52
  SINCE JAN 1    374                       401    -27      529
..................................................................


WIND (MPH)
  HIGHEST WIND SPEED    16   HIGHEST WIND DIRECTION    SW (230)
  HIGHEST GUST SPEED    26   HIGHEST GUST DIRECTION    SW (230)
  AVERAGE WIND SPEED     7.6




RELATIVE HUMIDITY (PERCENT)
 HIGHEST    87
 LOWEST     48
 AVERAGE    68

..........................................................


THE TRAVERSE CITY MI CLIMATE NORMALS FOR TODAY
                         NORMAL    RECORD    YEAR
 MAXIMUM TEMPERATURE (F)   68        88      1914
 MINIMUM TEMPERATURE (F)   48        33      1973


SUNRISE AND SUNSET
SEPTEMBER 21 2014.....SUNRISE   728 AM EDT   SUNSET   742 PM EDT
SEPTEMBER 22 2014.....SUNRISE   729 AM EDT   SUNSET   740 PM EDT


-  INDICATES NEGATIVE NUMBERS.
R  INDICATES RECORD WAS SET OR TIED.
MM INDICATES DATA IS MISSING.
T  INDICATES TRACE AMOUNT.




$$
