000
CDUS44 KJAN 300634
CLITVR


CLIMATE REPORT
NATIONAL WEATHER SERVICE JACKSON MS
127 AM CDT TUE SEP 30 2014


...................................

...THE VICKSBURG CLIMATE SUMMARY FOR SEPTEMBER 29 2014...

CLIMATE NORMAL PERIOD 1981 TO 2010
CLIMATE RECORD PERIOD 1948 TO 2014


WEATHER ITEM   OBSERVED TIME   RECORD YEAR NORMAL DEPARTURE LAST
                VALUE   (LST)  VALUE       VALUE  FROM      YEAR
                                                  NORMAL
..................................................................
TEMPERATURE (F)
 YESTERDAY
  MAXIMUM         90        MM  96    1953  83      7       77
  MINIMUM         66        MM  34    1967  59      7       67
  AVERAGE         78                        71      7       72

PRECIPITATION (IN)
  YESTERDAY        0.02          1.59 1999   0.10  -0.08      T
  MONTH TO DATE    1.00                      2.79  -1.79     5.65
  SINCE SEP 1      1.00                      2.79  -1.79     5.65
  SINCE JAN 1     45.24                     39.36   5.88    53.80

SNOWFALL (IN)
  YESTERDAY        0.0

DEGREE DAYS
 HEATING
  YESTERDAY        0                         1     -1        0
  MONTH TO DATE    0                         2     -2        0
  SINCE SEP 1      0                         2     -2        0
  SINCE JUL 1      0                         2     -2        0

 COOLING
  YESTERDAY       13                         7      6        7
  MONTH TO DATE  375                       301     74      393
  SINCE SEP 1    375                       301     74      393
  SINCE JAN 1   2033                      2090    -57     2100
..................................................................


WIND (MPH)
  HIGHEST WIND SPEED    14   HIGHEST WIND DIRECTION     N (20)
  HIGHEST GUST SPEED    17   HIGHEST GUST DIRECTION    MM
  AVERAGE WIND SPEED     5.4


SKY COVER
  POSSIBLE SUNSHINE  MM
  AVERAGE SKY COVER 0.6


WEATHER CONDITIONS
 THE FOLLOWING WEATHER WAS RECORDED YESTERDAY.
  NO SIGNIFICANT WEATHER WAS OBSERVED.


RELATIVE HUMIDITY (PERCENT)
 HIGHEST    93          1200 AM
 LOWEST     47           200 PM
 AVERAGE    70

..........................................................


THE VICKSBURG CLIMATE NORMALS FOR TODAY
                         NORMAL    RECORD    YEAR
 MAXIMUM TEMPERATURE (F)   83        95      1994
 MINIMUM TEMPERATURE (F)   59        35      1949


SUNRISE AND SUNSET
SEPTEMBER 30 2014.....SUNRISE   657 AM CDT   SUNSET   650 PM CDT
OCTOBER  1 2014.......SUNRISE   658 AM CDT   SUNSET   649 PM CDT


-  INDICATES NEGATIVE NUMBERS.
R  INDICATES RECORD WAS SET OR TIED.
MM INDICATES DATA IS MISSING.
T  INDICATES TRACE AMOUNT.




$$
