000
CDUS44 KJAN 162213
CLITVR


CLIMATE REPORT
NATIONAL WEATHER SERVICE JACKSON MS
411 PM CST TUE JAN 16 2018


...................................

...THE VICKSBURG CLIMATE SUMMARY FOR JANUARY 16 2018...
VALID TODAY AS OF 0400 PM LOCAL TIME.

CLIMATE NORMAL PERIOD 1981 TO 2010
CLIMATE RECORD PERIOD 1948 TO 2018


WEATHER ITEM   OBSERVED TIME   RECORD YEAR NORMAL DEPARTURE LAST
                VALUE   (LST)  VALUE       VALUE  FROM      YEAR
                                                  NORMAL
..................................................................
TEMPERATURE (F)
 TODAY
  MAXIMUM         43   1200 AM  78    2017  55    -12       78
  MINIMUM         21    213 PM  16    1963  35    -14       53
  AVERAGE         32                        45    -13       66

PRECIPITATION (IN)
  TODAY            T             1.61 2010   0.15  -0.15     0.01
  MONTH TO DATE    1.95                      2.49  -0.54     1.21
  SINCE DEC 1      4.36                      8.10  -3.74     7.48
  SINCE JAN 1      1.95                      2.49  -0.54     1.21

SNOWFALL (IN)
  TODAY           MM

DEGREE DAYS
 HEATING
  TODAY           33                        20     13        0
  MONTH TO DATE  426                       319    107      200
  SINCE DEC 1    982                       854    128      660
  SINCE JUL 1   1339                      1256     83      937

 COOLING
  TODAY            0                         0      0        1
  MONTH TO DATE    0                         0      0       13
  SINCE DEC 1      6                         6      0       41
  SINCE JAN 1      0                         0      0       13
..................................................................


WIND (MPH)
  HIGHEST WIND SPEED    25   HIGHEST WIND DIRECTION     N (10)
  HIGHEST GUST SPEED    32   HIGHEST GUST DIRECTION     N (10)
  AVERAGE WIND SPEED    16.8


SKY COVER
  POSSIBLE SUNSHINE  MM
  AVERAGE SKY COVER 1.0


WEATHER CONDITIONS
 THE FOLLOWING WEATHER WAS RECORDED TODAY.
  LIGHT SNOW
  FOG


RELATIVE HUMIDITY (PERCENT)
 HIGHEST    92           700 AM
 LOWEST     65          1200 AM
 AVERAGE    79

..........................................................


THE VICKSBURG CLIMATE NORMALS FOR TOMORROW
                         NORMAL    RECORD    YEAR
 MAXIMUM TEMPERATURE (F)   55        74      1996
                                             1950
 MINIMUM TEMPERATURE (F)   35        12      1982
                                             1977


SUNRISE AND SUNSET
JANUARY 16 2018.......SUNRISE   705 AM CST   SUNSET   523 PM CST
JANUARY 17 2018.......SUNRISE   705 AM CST   SUNSET   524 PM CST


-  INDICATES NEGATIVE NUMBERS.
R  INDICATES RECORD WAS SET OR TIED.
MM INDICATES DATA IS MISSING.
T  INDICATES TRACE AMOUNT.




$$
