000
CDUS44 KJAN 130631
CLITVR


CLIMATE REPORT
NATIONAL WEATHER SERVICE JACKSON MS
1228 AM CST SAT FEB 13 2016


...................................

...THE VICKSBURG CLIMATE SUMMARY FOR FEBRUARY 12 2016...

CLIMATE NORMAL PERIOD 1981 TO 2010
CLIMATE RECORD PERIOD 1948 TO 2016


WEATHER ITEM   OBSERVED TIME   RECORD YEAR NORMAL DEPARTURE LAST
                VALUE   (LST)  VALUE       VALUE  FROM      YEAR
                                                  NORMAL
..................................................................
TEMPERATURE (F)
 YESTERDAY
  MAXIMUM         67    432 PM  79    1999  59      8       52
  MINIMUM         39    714 AM  15    1981  39      0       30
  AVERAGE         53                        49      4       41

PRECIPITATION (IN)
  YESTERDAY        0.00          2.01 2013   0.21  -0.21     0.00
  MONTH TO DATE    0.28                      2.20  -1.92     0.43
  SINCE DEC 1     11.53                     12.88  -1.35    10.59
  SINCE JAN 1      5.98                      7.27  -1.29     6.00

SNOWFALL (IN)
  YESTERDAY        0.0

DEGREE DAYS
 HEATING
  YESTERDAY       12                        16     -4       24
  MONTH TO DATE  174                       207    -33      226
  SINCE DEC 1   1037                      1349   -312     1315
  SINCE JUL 1   1226                      1751   -525     1853

 COOLING
  YESTERDAY        0                         0      0        0
  MONTH TO DATE    5                         0      5        0
  SINCE DEC 1     68                         9     59        4
  SINCE JAN 1      6                         3      3        0
..................................................................


WIND (MPH)
  HIGHEST WIND SPEED    14   HIGHEST WIND DIRECTION     N (10)
  HIGHEST GUST SPEED    16   HIGHEST GUST DIRECTION     N (350)
  AVERAGE WIND SPEED     5.8


SKY COVER
  POSSIBLE SUNSHINE  MM
  AVERAGE SKY COVER 0.0


WEATHER CONDITIONS
 THE FOLLOWING WEATHER WAS RECORDED YESTERDAY.
  NO SIGNIFICANT WEATHER WAS OBSERVED.


RELATIVE HUMIDITY (PERCENT)
 HIGHEST    89           300 AM
 LOWEST     32           400 PM
 AVERAGE    61

..........................................................


THE VICKSBURG CLIMATE NORMALS FOR TODAY
                         NORMAL    RECORD    YEAR
 MAXIMUM TEMPERATURE (F)   60        81      1962
                                             1949
 MINIMUM TEMPERATURE (F)   39        17      1981


SUNRISE AND SUNSET
FEBRUARY 13 2016......SUNRISE   649 AM CST   SUNSET   548 PM CST
FEBRUARY 14 2016......SUNRISE   648 AM CST   SUNSET   549 PM CST


-  INDICATES NEGATIVE NUMBERS.
R  INDICATES RECORD WAS SET OR TIED.
MM INDICATES DATA IS MISSING.
T  INDICATES TRACE AMOUNT.




$$
