000
CDUS44 KJAN 302210
CLITVR


CLIMATE REPORT
NATIONAL WEATHER SERVICE JACKSON MS
509 PM CDT SAT APR 30 2016


...................................

...THE VICKSBURG CLIMATE SUMMARY FOR APRIL 30 2016...
VALID AS OF 0500 PM LOCAL TIME.

CLIMATE NORMAL PERIOD 1981 TO 2010
CLIMATE RECORD PERIOD 1948 TO 2016


WEATHER ITEM   OBSERVED TIME   RECORD YEAR NORMAL DEPARTURE LAST
                VALUE   (LST)  VALUE       VALUE  FROM      YEAR
                                                  NORMAL
..................................................................
TEMPERATURE (F)
 TODAY
  MAXIMUM         80    359 PM  90    1952  80      0       83
  MINIMUM         68   1238 PM  39    1965  57     11       48
  AVERAGE         74

PRECIPITATION (IN)
  TODAY            0.04          1.94 1956   0.17  -0.13     0.00
  MONTH TO DATE   10.44                      4.97   5.47     6.04
  SINCE MAR 1     22.63                     10.00  12.63    10.28
  SINCE JAN 1     32.63                     20.34  12.29    21.53

..................................................................










-  INDICATES NEGATIVE NUMBERS.
R  INDICATES RECORD WAS SET OR TIED.
MM INDICATES DATA IS MISSING.
T  INDICATES TRACE AMOUNT.




$$
