000
CDUS44 KJAN 250738
CLITVR


CLIMATE REPORT
NATIONAL WEATHER SERVICE JACKSON MS
233 AM CDT TUE APR 25 2017


...................................

...THE VICKSBURG CLIMATE SUMMARY FOR APRIL 24 2017...

CLIMATE NORMAL PERIOD 1981 TO 2010
CLIMATE RECORD PERIOD 1948 TO 2017


WEATHER ITEM   OBSERVED TIME   RECORD YEAR NORMAL DEPARTURE LAST
                VALUE   (LST)  VALUE       VALUE  FROM      YEAR
                                                  NORMAL
..................................................................
TEMPERATURE (F)
 YESTERDAY
  MAXIMUM         78    220 PM  89    1999  78      0       83
                                      1958
  MINIMUM         46    545 AM  39    2012  55     -9       60
                                      2005
  AVERAGE         62                        67     -5       72

PRECIPITATION (IN)
  YESTERDAY        0.00          1.75 2001   0.16  -0.16     0.00
  MONTH TO DATE    8.04                      4.03   4.01     9.76
  SINCE MAR 1     10.90                      9.06   1.84    21.95
  SINCE JAN 1     17.66                     19.40  -1.74    31.95

SNOWFALL (IN)
  YESTERDAY        0.0

DEGREE DAYS
 HEATING
  YESTERDAY        3                         2      1        0
  MONTH TO DATE   24                        91    -67       21
  SINCE MAR 1    198                       356   -158      129
  SINCE JUL 1   1474                      2332   -858     1507

 COOLING
  YESTERDAY        0                         4     -4        7
  MONTH TO DATE  110                        61     49       74
  SINCE MAR 1    196                        84    112      149
  SINCE JAN 1    247                        93    154      161
..................................................................


WIND (MPH)
  HIGHEST WIND SPEED    15   HIGHEST WIND DIRECTION     N (10)
  HIGHEST GUST SPEED    21   HIGHEST GUST DIRECTION    NW (300)
  AVERAGE WIND SPEED     4.5


SKY COVER
  POSSIBLE SUNSHINE  MM
  AVERAGE SKY COVER 0.0


WEATHER CONDITIONS
 THE FOLLOWING WEATHER WAS RECORDED YESTERDAY.
  FOG
  FOG W/VISIBILITY <= 1/4 MILE


RELATIVE HUMIDITY (PERCENT)
 HIGHEST   100          1200 AM
 LOWEST     29          1200 PM
 AVERAGE    65

..........................................................


THE VICKSBURG CLIMATE NORMALS FOR TODAY
                         NORMAL    RECORD    YEAR
 MAXIMUM TEMPERATURE (F)   78        92      1999
 MINIMUM TEMPERATURE (F)   56        40      1983


SUNRISE AND SUNSET
APRIL 25 2017.........SUNRISE   623 AM CDT   SUNSET   741 PM CDT
APRIL 26 2017.........SUNRISE   622 AM CDT   SUNSET   742 PM CDT


-  INDICATES NEGATIVE NUMBERS.
R  INDICATES RECORD WAS SET OR TIED.
MM INDICATES DATA IS MISSING.
T  INDICATES TRACE AMOUNT.




$$
