000
CDUS44 KJAN 170651
CLITVR


CLIMATE REPORT
NATIONAL WEATHER SERVICE JACKSON MS
147 AM CDT THU AUG 17 2017


...................................

...THE VICKSBURG CLIMATE SUMMARY FOR AUGUST 16 2017...

CLIMATE NORMAL PERIOD 1981 TO 2010
CLIMATE RECORD PERIOD 1948 TO 2017


WEATHER ITEM   OBSERVED TIME   RECORD YEAR NORMAL DEPARTURE LAST
                VALUE   (LST)  VALUE       VALUE  FROM      YEAR
                                                  NORMAL
..................................................................
TEMPERATURE (F)
 YESTERDAY
  MAXIMUM         91   1236 PM 101    1954  92     -1       92
  MINIMUM         74   1159 PM  55    1963  70      4       74
  AVERAGE         83                        81      2       83

PRECIPITATION (IN)
  YESTERDAY        0.81          2.81 1985   0.10   0.71     0.93
  MONTH TO DATE    5.25                      1.62   3.63     4.02
  SINCE JUN 1     17.86                      9.24   8.62    13.23
  SINCE JAN 1     45.28                     34.54  10.74    48.70

SNOWFALL (IN)
  YESTERDAY        0.0

DEGREE DAYS
 HEATING
  YESTERDAY        0                         0      0        0
  MONTH TO DATE    0                         0      0        0
  SINCE JUN 1      0                         0      0        0
  SINCE JUL 1      0                         0      0        0

 COOLING
  YESTERDAY       18                        16      2       18
  MONTH TO DATE  255                       266    -11      317
  SINCE JUN 1   1195                      1194      1     1440
  SINCE JAN 1   1695                      1564    131     1955
..................................................................


WIND (MPH)
  HIGHEST WIND SPEED    16   HIGHEST WIND DIRECTION     S (170)
  HIGHEST GUST SPEED    21   HIGHEST GUST DIRECTION     W (250)
  AVERAGE WIND SPEED     4.2


SKY COVER
  POSSIBLE SUNSHINE  MM
  AVERAGE SKY COVER 0.5


WEATHER CONDITIONS
 THE FOLLOWING WEATHER WAS RECORDED YESTERDAY.
  THUNDERSTORM
  HEAVY RAIN
  RAIN
  LIGHT RAIN
  FOG


RELATIVE HUMIDITY (PERCENT)
 HIGHEST   100          1000 PM
 LOWEST     70          1200 PM
 AVERAGE    85

..........................................................


THE VICKSBURG CLIMATE NORMALS FOR TODAY
                         NORMAL    RECORD    YEAR
 MAXIMUM TEMPERATURE (F)   92       101      1952
                                             1951
 MINIMUM TEMPERATURE (F)   70        55      2004


SUNRISE AND SUNSET
AUGUST 17 2017........SUNRISE   630 AM CDT   SUNSET   746 PM CDT
AUGUST 18 2017........SUNRISE   630 AM CDT   SUNSET   745 PM CDT


-  INDICATES NEGATIVE NUMBERS.
R  INDICATES RECORD WAS SET OR TIED.
MM INDICATES DATA IS MISSING.
T  INDICATES TRACE AMOUNT.




$$
