000
CDUS44 KJAN 240745
CLITVR


CLIMATE REPORT
NATIONAL WEATHER SERVICE JACKSON MS
143 AM CST FRI FEB 24 2017


...................................

...THE VICKSBURG CLIMATE SUMMARY FOR FEBRUARY 23 2017...

CLIMATE NORMAL PERIOD 1981 TO 2010
CLIMATE RECORD PERIOD 1948 TO 2017


WEATHER ITEM   OBSERVED TIME   RECORD YEAR NORMAL DEPARTURE LAST
                VALUE   (LST)  VALUE       VALUE  FROM      YEAR
                                                  NORMAL
..................................................................
TEMPERATURE (F)
 YESTERDAY
  MAXIMUM         81    318 PM  83    2012  63     18       67
                                      1980
  MINIMUM         49    528 AM  22    1968  41      8       51
                                      1964
  AVERAGE         65                        52     13       59

PRECIPITATION (IN)
  YESTERDAY        0.00          1.28 2004   0.18  -0.18     1.19
  MONTH TO DATE    1.17                      4.36  -3.19     4.28
  SINCE DEC 1     11.67                     15.04  -3.37    15.53
  SINCE JAN 1      5.40                      9.43  -4.03     9.98

SNOWFALL (IN)
  YESTERDAY        0.0

DEGREE DAYS
 HEATING
  YESTERDAY        0                        13    -13        6
  MONTH TO DATE  166                       368   -202      249
  SINCE DEC 1    965                      1510   -545     1112
  SINCE JUL 1   1242                      1912   -670     1301

 COOLING
  YESTERDAY        0                         0      0        0
  MONTH TO DATE   26                         0     26       11
  SINCE DEC 1     68                         9     59       74
  SINCE JAN 1     40                         3     37       12
..................................................................


WIND (MPH)
  HIGHEST WIND SPEED    14   HIGHEST WIND DIRECTION     S (180)
  HIGHEST GUST SPEED    17   HIGHEST GUST DIRECTION     S (170)
  AVERAGE WIND SPEED     4.9


SKY COVER
  POSSIBLE SUNSHINE  MM
  AVERAGE SKY COVER 0.1


WEATHER CONDITIONS
 THE FOLLOWING WEATHER WAS RECORDED YESTERDAY.
  FOG
  FOG W/VISIBILITY <= 1/4 MILE


RELATIVE HUMIDITY (PERCENT)
 HIGHEST   100          1200 AM
 LOWEST     39           400 PM
 AVERAGE    70

..........................................................


THE VICKSBURG CLIMATE NORMALS FOR TODAY
                         NORMAL    RECORD    YEAR
 MAXIMUM TEMPERATURE (F)   63        83      1982
 MINIMUM TEMPERATURE (F)   42        20      1989


SUNRISE AND SUNSET
FEBRUARY 24 2017......SUNRISE   637 AM CST   SUNSET   558 PM CST
FEBRUARY 25 2017......SUNRISE   636 AM CST   SUNSET   559 PM CST


-  INDICATES NEGATIVE NUMBERS.
R  INDICATES RECORD WAS SET OR TIED.
MM INDICATES DATA IS MISSING.
T  INDICATES TRACE AMOUNT.




$$
