000
CDUS45 KBOI 140931
CLITWF


CLIMATE REPORT
NATIONAL WEATHER SERVICE BOISE ID
231 AM MST THU DEC 14 2017


...................................

...THE TWIN FALLS ID CLIMATE SUMMARY FOR DECEMBER 13 2017...

CLIMATE NORMAL PERIOD 1981 TO 2010
CLIMATE RECORD PERIOD 9999 TO 9999


WEATHER ITEM   OBSERVED TIME   NORMAL DEPARTURE LAST
                VALUE   (LST)  VALUE  FROM      YEAR
                                      NORMAL
......................................................
TEMPERATURE (F)
 YESTERDAY
  MAXIMUM         26    212 PM  37    -11       33
  MINIMUM         20    842 AM  19      1       20
  AVERAGE         23

PRECIPITATION (IN)
  YESTERDAY        T             0.05  -0.05     0.00
  MONTH TO DATE    0.06          0.52  -0.46     0.91
  SINCE OCT 1      2.25          2.50  -0.25     3.88
  SINCE JAN 1     10.38          9.95   0.43    12.79

DEGREE DAYS
 HEATING
  YESTERDAY       42            37      5       38
  MONTH TO DATE  497           464     33      488
  SINCE DEC 1    497           464     33      488
  SINCE JUL 1   2031          1902    129     1790

 COOLING
  YESTERDAY        0             0      0        0
  MONTH TO DATE    0             0      0        0
  SINCE DEC 1      0             0      0        0
  SINCE JAN 1    871           680    191      642
......................................................


WIND (MPH)
  HIGHEST WIND SPEED    12   HIGHEST WIND DIRECTION     W (250)
  HIGHEST GUST SPEED    14   HIGHEST GUST DIRECTION     W (250)
  AVERAGE WIND SPEED     3.4


SKY COVER
  AVERAGE SKY COVER 1.0


WEATHER CONDITIONS
 THE FOLLOWING WEATHER WAS RECORDED YESTERDAY.
  LT FREEZING RAIN
  FOG
  FOG W/VISIBILITY <= 1/4 MILE


RELATIVE HUMIDITY (PERCENT)
 HIGHEST   100           800 PM
 LOWEST     84          1200 AM
 AVERAGE    92

..........................................................




SUNRISE AND SUNSET
DECEMBER 14 2017......SUNRISE   800 AM MST   SUNSET   506 PM MST
DECEMBER 15 2017......SUNRISE   801 AM MST   SUNSET   506 PM MST


-  INDICATES NEGATIVE NUMBERS.
R  INDICATES RECORD WAS SET OR TIED.
MM INDICATES DATA IS MISSING.
T  INDICATES TRACE AMOUNT.




$$
