000
CDUS45 KBOI 290932
CLITWF


CLIMATE REPORT
NATIONAL WEATHER SERVICE BOISE ID
332 AM MDT FRI JUL 29 2016


...................................

...THE TWIN FALLS ID CLIMATE SUMMARY FOR JULY 28 2016...

CLIMATE NORMAL PERIOD 1981 TO 2010
CLIMATE RECORD PERIOD 9999 TO 9999


WEATHER ITEM   OBSERVED TIME   NORMAL DEPARTURE LAST
                VALUE   (LST)  VALUE  FROM      YEAR
                                      NORMAL
......................................................
TEMPERATURE (F)
 YESTERDAY
  MAXIMUM         96    437 PM  91      5       76
  MINIMUM         64    603 AM  59      5       49
  AVERAGE         80

PRECIPITATION (IN)
  YESTERDAY        0.00          0.01  -0.01     0.00
  MONTH TO DATE    0.15          0.27  -0.12     0.71
  SINCE OCT 1     10.96          9.78   1.18     8.11
  SINCE JAN 1      6.58          6.53   0.05     5.11

DEGREE DAYS
 HEATING
  YESTERDAY        0             0      0        2
  MONTH TO DATE   21             3     18        3
  SINCE JUN 1     74            90    -16       10
  SINCE JUL 1     21             3     18        3

 COOLING
  YESTERDAY       15            10      5        0
  MONTH TO DATE  208           246    -38      265
  SINCE JUN 1    349           333     16      531
  SINCE JAN 1    352           355     -3      547
......................................................


WIND (MPH)
  HIGHEST WIND SPEED    15   HIGHEST WIND DIRECTION     S (190)
  HIGHEST GUST SPEED    18   HIGHEST GUST DIRECTION     S (190)
  AVERAGE WIND SPEED     9.4


SKY COVER
  AVERAGE SKY COVER 0.0


WEATHER CONDITIONS
 THE FOLLOWING WEATHER WAS RECORDED YESTERDAY.
  NO SIGNIFICANT WEATHER WAS OBSERVED.


RELATIVE HUMIDITY (PERCENT)
 HIGHEST    37           600 AM
 LOWEST     12           300 PM
 AVERAGE    25

..........................................................




SUNRISE AND SUNSET
JULY 29 2016..........SUNRISE   628 AM MDT   SUNSET   900 PM MDT
JULY 30 2016..........SUNRISE   629 AM MDT   SUNSET   859 PM MDT


-  INDICATES NEGATIVE NUMBERS.
R  INDICATES RECORD WAS SET OR TIED.
MM INDICATES DATA IS MISSING.
T  INDICATES TRACE AMOUNT.




$$
