000
CDUS45 KBOI 310932
CLITWF


CLIMATE REPORT
NATIONAL WEATHER SERVICE BOISE ID
332 AM MDT WED AUG 31 2016


...................................

...THE TWIN FALLS ID CLIMATE SUMMARY FOR AUGUST 30 2016...

CLIMATE NORMAL PERIOD 1981 TO 2010
CLIMATE RECORD PERIOD 9999 TO 9999


WEATHER ITEM   OBSERVED TIME   NORMAL DEPARTURE LAST
                VALUE   (LST)  VALUE  FROM      YEAR
                                      NORMAL
......................................................
TEMPERATURE (F)
 YESTERDAY
  MAXIMUM         96    428 PM  85     11       81
  MINIMUM         54    618 AM  52      2       59
  AVERAGE         75

PRECIPITATION (IN)
  YESTERDAY        0.00          0.02  -0.02     0.00
  MONTH TO DATE    0.01          0.31  -0.30     0.40
  SINCE OCT 1     10.97         10.12   0.85     8.51
  SINCE JAN 1      6.59          6.87  -0.28     5.51

DEGREE DAYS
 HEATING
  YESTERDAY        0             2     -2        0
  MONTH TO DATE    3             9     -6        0
  SINCE JUN 1     77           102    -25       10
  SINCE JUL 1     24            15      9        3

 COOLING
  YESTERDAY       10             5      5        5
  MONTH TO DATE  205           227    -22      301
  SINCE JUN 1    604           591     13      859
  SINCE JAN 1    607           613     -6      875
......................................................


WIND (MPH)
  HIGHEST WIND SPEED    16   HIGHEST WIND DIRECTION     S (200)
  HIGHEST GUST SPEED    21   HIGHEST GUST DIRECTION     S (200)
  AVERAGE WIND SPEED     8.4


SKY COVER
  AVERAGE SKY COVER 0.0


WEATHER CONDITIONS
 THE FOLLOWING WEATHER WAS RECORDED YESTERDAY.
  NO SIGNIFICANT WEATHER WAS OBSERVED.


RELATIVE HUMIDITY (PERCENT)
 HIGHEST    54           600 AM
 LOWEST      8           200 PM
 AVERAGE    31

..........................................................




SUNRISE AND SUNSET
AUGUST 31 2016........SUNRISE   702 AM MDT   SUNSET   813 PM MDT
SEPTEMBER  1 2016.....SUNRISE   704 AM MDT   SUNSET   811 PM MDT


-  INDICATES NEGATIVE NUMBERS.
R  INDICATES RECORD WAS SET OR TIED.
MM INDICATES DATA IS MISSING.
T  INDICATES TRACE AMOUNT.




$$
