000
CDUS45 KBOI 220932
CLITWF


CLIMATE REPORT
NATIONAL WEATHER SERVICE BOISE ID
332 AM MDT THU JUN 22 2017


...................................

...THE TWIN FALLS ID CLIMATE SUMMARY FOR JUNE 21 2017...

CLIMATE NORMAL PERIOD 1981 TO 2010
CLIMATE RECORD PERIOD 9999 TO 9999


WEATHER ITEM   OBSERVED TIME   NORMAL DEPARTURE LAST
                VALUE   (LST)  VALUE  FROM      YEAR
                                      NORMAL
......................................................
TEMPERATURE (F)
 YESTERDAY
  MAXIMUM         86    233 PM  82      4       82
  MINIMUM         62   1103 PM  51     11       59
  AVERAGE         74

PRECIPITATION (IN)
  YESTERDAY        0.00          0.03  -0.03     0.00
  MONTH TO DATE    0.75          0.74   0.01     0.27
  SINCE OCT 1     11.62          9.32   2.30    10.81
  SINCE JAN 1      7.12          6.07   1.05     6.43

DEGREE DAYS
 HEATING
  YESTERDAY        0             2     -2        0
  MONTH TO DATE   72            77     -5       46
  SINCE JUN 1     72            77     -5       46
  SINCE JUL 1   6370          6161    209     5702

 COOLING
  YESTERDAY        9             4      5        6
  MONTH TO DATE   63            46     17       75
  SINCE JUN 1     63            46     17       75
  SINCE JAN 1     72            68      4       78
......................................................


WIND (MPH)
  HIGHEST WIND SPEED    22   HIGHEST WIND DIRECTION     W (280)
  HIGHEST GUST SPEED    28   HIGHEST GUST DIRECTION     W (270)
  AVERAGE WIND SPEED    15.9


SKY COVER
  AVERAGE SKY COVER 0.0


WEATHER CONDITIONS
 THE FOLLOWING WEATHER WAS RECORDED YESTERDAY.
  NO SIGNIFICANT WEATHER WAS OBSERVED.


RELATIVE HUMIDITY (PERCENT)
 HIGHEST    57           100 AM
 LOWEST     14           500 PM
 AVERAGE    36

..........................................................




SUNRISE AND SUNSET
JUNE 22 2017..........SUNRISE   601 AM MDT   SUNSET   919 PM MDT
JUNE 23 2017..........SUNRISE   601 AM MDT   SUNSET   919 PM MDT


-  INDICATES NEGATIVE NUMBERS.
R  INDICATES RECORD WAS SET OR TIED.
MM INDICATES DATA IS MISSING.
T  INDICATES TRACE AMOUNT.




$$
