000
CDUS45 KBOI 150931
CLITWF


CLIMATE REPORT
NATIONAL WEATHER SERVICE BOISE ID
331 AM MDT MON SEP 15 2014


...................................

...THE TWIN FALLS ID CLIMATE SUMMARY FOR SEPTEMBER 14 2014...

CLIMATE NORMAL PERIOD 1981 TO 2010
CLIMATE RECORD PERIOD 9999 TO 9999


WEATHER ITEM   OBSERVED TIME   NORMAL DEPARTURE LAST
                VALUE   (LST)  VALUE  FROM      YEAR
                                      NORMAL
......................................................
TEMPERATURE (F)
 YESTERDAY
  MAXIMUM         85    500 PM  78      7       82
  MINIMUM         53    639 AM  48      5       58
  AVERAGE         69

PRECIPITATION (IN)
  YESTERDAY        0.00          0.01  -0.01     0.00
  MONTH TO DATE    0.00          0.22  -0.22     0.71
  SINCE OCT 1     12.72         10.35   2.37     7.08
  SINCE JAN 1     12.25          7.10   5.15     3.90

DEGREE DAYS
 HEATING
  YESTERDAY        0             4     -4        0
  MONTH TO DATE   41            38      3        0
  SINCE SEP 1     41            38      3        0
  SINCE JUL 1     60            59      1        0

 COOLING
  YESTERDAY        4             2      2        5
  MONTH TO DATE   20            46    -26       81
  SINCE SEP 1     20            46    -26       81
  SINCE JAN 1    779           663    116     1120
......................................................


WIND (MPH)
  HIGHEST WIND SPEED    14   HIGHEST WIND DIRECTION     S (190)
  HIGHEST GUST SPEED    18   HIGHEST GUST DIRECTION    NW (300)
  AVERAGE WIND SPEED     8.0


SKY COVER
  AVERAGE SKY COVER 0.0


WEATHER CONDITIONS
 THE FOLLOWING WEATHER WAS RECORDED YESTERDAY.
  NO SIGNIFICANT WEATHER WAS OBSERVED.


RELATIVE HUMIDITY (PERCENT)
 HIGHEST    45           700 PM
 LOWEST     16           500 PM
 AVERAGE    31

..........................................................




SUNRISE AND SUNSET
SEPTEMBER 15 2014.....SUNRISE   718 AM MDT   SUNSET   748 PM MDT
SEPTEMBER 16 2014.....SUNRISE   719 AM MDT   SUNSET   746 PM MDT


-  INDICATES NEGATIVE NUMBERS.
R  INDICATES RECORD WAS SET OR TIED.
MM INDICATES DATA IS MISSING.
T  INDICATES TRACE AMOUNT.




$$
