000
CDUS45 KBOI 300930
CLITWF


CLIMATE REPORT
NATIONAL WEATHER SERVICE BOISE ID
330 AM MDT THU OCT 30 2014


...................................

...THE TWIN FALLS ID CLIMATE SUMMARY FOR OCTOBER 29 2014...

CLIMATE NORMAL PERIOD 1981 TO 2010
CLIMATE RECORD PERIOD 9999 TO 9999


WEATHER ITEM   OBSERVED TIME   NORMAL DEPARTURE LAST
                VALUE   (LST)  VALUE  FROM      YEAR
                                      NORMAL
......................................................
TEMPERATURE (F)
 YESTERDAY
  MAXIMUM         64    215 PM  58      6       49
  MINIMUM         33   1223 AM  33      0       25
  AVERAGE         49

PRECIPITATION (IN)
  YESTERDAY        0.00          0.03  -0.03     0.00
  MONTH TO DATE    0.13          0.74  -0.61     0.12
  SINCE OCT 1      0.13          0.74  -0.61     0.12
  SINCE JAN 1     13.17          8.19   4.98     4.23

DEGREE DAYS
 HEATING
  YESTERDAY       16            20     -4       28
  MONTH TO DATE  260           417   -157      461
  SINCE SEP 1    343           557   -214      568
  SINCE JUL 1    362           578   -216      568

 COOLING
  YESTERDAY        0             0      0        0
  MONTH TO DATE    6             0      6        0
  SINCE SEP 1     92            61     31       99
  SINCE JAN 1    851           678    173     1138
......................................................


WIND (MPH)
  HIGHEST WIND SPEED    14   HIGHEST WIND DIRECTION     S (190)
  HIGHEST GUST SPEED    19   HIGHEST GUST DIRECTION     S (200)
  AVERAGE WIND SPEED     6.9


SKY COVER
  AVERAGE SKY COVER 0.4


WEATHER CONDITIONS
 THE FOLLOWING WEATHER WAS RECORDED YESTERDAY.
  HAZE


RELATIVE HUMIDITY (PERCENT)
 HIGHEST    71           700 PM
 LOWEST     32           300 AM
 AVERAGE    52

..........................................................




SUNRISE AND SUNSET
OCTOBER 30 2014.......SUNRISE   809 AM MDT   SUNSET   634 PM MDT
OCTOBER 31 2014.......SUNRISE   810 AM MDT   SUNSET   632 PM MDT


-  INDICATES NEGATIVE NUMBERS.
R  INDICATES RECORD WAS SET OR TIED.
MM INDICATES DATA IS MISSING.
T  INDICATES TRACE AMOUNT.




$$
