000
CDUS44 KSHV 250735
CLITXK


CLIMATE REPORT
NATIONAL WEATHER SERVICE SHREVEPORT, LA
234 AM CDT SUN SEP 25 2016


...................................

...THE TEXARKANA CLIMATE SUMMARY FOR SEPTEMBER 24 2016...

CLIMATE NORMAL PERIOD 1981 TO 2010
CLIMATE RECORD PERIOD 1896 TO 2016


WEATHER ITEM   OBSERVED TIME   RECORD YEAR NORMAL DEPARTURE LAST
                VALUE   (LST)  VALUE       VALUE  FROM      YEAR
                                                  NORMAL
..................................................................
TEMPERATURE (F)
 YESTERDAY
  MAXIMUM         93    229 PM 101    1939  84      9       90
  MINIMUM         72    627 AM  41    1989  60     12       65
  AVERAGE         83                        72     11       78

PRECIPITATION (IN)
  YESTERDAY        0.00          3.89 2005   0.12  -0.12     0.00
  MONTH TO DATE    0.50                      2.71  -2.21     0.89
  SINCE DEC 1     45.24                     39.18   6.06    44.12
  SINCE JAN 1     39.26                     34.13   5.13    41.44

SNOWFALL (IN)
  YESTERDAY        0.0
  MONTH TO DATE    0.0
  SINCE SEP 1      0.0
  SINCE JUL 1      0.0
  SNOW DEPTH       0

DEGREE DAYS
 HEATING
  YESTERDAY        0                         1     -1        0
  MONTH TO DATE    0                         3     -3        0
  SINCE SEP 1      0                         3     -3        0
  SINCE JUL 1      0                         3     -3        0

 COOLING
  YESTERDAY       18                         8     10       13
  MONTH TO DATE  364                       267     97      344
  SINCE SEP 1    364                       267     97      344
  SINCE JAN 1   2304                      2055    249     2313
..................................................................


WIND (MPH)
  HIGHEST WIND SPEED    15   HIGHEST WIND DIRECTION     S (180)
  HIGHEST GUST SPEED    19   HIGHEST GUST DIRECTION     S (200)
  AVERAGE WIND SPEED     6.3


SKY COVER
  POSSIBLE SUNSHINE  MM
  AVERAGE SKY COVER 0.0


WEATHER CONDITIONS
 THE FOLLOWING WEATHER WAS RECORDED YESTERDAY.
  NO SIGNIFICANT WEATHER WAS OBSERVED.


RELATIVE HUMIDITY (PERCENT)
 HIGHEST    93           500 AM
 LOWEST     41           400 PM
 AVERAGE    67

..........................................................


THE TEXARKANA CLIMATE NORMALS FOR TODAY
                         NORMAL    RECORD    YEAR
 MAXIMUM TEMPERATURE (F)   83        98      1939
 MINIMUM TEMPERATURE (F)   60        45      1989


SUNRISE AND SUNSET
SEPTEMBER 25 2016.....SUNRISE   706 AM CDT   SUNSET   708 PM CDT
SEPTEMBER 26 2016.....SUNRISE   707 AM CDT   SUNSET   706 PM CDT


-  INDICATES NEGATIVE NUMBERS.
R  INDICATES RECORD WAS SET OR TIED.
MM INDICATES DATA IS MISSING.
T  INDICATES TRACE AMOUNT.




$$
