000
CDUS44 KSHV 270739
CLITXK


CLIMATE REPORT
NATIONAL WEATHER SERVICE SHREVEPORT, LA
234 AM CDT SAT AUG 27 2016


...................................

...THE TEXARKANA CLIMATE SUMMARY FOR AUGUST 26 2016...

CLIMATE NORMAL PERIOD 1981 TO 2010
CLIMATE RECORD PERIOD 1896 TO 2016


WEATHER ITEM   OBSERVED TIME   RECORD YEAR NORMAL DEPARTURE LAST
                VALUE   (LST)  VALUE       VALUE  FROM      YEAR
                                                  NORMAL
..................................................................
TEMPERATURE (F)
 YESTERDAY
  MAXIMUM         89    406 PM 106    1938  92     -3       92
  MINIMUM         72    544 AM  59    1966  70      2       61
  AVERAGE         81                        81      0       77

PRECIPITATION (IN)
  YESTERDAY        0.00          1.09 1946   0.10  -0.10     0.00
  MONTH TO DATE    5.85                      2.38   3.47     0.80
  SINCE DEC 1     44.66                     35.94   8.72    43.23
  SINCE JAN 1     38.68                     30.89   7.79    40.55

SNOWFALL (IN)
  YESTERDAY        0.0
  MONTH TO DATE    0.0
  SINCE JUN 1      0.0
  SINCE JUL 1      0.0
  SNOW DEPTH       0

DEGREE DAYS
 HEATING
  YESTERDAY        0                         0      0        0
  MONTH TO DATE    0                         0      0        0
  SINCE JUN 1      0                         0      0        0
  SINCE JUL 1      0                         0      0        0

 COOLING
  YESTERDAY       16                        16      0       12
  MONTH TO DATE  444                       453     -9      478
  SINCE JUN 1   1561                      1393    168     1578
  SINCE JAN 1   1851                      1713    138     1902
..................................................................


WIND (MPH)
  HIGHEST WIND SPEED     7   HIGHEST WIND DIRECTION     N (20)
  HIGHEST GUST SPEED    10   HIGHEST GUST DIRECTION    NE (50)
  AVERAGE WIND SPEED     2.5


SKY COVER
  POSSIBLE SUNSHINE  MM
  AVERAGE SKY COVER 0.3


WEATHER CONDITIONS
 THE FOLLOWING WEATHER WAS RECORDED YESTERDAY.
  FOG


RELATIVE HUMIDITY (PERCENT)
 HIGHEST    94           900 AM
 LOWEST     55           300 PM
 AVERAGE    75

..........................................................


THE TEXARKANA CLIMATE NORMALS FOR TODAY
                         NORMAL    RECORD    YEAR
 MAXIMUM TEMPERATURE (F)   92       106      1938
 MINIMUM TEMPERATURE (F)   69        59      2010


SUNRISE AND SUNSET
AUGUST 27 2016........SUNRISE   647 AM CDT   SUNSET   747 PM CDT
AUGUST 28 2016........SUNRISE   648 AM CDT   SUNSET   746 PM CDT


-  INDICATES NEGATIVE NUMBERS.
R  INDICATES RECORD WAS SET OR TIED.
MM INDICATES DATA IS MISSING.
T  INDICATES TRACE AMOUNT.




$$
