000
CDUS44 KSHV 250731
CLITXK


CLIMATE REPORT
NATIONAL WEATHER SERVICE SHREVEPORT, LA
231 AM CDT SUN JUN 25 2017


...................................

...THE TEXARKANA CLIMATE SUMMARY FOR JUNE 24 2017...

CLIMATE NORMAL PERIOD 1981 TO 2010
CLIMATE RECORD PERIOD 1896 TO 2017


WEATHER ITEM   OBSERVED TIME   RECORD YEAR NORMAL DEPARTURE LAST
                VALUE   (LST)  VALUE       VALUE  FROM      YEAR
                                                  NORMAL
..................................................................
TEMPERATURE (F)
 YESTERDAY
  MAXIMUM         80    336 PM 102    1971  90    -10       94
  MINIMUM         69   1159 PM  60    1974  70     -1       76
  AVERAGE         75                        80     -5       85

PRECIPITATION (IN)
  YESTERDAY        T             1.25 1961   0.16  -0.16     0.00
  MONTH TO DATE    2.36                      3.58  -1.22     3.07
  SINCE DEC 1     29.34                     29.25   0.09    36.27
  SINCE JAN 1     22.92                     24.20  -1.28    30.29

SNOWFALL (IN)
  YESTERDAY        0.0
  MONTH TO DATE    0.0
  SINCE JUN 1      0.0
  SINCE JUL 1      0.1
  SNOW DEPTH       0

DEGREE DAYS
 HEATING
  YESTERDAY        0                         0      0        0
  MONTH TO DATE    0                         0      0        0
  SINCE JUN 1      0                         0      0        0
  SINCE JUL 1   1707                      2616   -909     1908

 COOLING
  YESTERDAY       10                        15     -5       20
  MONTH TO DATE  302                       313    -11      376
  SINCE JUN 1    302                       313    -11      376
  SINCE JAN 1    662                       633     29      666
..................................................................


WIND (MPH)
  HIGHEST WIND SPEED    14   HIGHEST WIND DIRECTION    NE (60)
  HIGHEST GUST SPEED    21   HIGHEST GUST DIRECTION    NE (40)
  AVERAGE WIND SPEED     5.8


SKY COVER
  POSSIBLE SUNSHINE  MM
  AVERAGE SKY COVER 0.7


WEATHER CONDITIONS
 THE FOLLOWING WEATHER WAS RECORDED YESTERDAY.
  LIGHT RAIN


RELATIVE HUMIDITY (PERCENT)
 HIGHEST   100          1200 AM
 LOWEST     58          1100 AM
 AVERAGE    79

..........................................................


THE TEXARKANA CLIMATE NORMALS FOR TODAY
                         NORMAL    RECORD    YEAR
 MAXIMUM TEMPERATURE (F)   91       107      2012
 MINIMUM TEMPERATURE (F)   70        56      1974


SUNRISE AND SUNSET
JUNE 25 2017..........SUNRISE   608 AM CDT   SUNSET   830 PM CDT
JUNE 26 2017..........SUNRISE   608 AM CDT   SUNSET   830 PM CDT


-  INDICATES NEGATIVE NUMBERS.
R  INDICATES RECORD WAS SET OR TIED.
MM INDICATES DATA IS MISSING.
T  INDICATES TRACE AMOUNT.




$$
