000
CDUS44 KSHV 062237
CLITXK


CLIMATE REPORT
NATIONAL WEATHER SERVICE SHREVEPORT, LA
436 PM CST SAT FEB 6 2016


...................................

...THE TEXARKANA CLIMATE SUMMARY FOR FEBRUARY 6 2016...
VALID TODAY AS OF 0400 PM LOCAL TIME.

CLIMATE NORMAL PERIOD 1981 TO 2010
CLIMATE RECORD PERIOD 1896 TO 2016


WEATHER ITEM   OBSERVED TIME   RECORD YEAR NORMAL DEPARTURE LAST
                VALUE   (LST)  VALUE       VALUE  FROM      YEAR
                                                  NORMAL
..................................................................
TEMPERATURE (F)
 TODAY
  MAXIMUM         57    319 PM  76    1963  57      0       56
  MINIMUM         33    705 AM  17    1989  36     -3       30
  AVERAGE         45                        46     -1       43

PRECIPITATION (IN)
  TODAY            0.00          1.00 1940   0.13  -0.13     0.00
  MONTH TO DATE    0.01                      0.75  -0.74     0.52
  SINCE DEC 1      7.94                      9.20  -1.26     7.44
  SINCE JAN 1      1.96                      4.15  -2.19     4.76

SNOWFALL (IN)
  TODAY            0.0
  MONTH TO DATE    0.0
  SINCE DEC 1      0.0
  SINCE JUL 1      0.0
  SNOW DEPTH       0

DEGREE DAYS
 HEATING
  TODAY           20                        19      1       22
  MONTH TO DATE   98                       116    -18      145
  SINCE DEC 1   1099                      1380   -281     1366
  SINCE JUL 1   1383                      1838   -455     1876

 COOLING
  TODAY            0                         0      0        0
  MONTH TO DATE    0                         0      0        0
  SINCE DEC 1     14                         4     10        1
  SINCE JAN 1      1                         1      0        0
..................................................................


WIND (MPH)
  HIGHEST WIND SPEED     9   HIGHEST WIND DIRECTION     N (340)
  HIGHEST GUST SPEED    14   HIGHEST GUST DIRECTION     N (20)
  AVERAGE WIND SPEED     2.9


SKY COVER
  POSSIBLE SUNSHINE  MM
  AVERAGE SKY COVER 0.2


WEATHER CONDITIONS
 THE FOLLOWING WEATHER WAS RECORDED TODAY.
  NO SIGNIFICANT WEATHER WAS OBSERVED.


RELATIVE HUMIDITY (PERCENT)
 HIGHEST    75           700 AM
 LOWEST     24           400 PM
 AVERAGE    50

..........................................................


THE TEXARKANA CLIMATE NORMALS FOR TOMORROW
                         NORMAL    RECORD    YEAR
 MAXIMUM TEMPERATURE (F)   57        81      1937
 MINIMUM TEMPERATURE (F)   36        14      1914


SUNRISE AND SUNSET
FEBRUARY  6 2016......SUNRISE   709 AM CST   SUNSET   552 PM CST
FEBRUARY  7 2016......SUNRISE   708 AM CST   SUNSET   553 PM CST


-  INDICATES NEGATIVE NUMBERS.
R  INDICATES RECORD WAS SET OR TIED.
MM INDICATES DATA IS MISSING.
T  INDICATES TRACE AMOUNT.




$$
