000
CDUS44 KSHV 240741
CLITXK


CLIMATE REPORT
NATIONAL WEATHER SERVICE SHREVEPORT, LA
238 AM CDT SUN JUL 24 2016


...................................

...THE TEXARKANA CLIMATE SUMMARY FOR JULY 23 2016...

CLIMATE NORMAL PERIOD 1981 TO 2010
CLIMATE RECORD PERIOD 1896 TO 2016


WEATHER ITEM   OBSERVED TIME   RECORD YEAR NORMAL DEPARTURE LAST
                VALUE   (LST)  VALUE       VALUE  FROM      YEAR
                                                  NORMAL
..................................................................
TEMPERATURE (F)
 YESTERDAY
  MAXIMUM        101   1251 PM 107    1934  94      7       97
  MINIMUM         74   1159 PM  57    1915  72      2       79
  AVERAGE         88                        83      5       88

PRECIPITATION (IN)
  YESTERDAY        0.41          1.10 1949   0.09   0.32     0.00
  MONTH TO DATE    1.01                      2.68  -1.67     2.13
  SINCE DEC 1     37.28                     32.80   4.48    42.06
  SINCE JAN 1     31.30                     27.75   3.55    39.38

SNOWFALL (IN)
  YESTERDAY        0.0
  MONTH TO DATE    0.0
  SINCE JUN 1      0.0
  SINCE JUL 1      0.0
  SNOW DEPTH       0

DEGREE DAYS
 HEATING
  YESTERDAY        0                         0      0        0
  MONTH TO DATE    0                         0      0        0
  SINCE JUN 1      0                         0      0        0
  SINCE JUL 1      0                         0      0        0

 COOLING
  YESTERDAY       23                        18      5       23
  MONTH TO DATE  485                       392     93      440
  SINCE JUN 1    974                       797    177      919
  SINCE JAN 1   1264                      1117    147     1243
..................................................................


WIND (MPH)
  HIGHEST WIND SPEED    25   HIGHEST WIND DIRECTION    NE (50)
  HIGHEST GUST SPEED    38   HIGHEST GUST DIRECTION    NE (50)
  AVERAGE WIND SPEED     4.6


SKY COVER
  POSSIBLE SUNSHINE  MM
  AVERAGE SKY COVER 0.1


WEATHER CONDITIONS
 THE FOLLOWING WEATHER WAS RECORDED YESTERDAY.
  THUNDERSTORM
  HEAVY RAIN
  RAIN
  LIGHT RAIN
  FOG


RELATIVE HUMIDITY (PERCENT)
 HIGHEST   100          1100 PM
 LOWEST     40           100 PM
 AVERAGE    70

..........................................................


THE TEXARKANA CLIMATE NORMALS FOR TODAY
                         NORMAL    RECORD    YEAR
 MAXIMUM TEMPERATURE (F)   94       109      1934
 MINIMUM TEMPERATURE (F)   72        59      1947


SUNRISE AND SUNSET
JULY 24 2016..........SUNRISE   623 AM CDT   SUNSET   821 PM CDT
JULY 25 2016..........SUNRISE   624 AM CDT   SUNSET   821 PM CDT


-  INDICATES NEGATIVE NUMBERS.
R  INDICATES RECORD WAS SET OR TIED.
MM INDICATES DATA IS MISSING.
T  INDICATES TRACE AMOUNT.




$$
