000
CDUS44 KSHV 220847
CLITXK


CLIMATE REPORT
NATIONAL WEATHER SERVICE SHREVEPORT, LA
247 AM CST WED FEB 22 2017


...................................

...THE TEXARKANA CLIMATE SUMMARY FOR FEBRUARY 21 2017...

CLIMATE NORMAL PERIOD 1981 TO 2010
CLIMATE RECORD PERIOD 1896 TO 2017


WEATHER ITEM   OBSERVED TIME   RECORD YEAR NORMAL DEPARTURE LAST
                VALUE   (LST)  VALUE       VALUE  FROM      YEAR
                                                  NORMAL
..................................................................
TEMPERATURE (F)
 YESTERDAY
  MAXIMUM         65    500 PM  86    1996  60      5       69
  MINIMUM         56    950 AM  21    1978  39     17       63
  AVERAGE         61                        50     11       66

PRECIPITATION (IN)
  YESTERDAY        0.62          1.30 1969   0.15   0.47     0.01
  MONTH TO DATE    2.56                      2.92  -0.36     2.08
  SINCE DEC 1     13.25                     11.37   1.88    10.01
  SINCE JAN 1      6.83                      6.32   0.51     4.03

SNOWFALL (IN)
  YESTERDAY        0.0
  MONTH TO DATE    0.0
  SINCE DEC 1      0.1
  SINCE JUL 1      0.1
  SNOW DEPTH       0

DEGREE DAYS
 HEATING
  YESTERDAY        4                        15    -11        0
  MONTH TO DATE  214                       372   -158      262
  SINCE DEC 1   1159                      1636   -477     1263
  SINCE JUL 1   1393                      2094   -701     1547

 COOLING
  YESTERDAY        0                         0      0        1
  MONTH TO DATE   11                         0     11        5
  SINCE DEC 1     32                         4     28       19
  SINCE JAN 1     25                         1     24        6
..................................................................


WIND (MPH)
  HIGHEST WIND SPEED    14   HIGHEST WIND DIRECTION     W (290)
  HIGHEST GUST SPEED    17   HIGHEST GUST DIRECTION    NW (300)
  AVERAGE WIND SPEED     6.3


SKY COVER
  POSSIBLE SUNSHINE  MM
  AVERAGE SKY COVER 1.0


WEATHER CONDITIONS
 THE FOLLOWING WEATHER WAS RECORDED YESTERDAY.
  HEAVY RAIN
  RAIN
  LIGHT RAIN
  FOG


RELATIVE HUMIDITY (PERCENT)
 HIGHEST   100          1200 AM
 LOWEST     78          1000 PM
 AVERAGE    89

..........................................................


THE TEXARKANA CLIMATE NORMALS FOR TODAY
                         NORMAL    RECORD    YEAR
 MAXIMUM TEMPERATURE (F)   61        84      1996
 MINIMUM TEMPERATURE (F)   39        13      1978


SUNRISE AND SUNSET
FEBRUARY 22 2017......SUNRISE   652 AM CST   SUNSET   607 PM CST
FEBRUARY 23 2017......SUNRISE   651 AM CST   SUNSET   608 PM CST


-  INDICATES NEGATIVE NUMBERS.
R  INDICATES RECORD WAS SET OR TIED.
MM INDICATES DATA IS MISSING.
T  INDICATES TRACE AMOUNT.




$$
