000
CDUS44 KSHV 300803
CLITXK


CLIMATE REPORT
NATIONAL WEATHER SERVICE SHREVEPORT, LA
257 AM CDT SUN APR 30 2017


...................................

...THE TEXARKANA CLIMATE SUMMARY FOR APRIL 29 2017...

CLIMATE NORMAL PERIOD 1981 TO 2010
CLIMATE RECORD PERIOD 1896 TO 2017


WEATHER ITEM   OBSERVED TIME   RECORD YEAR NORMAL DEPARTURE LAST
                VALUE   (LST)  VALUE       VALUE  FROM      YEAR
                                                  NORMAL
..................................................................
TEMPERATURE (F)
 YESTERDAY
  MAXIMUM         83   1225 PM  93    1990  78      5       81
  MINIMUM         67   1159 PM  40    1965  56     11       66
  AVERAGE         75                        67      8       74

PRECIPITATION (IN)
  YESTERDAY        1.30          2.43 1966   0.15   1.15     2.18
  MONTH TO DATE    5.24                      3.79   1.45     7.19
  SINCE DEC 1     22.98                     20.43   2.55    27.52
  SINCE JAN 1     16.56                     15.38   1.18    21.54

SNOWFALL (IN)
  YESTERDAY        0.0
  MONTH TO DATE    0.0
  SINCE MAR 1      0.0
  SINCE JUL 1      0.1
  SNOW DEPTH       0

DEGREE DAYS
 HEATING
  YESTERDAY        0                         1     -1        0
  MONTH TO DATE   41                       108    -67       60
  SINCE MAR 1    240                       408   -168      238
  SINCE JUL 1   1691                      2602   -911     1891

 COOLING
  YESTERDAY       10                         4      6        9
  MONTH TO DATE   96                        71     25       75
  SINCE MAR 1    145                        90     55      101
  SINCE JAN 1    177                        94     83      107
..................................................................


WIND (MPH)
  HIGHEST WIND SPEED    28   HIGHEST WIND DIRECTION     S (180)
  HIGHEST GUST SPEED    39   HIGHEST GUST DIRECTION    SE (150)
  AVERAGE WIND SPEED    15.0


SKY COVER
  POSSIBLE SUNSHINE  MM
  AVERAGE SKY COVER 0.9


WEATHER CONDITIONS
 THE FOLLOWING WEATHER WAS RECORDED YESTERDAY.
  THUNDERSTORM
  HEAVY RAIN
  RAIN
  LIGHT RAIN
  FOG


RELATIVE HUMIDITY (PERCENT)
 HIGHEST    94           200 AM
 LOWEST     71           300 PM
 AVERAGE    83

..........................................................


THE TEXARKANA CLIMATE NORMALS FOR TODAY
                         NORMAL    RECORD    YEAR
 MAXIMUM TEMPERATURE (F)   79        91      1943
 MINIMUM TEMPERATURE (F)   57        36      1908


SUNRISE AND SUNSET
APRIL 30 2017.........SUNRISE   628 AM CDT   SUNSET   758 PM CDT
MAY  1 2017...........SUNRISE   627 AM CDT   SUNSET   759 PM CDT


-  INDICATES NEGATIVE NUMBERS.
R  INDICATES RECORD WAS SET OR TIED.
MM INDICATES DATA IS MISSING.
T  INDICATES TRACE AMOUNT.




$$
