000
CDUS44 KSHV 292245
CLITXK


CLIMATE REPORT
NATIONAL WEATHER SERVICE SHREVEPORT, LA
545 PM CDT SUN MAR 29 2015


...................................

...THE TEXARKANA CLIMATE SUMMARY FOR MARCH 29 2015...
VALID TODAY AS OF 0500 PM LOCAL TIME.

CLIMATE NORMAL PERIOD 1981 TO 2010
CLIMATE RECORD PERIOD 1896 TO 2015


WEATHER ITEM   OBSERVED TIME   RECORD YEAR NORMAL DEPARTURE LAST
                VALUE   (LST)  VALUE       VALUE  FROM      YEAR
                                                  NORMAL
..................................................................
TEMPERATURE (F)
 TODAY
  MAXIMUM         84    339 PM  88    1929  71     13       72
  MINIMUM         40    640 AM  25    1931  48     -8       48
  AVERAGE         62                        59      3       60

PRECIPITATION (IN)
  TODAY            0.00          5.36 1945   0.13  -0.13     0.00
  MONTH TO DATE    9.01                      3.92   5.09     3.26
  SINCE DEC 1     19.78                     16.36   3.42    13.01
  SINCE JAN 1     17.10                     11.31   5.79     7.18

SNOWFALL (IN)
  TODAY            0.0
  MONTH TO DATE    1.0
  SINCE MAR 1      1.0
  SINCE JUL 1      5.2
  SNOW DEPTH       0

DEGREE DAYS
 HEATING
  TODAY            3                         7     -4        5
  MONTH TO DATE  340                       288     52      382
  SINCE MAR 1    340                       288     52      382
  SINCE JUL 1   2721                      2482    239     2850

 COOLING
  TODAY            0                         1     -1        0
  MONTH TO DATE   12                        17     -5        7
  SINCE MAR 1     12                        17     -5        7
  SINCE JAN 1     12                        21     -9        7
..................................................................


WIND (MPH)
  HIGHEST WIND SPEED    20   HIGHEST WIND DIRECTION    SW (220)
  HIGHEST GUST SPEED    26   HIGHEST GUST DIRECTION    SW (210)
  AVERAGE WIND SPEED     9.2


SKY COVER
  POSSIBLE SUNSHINE  MM
  AVERAGE SKY COVER 0.1


WEATHER CONDITIONS
 THE FOLLOWING WEATHER WAS RECORDED TODAY.
  NO SIGNIFICANT WEATHER WAS OBSERVED.


RELATIVE HUMIDITY (PERCENT)
 HIGHEST    85           600 AM
 LOWEST     33           400 PM
 AVERAGE    59

..........................................................


THE TEXARKANA CLIMATE NORMALS FOR TOMORROW
                         NORMAL    RECORD    YEAR
 MAXIMUM TEMPERATURE (F)   71        92      1929
 MINIMUM TEMPERATURE (F)   48        30      1930


SUNRISE AND SUNSET
MARCH 29 2015.........SUNRISE   708 AM CDT   SUNSET   734 PM CDT
MARCH 30 2015.........SUNRISE   707 AM CDT   SUNSET   735 PM CDT


-  INDICATES NEGATIVE NUMBERS.
R  INDICATES RECORD WAS SET OR TIED.
MM INDICATES DATA IS MISSING.
T  INDICATES TRACE AMOUNT.




$$
