509
CDUS44 KSHV 190850
CLITYR


CLIMATE REPORT
NATIONAL WEATHER SERVICE SHREVEPORT, LA
249 AM CST SUN NOV 19 2017


...................................

...THE TYLER CLIMATE SUMMARY FOR NOVEMBER 18 2017...

CLIMATE NORMAL PERIOD 1981 TO 2010
CLIMATE RECORD PERIOD 1896 TO 2017


WEATHER ITEM   OBSERVED TIME   RECORD YEAR NORMAL DEPARTURE LAST
                VALUE   (LST)  VALUE       VALUE  FROM      YEAR
                                                  NORMAL
..................................................................
TEMPERATURE (F)
 YESTERDAY
  MAXIMUM         79   1127 AM  83    1957  64     15       71
  MINIMUM         46   1159 PM  17    1959  45      1       49
  AVERAGE         63                        55      8       60

PRECIPITATION (IN)
  YESTERDAY        T             4.57 1969   0.13  -0.13     0.21
  MONTH TO DATE    1.38                      2.60  -1.22     0.29
  SINCE DEC 1     37.53                     44.29  -6.76    42.88
  SINCE JAN 1     34.88                     40.05  -5.17    33.11

SNOWFALL (IN)
  YESTERDAY        0.0
  MONTH TO DATE    0.0
  SINCE SEP 1      0.0
  SINCE JUL 1      0.0
  SNOW DEPTH       0

DEGREE DAYS
 HEATING
  YESTERDAY        2                        11     -9        5
  MONTH TO DATE   60                       142    -82       23
  SINCE SEP 1    148                       219    -71       29
  SINCE JUL 1    148                       219    -71       29

 COOLING
  YESTERDAY        0                         0      0        0
  MONTH TO DATE   69                        14     55       58
  SINCE SEP 1    633                       485    148      793
  SINCE JAN 1   2767                      2407    360     3092
..................................................................


WIND (MPH)
  HIGHEST WIND SPEED    30   HIGHEST WIND DIRECTION    NW (320)
  HIGHEST GUST SPEED    39   HIGHEST GUST DIRECTION    NW (330)
  AVERAGE WIND SPEED    16.0


SKY COVER
  POSSIBLE SUNSHINE  MM
  AVERAGE SKY COVER 0.4


WEATHER CONDITIONS
 THE FOLLOWING WEATHER WAS RECORDED YESTERDAY.
  LIGHT RAIN


RELATIVE HUMIDITY (PERCENT)
 HIGHEST    84           200 AM
 LOWEST     37           300 PM
 AVERAGE    61

..........................................................


THE TYLER CLIMATE NORMALS FOR TODAY
                         NORMAL    RECORD    YEAR
 MAXIMUM TEMPERATURE (F)   64        83      1925
 MINIMUM TEMPERATURE (F)   45        21      1903


SUNRISE AND SUNSET
NOVEMBER 19 2017......SUNRISE   655 AM CST   SUNSET   519 PM CST
NOVEMBER 20 2017......SUNRISE   656 AM CST   SUNSET   519 PM CST


-  INDICATES NEGATIVE NUMBERS.
R  INDICATES RECORD WAS SET OR TIED.
MM INDICATES DATA IS MISSING.
T  INDICATES TRACE AMOUNT.




$$
