000
CDUS44 KSHV 262252
CLITYR


CLIMATE REPORT
NATIONAL WEATHER SERVICE SHREVEPORT, LA
451 PM CST SUN FEB 26 2017


...................................

...THE TYLER CLIMATE SUMMARY FOR FEBRUARY 26 2017...
VALID TODAY AS OF 0400 PM LOCAL TIME.

CLIMATE NORMAL PERIOD 1981 TO 2010
CLIMATE RECORD PERIOD 1896 TO 2017


WEATHER ITEM   OBSERVED TIME   RECORD YEAR NORMAL DEPARTURE LAST
                VALUE   (LST)  VALUE       VALUE  FROM      YEAR
                                                  NORMAL
..................................................................
TEMPERATURE (F)
 TODAY
  MAXIMUM         66    359 PM  87    1986  63      3       59
  MINIMUM         40    147 AM  18    1960  43     -3       32
  AVERAGE         53                        53      0       46

PRECIPITATION (IN)
  TODAY            T             2.56 1944   0.14  -0.14     0.00
  MONTH TO DATE    2.25                      3.50  -1.25     2.77
  SINCE DEC 1     10.44                     10.80  -0.36    13.97
  SINCE JAN 1      7.79                      6.56   1.23     4.20

SNOWFALL (IN)
  TODAY           MM
  MONTH TO DATE    0.0
  SINCE DEC 1      T
  SINCE JUL 1      T
  SNOW DEPTH       0

DEGREE DAYS
 HEATING
  TODAY           12                        12      0       19
  MONTH TO DATE  173                       389   -216      271
  SINCE DEC 1    953                      1493   -540     1100
  SINCE JUL 1   1084                      1867   -783     1293

 COOLING
  TODAY            0                         0      0        0
  MONTH TO DATE   36                         0     36        8
  SINCE DEC 1     77                        10     67       37
  SINCE JAN 1     55                         4     51       10
..................................................................


WIND (MPH)
  HIGHEST WIND SPEED    21   HIGHEST WIND DIRECTION     S (170)
  HIGHEST GUST SPEED    27   HIGHEST GUST DIRECTION    SE (150)
  AVERAGE WIND SPEED    10.6


SKY COVER
  POSSIBLE SUNSHINE  MM
  AVERAGE SKY COVER 0.4


WEATHER CONDITIONS
 THE FOLLOWING WEATHER WAS RECORDED TODAY.
  NO SIGNIFICANT WEATHER WAS OBSERVED.


RELATIVE HUMIDITY (PERCENT)
 HIGHEST    67          1200 AM
 LOWEST     42          1100 AM
 AVERAGE    55

..........................................................


THE TYLER CLIMATE NORMALS FOR TOMORROW
                         NORMAL    RECORD    YEAR
 MAXIMUM TEMPERATURE (F)   63        87      1986
 MINIMUM TEMPERATURE (F)   43        20      2002


SUNRISE AND SUNSET
FEBRUARY 26 2017......SUNRISE   652 AM CST   SUNSET   617 PM CST
FEBRUARY 27 2017......SUNRISE   651 AM CST   SUNSET   618 PM CST


-  INDICATES NEGATIVE NUMBERS.
R  INDICATES RECORD WAS SET OR TIED.
MM INDICATES DATA IS MISSING.
T  INDICATES TRACE AMOUNT.




$$
