000
CDUS44 KSHV 050734
CLITYR


CLIMATE REPORT
NATIONAL WEATHER SERVICE SHREVEPORT, LA
231 AM CDT SAT SEP 5 2015


...................................

...THE TYLER CLIMATE SUMMARY FOR SEPTEMBER 4 2015...

CLIMATE NORMAL PERIOD 1981 TO 2010
CLIMATE RECORD PERIOD 1896 TO 2015


WEATHER ITEM   OBSERVED TIME   RECORD YEAR NORMAL DEPARTURE LAST
                VALUE   (LST)  VALUE       VALUE  FROM      YEAR
                                                  NORMAL
..................................................................
TEMPERATURE (F)
 YESTERDAY
  MAXIMUM         94    247 PM 109    2000  90      4       96
  MINIMUM         74    625 AM  48    1974  70      4       75
  AVERAGE         84                        80      4       86

PRECIPITATION (IN)
  YESTERDAY        0.00          3.32 1932   0.12  -0.12     0.00
  MONTH TO DATE    T                         0.49  -0.49     0.00
  SINCE DEC 1     41.98                     33.99   7.99    24.62
  SINCE JAN 1     40.51                     29.75  10.76    21.60

SNOWFALL (IN)
  YESTERDAY        0.0
  MONTH TO DATE    0.0
  SINCE SEP 1      0.0
  SINCE JUL 1      0.0
  SNOW DEPTH       0

DEGREE DAYS
 HEATING
  YESTERDAY        0                         0      0        0
  MONTH TO DATE    0                         0      0        0
  SINCE SEP 1      0                         0      0        0
  SINCE JUL 1      0                         0      0        0

 COOLING
  YESTERDAY       19                        15      4       21
  MONTH TO DATE   68                        61      7       86
  SINCE SEP 1     68                        61      7       86
  SINCE JAN 1   2338                      1983    355     2052
..................................................................


WIND (MPH)
  HIGHEST WIND SPEED    10   HIGHEST WIND DIRECTION    SE (140)
  HIGHEST GUST SPEED    16   HIGHEST GUST DIRECTION    SE (140)
  AVERAGE WIND SPEED     5.1


SKY COVER
  POSSIBLE SUNSHINE  MM
  AVERAGE SKY COVER 0.2


WEATHER CONDITIONS
 THE FOLLOWING WEATHER WAS RECORDED YESTERDAY.
  NO SIGNIFICANT WEATHER WAS OBSERVED.


RELATIVE HUMIDITY (PERCENT)
 HIGHEST    87           500 AM
 LOWEST     46           500 PM
 AVERAGE    67

..........................................................


THE TYLER CLIMATE NORMALS FOR TODAY
                         NORMAL    RECORD    YEAR
 MAXIMUM TEMPERATURE (F)   89       106      1913
 MINIMUM TEMPERATURE (F)   70        47      1974


SUNRISE AND SUNSET
SEPTEMBER  5 2015.....SUNRISE   659 AM CDT   SUNSET   741 PM CDT
SEPTEMBER  6 2015.....SUNRISE   700 AM CDT   SUNSET   740 PM CDT


-  INDICATES NEGATIVE NUMBERS.
R  INDICATES RECORD WAS SET OR TIED.
MM INDICATES DATA IS MISSING.
T  INDICATES TRACE AMOUNT.




$$
