000
CDUS44 KSHV 260733
CLITYR


CLIMATE REPORT
NATIONAL WEATHER SERVICE SHREVEPORT, LA
232 AM CDT TUE SEP 26 2017


...................................

...THE TYLER CLIMATE SUMMARY FOR SEPTEMBER 25 2017...

CLIMATE NORMAL PERIOD 1981 TO 2010
CLIMATE RECORD PERIOD 1896 TO 2017


WEATHER ITEM   OBSERVED TIME   RECORD YEAR NORMAL DEPARTURE LAST
                VALUE   (LST)  VALUE       VALUE  FROM      YEAR
                                                  NORMAL
..................................................................
TEMPERATURE (F)
 YESTERDAY
  MAXIMUM         91    307 PM 100    2011  84      7       91
  MINIMUM         69    636 AM  43    1989  63      6       72
  AVERAGE         80                        73      7       82

PRECIPITATION (IN)
  YESTERDAY        0.00          1.82 1972   0.11  -0.11     0.09
  MONTH TO DATE    0.18                      2.83  -2.65     0.16
  SINCE DEC 1     34.50                     36.33  -1.83    41.37
  SINCE JAN 1     31.85                     32.09  -0.24    31.60

SNOWFALL (IN)
  YESTERDAY        0.0
  MONTH TO DATE    0.0
  SINCE SEP 1      0.0
  SINCE JUL 1      0.0
  SNOW DEPTH       0

DEGREE DAYS
 HEATING
  YESTERDAY        0                         0      0        0
  MONTH TO DATE    0                         0      0        0
  SINCE SEP 1      0                         0      0        0
  SINCE JUL 1      0                         0      0        0

 COOLING
  YESTERDAY       15                         9      6       17
  MONTH TO DATE  307                       303      4      450
  SINCE SEP 1    307                       303      4      450
  SINCE JAN 1   2441                      2225    216     2749
..................................................................


WIND (MPH)
  HIGHEST WIND SPEED    14   HIGHEST WIND DIRECTION    SE (150)
  HIGHEST GUST SPEED    19   HIGHEST GUST DIRECTION     S (190)
  AVERAGE WIND SPEED     6.4


SKY COVER
  POSSIBLE SUNSHINE  MM
  AVERAGE SKY COVER 0.1


WEATHER CONDITIONS
 THE FOLLOWING WEATHER WAS RECORDED YESTERDAY.
  NO SIGNIFICANT WEATHER WAS OBSERVED.


RELATIVE HUMIDITY (PERCENT)
 HIGHEST   100           700 AM
 LOWEST     41           200 PM
 AVERAGE    71

..........................................................


THE TYLER CLIMATE NORMALS FOR TODAY
                         NORMAL    RECORD    YEAR
 MAXIMUM TEMPERATURE (F)   84       100      2005
                                             1939
 MINIMUM TEMPERATURE (F)   62        43      1956


SUNRISE AND SUNSET
SEPTEMBER 26 2017.....SUNRISE   713 AM CDT   SUNSET   713 PM CDT
SEPTEMBER 27 2017.....SUNRISE   713 AM CDT   SUNSET   711 PM CDT


-  INDICATES NEGATIVE NUMBERS.
R  INDICATES RECORD WAS SET OR TIED.
MM INDICATES DATA IS MISSING.
T  INDICATES TRACE AMOUNT.




$$
