000
CDUS44 KSHV 281245
CLITYR


CLIMATE REPORT
NATIONAL WEATHER SERVICE SHREVEPORT, LA
745 AM CDT SAT MAR 28 2015


...................................

...THE TYLER CLIMATE SUMMARY FOR MARCH 27 2015...

CLIMATE NORMAL PERIOD 1981 TO 2010
CLIMATE RECORD PERIOD 1896 TO 2015


WEATHER ITEM   OBSERVED TIME   RECORD YEAR NORMAL DEPARTURE LAST
                VALUE   (LST)  VALUE       VALUE  FROM      YEAR
                                                  NORMAL
..................................................................
TEMPERATURE (F)
 YESTERDAY
  MAXIMUM         70    204 PM  87    1939  69      1       70
  MINIMUM         38    349 AM  24    1955  49    -11       54
  AVERAGE         54                        59     -5       62

PRECIPITATION (IN)
  YESTERDAY        0.00          1.92 1977   0.12  -0.12     0.01
  MONTH TO DATE    6.65                      3.68   2.97     1.65
  SINCE DEC 1     15.44                     14.79   0.65     8.67
  SINCE JAN 1     13.97                     10.55   3.42     5.65

SNOWFALL (IN)
  YESTERDAY        0.0
  MONTH TO DATE    0.5
  SINCE MAR 1      0.5
  SINCE JUL 1      2.1
  SNOW DEPTH       0

DEGREE DAYS
 HEATING
  YESTERDAY       11                         7      4        3
  MONTH TO DATE  264                       247     17      340
  SINCE MAR 1    264                       247     17      340
  SINCE JUL 1   2151                      2139     12     2404

 COOLING
  YESTERDAY        0                         1     -1        0
  MONTH TO DATE   19                        15      4        8
  SINCE MAR 1     19                        15      4        8
  SINCE JAN 1     19                        27     -8       11
..................................................................


WIND (MPH)
  HIGHEST WIND SPEED    21   HIGHEST WIND DIRECTION     N (350)
  HIGHEST GUST SPEED    28   HIGHEST GUST DIRECTION    NE (30)
  AVERAGE WIND SPEED     7.1


SKY COVER
  POSSIBLE SUNSHINE  MM
  AVERAGE SKY COVER 0.0


WEATHER CONDITIONS
 THE FOLLOWING WEATHER WAS RECORDED YESTERDAY.
  NO SIGNIFICANT WEATHER WAS OBSERVED.


RELATIVE HUMIDITY (PERCENT)
 HIGHEST    85           400 AM
 LOWEST     28           100 PM
 AVERAGE    57

..........................................................


THE TYLER CLIMATE NORMALS FOR TODAY
                         NORMAL    RECORD    YEAR
 MAXIMUM TEMPERATURE (F)   70        87      1989
 MINIMUM TEMPERATURE (F)   49        24      1955


SUNRISE AND SUNSET
MARCH 28 2015.........SUNRISE   715 AM CDT   SUNSET   739 PM CDT
MARCH 29 2015.........SUNRISE   714 AM CDT   SUNSET   739 PM CDT


-  INDICATES NEGATIVE NUMBERS.
R  INDICATES RECORD WAS SET OR TIED.
MM INDICATES DATA IS MISSING.
T  INDICATES TRACE AMOUNT.




$$
