000
CDUS44 KSHV 310734
CLITYR


CLIMATE REPORT
NATIONAL WEATHER SERVICE SHREVEPORT, LA
233 AM CDT THU JUL 31 2014


...................................

...THE TYLER CLIMATE SUMMARY FOR JULY 30 2014...

CLIMATE NORMAL PERIOD 1981 TO 2010
CLIMATE RECORD PERIOD 1896 TO 2014


WEATHER ITEM   OBSERVED TIME   RECORD YEAR NORMAL DEPARTURE LAST
                VALUE   (LST)  VALUE       VALUE  FROM      YEAR
                                                  NORMAL
..................................................................
TEMPERATURE (F)
 YESTERDAY
  MAXIMUM         89    333 PM 107    1930  94     -5       97
  MINIMUM         74    647 AM  61    1984  74      0       77
  AVERAGE         82                        84     -2       87

PRECIPITATION (IN)
  YESTERDAY        0.00          2.05 1903   0.07  -0.07     0.00
  MONTH TO DATE    1.53                      2.58  -1.05     3.37
  SINCE DEC 1     21.41                     30.58  -9.17    22.27
  SINCE JAN 1     18.39                     26.34  -7.95    19.38

SNOWFALL (IN)
  YESTERDAY        0.0
  MONTH TO DATE    0.0
  SINCE JUN 1      0.0
  SINCE JUL 1      0.0
  SNOW DEPTH       0

DEGREE DAYS
 HEATING
  YESTERDAY        0                         0      0        0
  MONTH TO DATE    0                         0      0        0
  SINCE JUN 1      0                         0      0        0
  SINCE JUL 1      0                         0      0        0

 COOLING
  YESTERDAY       17                        19     -2       22
  MONTH TO DATE  508                       539    -31      532
  SINCE JUN 1    976                       972      4     1044
  SINCE JAN 1   1369                      1341     28     1441
..................................................................


WIND (MPH)
  HIGHEST WIND SPEED    15   HIGHEST WIND DIRECTION    SE (120)
  HIGHEST GUST SPEED    18   HIGHEST GUST DIRECTION     E (110)
  AVERAGE WIND SPEED     9.0


SKY COVER
  POSSIBLE SUNSHINE  MM
  AVERAGE SKY COVER 0.3


WEATHER CONDITIONS
 THE FOLLOWING WEATHER WAS RECORDED YESTERDAY.
  NO SIGNIFICANT WEATHER WAS OBSERVED.


RELATIVE HUMIDITY (PERCENT)
 HIGHEST    79           600 AM
 LOWEST     53           500 PM
 AVERAGE    66

..........................................................


THE TYLER CLIMATE NORMALS FOR TODAY
                         NORMAL    RECORD    YEAR
 MAXIMUM TEMPERATURE (F)   94       111      1921
 MINIMUM TEMPERATURE (F)   74        51      1971


SUNRISE AND SUNSET
JULY 31 2014..........SUNRISE   636 AM CDT   SUNSET   820 PM CDT
AUGUST  1 2014........SUNRISE   636 AM CDT   SUNSET   819 PM CDT


-  INDICATES NEGATIVE NUMBERS.
R  INDICATES RECORD WAS SET OR TIED.
MM INDICATES DATA IS MISSING.
T  INDICATES TRACE AMOUNT.




$$
