000
CDUS44 KMRX 292147
CLITYS


CLIMATE REPORT
NATIONAL WEATHER SERVICE MORRISTOWN TN
546 PM EDT MON AUG 29 2016


...................................

...THE KNOXVILLE    ASOS CLIMATE SUMMARY FOR AUGUST 29 2016...
VALID TODAY AS OF 0500 PM LOCAL TIME.

CLIMATE NORMAL PERIOD 1981 TO 2010
CLIMATE RECORD PERIOD 1871 TO 2016


WEATHER ITEM   OBSERVED TIME   RECORD YEAR NORMAL DEPARTURE LAST
                VALUE   (LST)  VALUE       VALUE  FROM      YEAR
                                                  NORMAL
..................................................................
TEMPERATURE (F)
 TODAY
  MAXIMUM         93    356 PM 102    1948  87      6       90
  MINIMUM         68    606 AM  53    1986  66      2       66
                                      1968
  AVERAGE         81                        76      5       78

PRECIPITATION (IN)
  TODAY            0.00          2.62 1874   0.09  -0.09     0.00
  MONTH TO DATE    2.33                      3.10  -0.77     3.66
  SINCE JUN 1     11.56                     11.99  -0.43    15.44
  SINCE JAN 1     30.82                     33.43  -2.61    32.92

SNOWFALL (IN)
  TODAY            0.0                       0.0    0.0      0.0
  MONTH TO DATE    0.0                       0.0    0.0      0.0
  SINCE JUN 1      0.0                       0.0    0.0      0.0
  SINCE JUL 1      0.0                       0.0    0.0      0.0
  SNOW DEPTH       0

DEGREE DAYS
 HEATING
  TODAY            0                         0      0        0
  MONTH TO DATE    0                         0      0        0
  SINCE JUN 1      0                         4     -4        0
  SINCE JUL 1      0                         0      0        0

 COOLING
  TODAY           16                        12      4       13
  MONTH TO DATE  481                       370    111      344
  SINCE JUN 1   1405                      1092    313     1167
  SINCE JAN 1   1616                      1254    362     1401
..................................................................


WIND (MPH)
  HIGHEST WIND SPEED    14   HIGHEST WIND DIRECTION     N (20)
  HIGHEST GUST SPEED    17   HIGHEST GUST DIRECTION    NE (30)
  AVERAGE WIND SPEED     3.0


SKY COVER
  POSSIBLE SUNSHINE  MM
  AVERAGE SKY COVER 0.4


WEATHER CONDITIONS
 THE FOLLOWING WEATHER WAS RECORDED TODAY.
  NO SIGNIFICANT WEATHER WAS OBSERVED.


RELATIVE HUMIDITY (PERCENT)
 HIGHEST    90           200 AM
 LOWEST     30           200 PM
 AVERAGE    60

..........................................................


THE KNOXVILLE    ASOS CLIMATE NORMALS FOR TOMORROW
                         NORMAL    RECORD    YEAR
 MAXIMUM TEMPERATURE (F)   87        96      1995
                                             1953
 MINIMUM TEMPERATURE (F)   66        53      1883


SUNRISE AND SUNSET
AUGUST 29 2016........SUNRISE   706 AM EDT   SUNSET   807 PM EDT
AUGUST 30 2016........SUNRISE   707 AM EDT   SUNSET   805 PM EDT


-  INDICATES NEGATIVE NUMBERS.
R  INDICATES RECORD WAS SET OR TIED.
MM INDICATES DATA IS MISSING.
T  INDICATES TRACE AMOUNT.




$$
