000
CDUS44 KMRX 301227
CLITYS

CLIMATE REPORT NATIONAL WEATHER SERVICE MORRISTOWN TN
827 AM EDT SAT AUG 30 2014

...................................

...THE KNOXVILLE  CLIMATE SUMMARY FOR AUGUST 29 2014...

CLIMATE NORMAL PERIOD 1981 TO 2010
CLIMATE RECORD PERIOD 1871 TO 2014


WEATHER ITEM   OBSERVED TIME   RECORD YEAR NORMAL DEPARTURE LAST
                VALUE   (LST)  VALUE       VALUE  FROM      YEAR
                                                  NORMAL
..................................................................
TEMPERATURE (F)
 YESTERDAY
  MAXIMUM         91    504 PM 102    1948  87      4       88
  MINIMUM         70    617 AM  53    1986  66      4       73
                                      1968
  AVERAGE         81                        76      5       81

PRECIPITATION (IN)
  YESTERDAY        T             2.62 1874   0.09  -0.09      T
  MONTH TO DATE    3.31                      3.10   0.21     2.97
  SINCE JUN 1     12.53                     11.99   0.54    19.72
  SINCE JAN 1     28.56                     33.43  -4.87    51.14

SNOWFALL (IN)
  YESTERDAY        0.0                       0.0    0.0      0.0
  MONTH TO DATE    0.0                       0.0    0.0      0.0
  SINCE JUN 1      0.0                       0.0    0.0      0.0
  SINCE JUL 1      0.0                       0.0    0.0      0.0
  SNOW DEPTH       0

DEGREE DAYS
 HEATING
  YESTERDAY        0                         0      0        0
  MONTH TO DATE    0                         0      0        0
  SINCE JUN 1      0                         4     -4        0
  SINCE JUL 1      0                         0      0        0

 COOLING
  YESTERDAY       16                        12      4       16
  MONTH TO DATE  323                       370    -47      331
  SINCE JUN 1    970                      1092   -122     1001
  SINCE JAN 1   1175                      1254    -79     1157
..................................................................


WIND (MPH)
  HIGHEST WIND SPEED    13   HIGHEST WIND DIRECTION    SW (240)
  HIGHEST GUST SPEED    15   HIGHEST GUST DIRECTION     N (350)
  AVERAGE WIND SPEED     3.3


SKY COVER
  POSSIBLE SUNSHINE  MM
  AVERAGE SKY COVER  MM


WEATHER CONDITIONS
 THE FOLLOWING WEATHER WAS RECORDED YESTERDAY.
  FOG
  HAZE


RELATIVE HUMIDITY (PERCENT)
 HIGHEST   100           400 AM
 LOWEST     41           300 PM
 AVERAGE    71

..........................................................


THE KNOXVILLE    ASOS CLIMATE NORMALS FOR TODAY
                         NORMAL    RECORD    YEAR
 MAXIMUM TEMPERATURE (F)   87        96      1995
                                             1953
 MINIMUM TEMPERATURE (F)   66        53      1883


SUNRISE AND SUNSET
AUGUST 30 2014........SUNRISE   706 AM EDT   SUNSET   806 PM EDT
AUGUST 31 2014........SUNRISE   707 AM EDT   SUNSET   805 PM EDT


-  INDICATES NEGATIVE NUMBERS.
R  INDICATES RECORD WAS SET OR TIED.
MM INDICATES DATA IS MISSING.
T  INDICATES TRACE AMOUNT.

&&

THE LOW TEMPERATURE THIS MORNING WAS 67.
THERE HAS BEEN NO PRECIPITATION SINCE MIDNIGHT.


$$
