000
CDUS44 KMRX 262115
CLITYS


CLIMATE REPORT
NATIONAL WEATHER SERVICE MORRISTOWN TN
515 PM EDT MON SEP 26 2016


...................................

...THE KNOXVILLE    ASOS CLIMATE SUMMARY FOR SEPTEMBER 26 2016...
VALID TODAY AS OF 0500 PM LOCAL TIME.

CLIMATE NORMAL PERIOD 1981 TO 2010
CLIMATE RECORD PERIOD 1871 TO 2016


WEATHER ITEM   OBSERVED TIME   RECORD YEAR NORMAL DEPARTURE LAST
                VALUE   (LST)  VALUE       VALUE  FROM      YEAR
                                                  NORMAL
..................................................................
TEMPERATURE (F)
 TODAY
  MAXIMUM         88   1228 PM  89    1986  78     10       79
                                      1958
                                      1933
  MINIMUM         69    632 AM  41    2001  56     13       61
  AVERAGE         79                        67     12       70

PRECIPITATION (IN)
  TODAY            0.40          3.04 2009   0.11   0.29     0.10
  MONTH TO DATE    1.31                      2.80  -1.49     1.19
  SINCE SEP 1      1.31                      2.80  -1.49     1.19
  SINCE JAN 1     32.13                     36.40  -4.27    34.11

SNOWFALL (IN)
  TODAY            0.0                       0.0    0.0      0.0
  MONTH TO DATE    0.0                       0.0    0.0      0.0
  SINCE SEP 1      0.0                       0.0    0.0      0.0
  SINCE JUL 1      0.0                       0.0    0.0      0.0
  SNOW DEPTH       0

DEGREE DAYS
 HEATING
  TODAY            0                         2     -2        0
  MONTH TO DATE    0                        13    -13       10
  SINCE SEP 1      0                        13    -13       10
  SINCE JUL 1      0                        13    -13       10

 COOLING
  TODAY           14                         4     10        5
  MONTH TO DATE  352                       192    160      201
  SINCE SEP 1    352                       192    160      201
  SINCE JAN 1   2002                      1473    529     1623
..................................................................


WIND (MPH)
  HIGHEST WIND SPEED    32   HIGHEST WIND DIRECTION    SW (230)
  HIGHEST GUST SPEED    36   HIGHEST GUST DIRECTION    SW (230)
  AVERAGE WIND SPEED     6.3


SKY COVER
  POSSIBLE SUNSHINE  MM
  AVERAGE SKY COVER 0.5


WEATHER CONDITIONS
 THE FOLLOWING WEATHER WAS RECORDED TODAY.
  THUNDERSTORM
  RAIN
  LIGHT RAIN
  HAZE


RELATIVE HUMIDITY (PERCENT)
 HIGHEST    79           200 AM
 LOWEST     51          1100 AM
 AVERAGE    65

..........................................................


THE KNOXVILLE    ASOS CLIMATE NORMALS FOR TOMORROW
                         NORMAL    RECORD    YEAR
 MAXIMUM TEMPERATURE (F)   78        90      1998
                                             1986
                                             1911
 MINIMUM TEMPERATURE (F)   56        38      1899


SUNRISE AND SUNSET
SEPTEMBER 26 2016.....SUNRISE   727 AM EDT   SUNSET   726 PM EDT
SEPTEMBER 27 2016.....SUNRISE   728 AM EDT   SUNSET   725 PM EDT


-  INDICATES NEGATIVE NUMBERS.
R  INDICATES RECORD WAS SET OR TIED.
MM INDICATES DATA IS MISSING.
T  INDICATES TRACE AMOUNT.




$$
