000
CDUS44 KMRX 280839
CLITYS

CLIMATE REPORT
NATIONAL WEATHER SERVICE MORRISTOWN TN
437 AM EDT SAT MAR 28 2015


...................................

...THE KNOXVILLE CLIMATE SUMMARY FOR MARCH 27 2015...

CLIMATE NORMAL PERIOD 1981 TO 2010
CLIMATE RECORD PERIOD 1871 TO 2015


WEATHER ITEM   OBSERVED TIME   RECORD YEAR NORMAL DEPARTURE LAST
                VALUE   (LST)  VALUE       VALUE  FROM      YEAR
                                                  NORMAL
..................................................................
TEMPERATURE (F)
 YESTERDAY
  MAXIMUM         52    307 PM  84    1910  65    -13       67
  MINIMUM         36   1159 PM  14    1955  42     -6       25
  AVERAGE         44                        53     -9       46

PRECIPITATION (IN)
  YESTERDAY        0.01          5.75 1994   0.15  -0.14     0.00
  MONTH TO DATE    4.32                      3.76   0.56     1.94
  SINCE MAR 1      4.32                      3.76   0.56     1.94
  SINCE JAN 1     11.46                     12.34  -0.88    10.01

SNOWFALL (IN)
  YESTERDAY        0.0                       0.0    0.0      0.0
  MONTH TO DATE    T                         0.8   -0.8      0.5
  SINCE MAR 1      T                         0.8   -0.8      0.5
  SINCE JUL 1      9.3                       5.9    3.4     12.4
  SNOW DEPTH       0

DEGREE DAYS
 HEATING
  YESTERDAY       21                        12      9       19
  MONTH TO DATE  351                       415    -64      480
  SINCE MAR 1    351                       415    -64      480
  SINCE JUL 1   3616                      3311    305     3527

 COOLING
  YESTERDAY        0                         0      0        0
  MONTH TO DATE    2                         0      2        0
  SINCE MAR 1      2                         0      2        0
  SINCE JAN 1      2                         0      2        0
..................................................................


WIND (MPH)
  HIGHEST WIND SPEED    21   HIGHEST WIND DIRECTION    NW (320)
  HIGHEST GUST SPEED    29   HIGHEST GUST DIRECTION    NW (320)
  AVERAGE WIND SPEED    10.7


SKY COVER
  POSSIBLE SUNSHINE  MM
  AVERAGE SKY COVER  MM


WEATHER CONDITIONS
 THE FOLLOWING WEATHER WAS RECORDED YESTERDAY.
  RAIN
  LIGHT RAIN
  LIGHT SNOW
  FOG


RELATIVE HUMIDITY (PERCENT)
 HIGHEST    92          1200 AM
 LOWEST     39           500 PM
 AVERAGE    66

..........................................................


THE KNOXVILLE CLIMATE NORMALS FOR TODAY
                         NORMAL    RECORD    YEAR
 MAXIMUM TEMPERATURE (F)   65        85      1907
 MINIMUM TEMPERATURE (F)   42        24      1955
                                             1894


SUNRISE AND SUNSET
MARCH 28 2015.........SUNRISE   728 AM EDT   SUNSET   754 PM EDT
MARCH 29 2015.........SUNRISE   727 AM EDT   SUNSET   755 PM EDT


-  INDICATES NEGATIVE NUMBERS.
R  INDICATES RECORD WAS SET OR TIED.
MM INDICATES DATA IS MISSING.
T  INDICATES TRACE AMOUNT.




$$
