000
CDUS44 KMRX 240816
CLITYS


CLIMATE REPORT
NATIONAL WEATHER SERVICE MORRISTOWN TN
415 AM EDT SUN SEP 24 2017


...................................

...THE KNOXVILLE    ASOS CLIMATE SUMMARY FOR SEPTEMBER 23 2017...

CLIMATE NORMAL PERIOD 1981 TO 2010
CLIMATE RECORD PERIOD 1871 TO 2017


WEATHER ITEM   OBSERVED TIME   RECORD YEAR NORMAL DEPARTURE LAST
                VALUE   (LST)  VALUE       VALUE  FROM      YEAR
                                                  NORMAL
..................................................................
TEMPERATURE (F)
 YESTERDAY
  MAXIMUM         89    418 PM  96    1931  79     10       90
  MINIMUM         64    625 AM  40    1999  58      6       65
                                      1983
  AVERAGE         77                        68      9       78

PRECIPITATION (IN)
  YESTERDAY        0.00          3.04 2006   0.11  -0.11     0.00
  MONTH TO DATE    2.43                      2.47  -0.04     0.91
  SINCE SEP 1      2.43                      2.47  -0.04     0.91
  SINCE JAN 1     39.95                     36.07   3.88    31.73

SNOWFALL (IN)
  YESTERDAY        0.0                       0.0    0.0      0.0
  MONTH TO DATE    0.0                       0.0    0.0      0.0
  SINCE SEP 1      0.0                       0.0    0.0      0.0
  SINCE JUL 1      0.0                       0.0    0.0      0.0
  SNOW DEPTH       0

DEGREE DAYS
 HEATING
  YESTERDAY        0                         1     -1        0
  MONTH TO DATE   15                         8      7        0
  SINCE SEP 1     15                         8      7        0
  SINCE JUL 1     15                         8      7        0

 COOLING
  YESTERDAY       12                         5      7       13
  MONTH TO DATE  115                       180    -65      310
  SINCE SEP 1    115                       180    -65      310
  SINCE JAN 1   1403                      1461    -58     1960
..................................................................


WIND (MPH)
  HIGHEST WIND SPEED    12   HIGHEST WIND DIRECTION     N (360)
  HIGHEST GUST SPEED    15   HIGHEST GUST DIRECTION     N (10)
  AVERAGE WIND SPEED     3.6


SKY COVER
  POSSIBLE SUNSHINE  MM
  AVERAGE SKY COVER 0.5


WEATHER CONDITIONS
 THE FOLLOWING WEATHER WAS RECORDED YESTERDAY.
  FOG


RELATIVE HUMIDITY (PERCENT)
 HIGHEST    93           300 AM
 LOWEST     36           500 PM
 AVERAGE    65

..........................................................


THE KNOXVILLE    ASOS CLIMATE NORMALS FOR TODAY
                         NORMAL    RECORD    YEAR
 MAXIMUM TEMPERATURE (F)   79        93      2007
                                             1895
 MINIMUM TEMPERATURE (F)   57        37      1983


SUNRISE AND SUNSET
SEPTEMBER 24 2017.....SUNRISE   726 AM EDT   SUNSET   729 PM EDT
SEPTEMBER 25 2017.....SUNRISE   726 AM EDT   SUNSET   728 PM EDT


-  INDICATES NEGATIVE NUMBERS.
R  INDICATES RECORD WAS SET OR TIED.
MM INDICATES DATA IS MISSING.
T  INDICATES TRACE AMOUNT.




$$
