000
CDUS44 KMRX 190814
CLITYS


CLIMATE REPORT
NATIONAL WEATHER SERVICE MORRISTOWN TN
314 AM EST MON FEB 19 2018


...................................

...THE KNOXVILLE    ASOS CLIMATE SUMMARY FOR FEBRUARY 18 2018...

CLIMATE NORMAL PERIOD 1981 TO 2010
CLIMATE RECORD PERIOD 1871 TO 2018


WEATHER ITEM   OBSERVED TIME   RECORD YEAR NORMAL DEPARTURE LAST
                VALUE   (LST)  VALUE       VALUE  FROM      YEAR
                                                  NORMAL
..................................................................
TEMPERATURE (F)
 YESTERDAY
  MAXIMUM         60    512 PM  73    1948  53      7       51
  MINIMUM         38    741 AM   0    1958  33      5       42
  AVERAGE         49                        43      6       47

PRECIPITATION (IN)
  YESTERDAY        0.00          2.36 1889   0.16  -0.16     0.04
  MONTH TO DATE    6.37                      2.74   3.63     1.73
  SINCE DEC 1     11.29                     11.56  -0.27    12.06
  SINCE JAN 1      7.91                      7.06   0.85     5.10

SNOWFALL (IN)
  YESTERDAY        0.0                       0.1   -0.1      0.0
  MONTH TO DATE    T                         1.2   -1.2       T
  SINCE DEC 1      2.6                       4.7   -2.1      2.3
  SINCE JUL 1      2.6                       4.7   -2.1      2.3
  SNOW DEPTH       0

DEGREE DAYS
 HEATING
  YESTERDAY       16                        22     -6       18
  MONTH TO DATE  362                       430    -68      323
  SINCE DEC 1   2066                      2011     55     1548
  SINCE JUL 1   2684                      2692     -8     1952

 COOLING
  YESTERDAY        0                         0      0        0
  MONTH TO DATE    0                         0      0        0
  SINCE DEC 1      0                         0      0        0
  SINCE JAN 1      0                         0      0        0
..................................................................


WIND (MPH)
  HIGHEST WIND SPEED    14   HIGHEST WIND DIRECTION    NE (30)
  HIGHEST GUST SPEED    23   HIGHEST GUST DIRECTION     N (20)
  AVERAGE WIND SPEED     5.2


SKY COVER
  POSSIBLE SUNSHINE  MM
  AVERAGE SKY COVER 0.6


WEATHER CONDITIONS
 THE FOLLOWING WEATHER WAS RECORDED YESTERDAY.
  FOG


RELATIVE HUMIDITY (PERCENT)
 HIGHEST   100          1200 AM
 LOWEST     42           500 PM
 AVERAGE    71

..........................................................


THE KNOXVILLE    ASOS CLIMATE NORMALS FOR TODAY
                         NORMAL    RECORD    YEAR
 MAXIMUM TEMPERATURE (F)   54        78      1939
 MINIMUM TEMPERATURE (F)   33         3      1958


SUNRISE AND SUNSET
FEBRUARY 19 2018......SUNRISE   718 AM EST   SUNSET   622 PM EST
FEBRUARY 20 2018......SUNRISE   717 AM EST   SUNSET   623 PM EST


-  INDICATES NEGATIVE NUMBERS.
R  INDICATES RECORD WAS SET OR TIED.
MM INDICATES DATA IS MISSING.
T  INDICATES TRACE AMOUNT.




$$
