000
CDUS44 KMRX 052229
CLITYS

CLIMATE REPORT NATIONAL WEATHER SERVICE MORRISTOWN TN
529 PM EST THU MAR 5 2015

...................................

...THE KNOXVILLE  CLIMATE SUMMARY FOR MARCH 5 2015... VALID TODAY AS
OF 0500 PM LOCAL TIME.

CLIMATE NORMAL PERIOD 1981 TO 2010
CLIMATE RECORD PERIOD 1871 TO 2015


WEATHER ITEM   OBSERVED TIME   RECORD YEAR NORMAL DEPARTURE LAST
                VALUE   (LST)  VALUE       VALUE  FROM      YEAR
                                                  NORMAL
..................................................................
TEMPERATURE (F)
 TODAY
  MAXIMUM         41   1229 AM  78    1910  58    -17       57
  MINIMUM         28    454 PM   6    1960  37     -9       30
  AVERAGE         35                        47    -12       44

PRECIPITATION (IN)
  TODAY            0.95          2.98 1963   0.13   0.82     0.00
  MONTH TO DATE    1.61                      0.70   0.91     0.94
  SINCE MAR 1      1.61                      0.70   0.91     0.94
  SINCE JAN 1      8.75                      9.28  -0.53     9.01

SNOWFALL (IN)
  TODAY            0.0                       0.1   -0.1      0.0
  MONTH TO DATE    0.0                       0.2   -0.2       T
  SINCE MAR 1      0.0                       0.2   -0.2       T
  SINCE JUL 1      9.3                       5.3    4.0     11.9
  SNOW DEPTH       0

DEGREE DAYS
 HEATING
  TODAY           30                        18     12       21
  MONTH TO DATE  105                        92     13      103
  SINCE MAR 1    105                        92     13      103
  SINCE JUL 1   3370                      2988    382     3150

 COOLING
  TODAY            0                         0      0        0
  MONTH TO DATE    0                         0      0        0
  SINCE MAR 1      0                         0      0        0
  SINCE JAN 1      0                         0      0        0
..................................................................


WIND (MPH)
  HIGHEST WIND SPEED    18   HIGHEST WIND DIRECTION     N (350)
  HIGHEST GUST SPEED    25   HIGHEST GUST DIRECTION     N (340)
  AVERAGE WIND SPEED    11.1


SKY COVER
  POSSIBLE SUNSHINE  MM
  AVERAGE SKY COVER 1.0


WEATHER CONDITIONS
 THE FOLLOWING WEATHER WAS RECORDED TODAY.
  HEAVY RAIN
  RAIN
  LIGHT RAIN
  FREEZING RAIN
  LT FREEZING RAIN
  SNOW
  SLEET
  FOG


RELATIVE HUMIDITY (PERCENT)
 HIGHEST    93          1200 AM
 LOWEST     85           200 PM
 AVERAGE    89

..........................................................


THE KNOXVILLE    ASOS CLIMATE NORMALS FOR TOMORROW
                         NORMAL    RECORD    YEAR
 MAXIMUM TEMPERATURE (F)   58        79      1983
                                             1956
 MINIMUM TEMPERATURE (F)   37        12      1960
                                             1901


SUNRISE AND SUNSET
MARCH  5 2015.........SUNRISE   701 AM EST   SUNSET   634 PM EST
MARCH  6 2015.........SUNRISE   700 AM EST   SUNSET   635 PM EST


-  INDICATES NEGATIVE NUMBERS.
R  INDICATES RECORD WAS SET OR TIED.
MM INDICATES DATA IS MISSING.
T  INDICATES TRACE AMOUNT.




$$
