000
CDUS44 KMRX 262132
CLITYS


CLIMATE REPORT
NATIONAL WEATHER SERVICE MORRISTOWN TN
532 PM EDT WED APR 26 2017


...................................

...THE KNOXVILLE    ASOS CLIMATE SUMMARY FOR APRIL 26 2017...
VALID TODAY AS OF 0500 PM LOCAL TIME.

CLIMATE NORMAL PERIOD 1981 TO 2010
CLIMATE RECORD PERIOD 1871 TO 2017


WEATHER ITEM   OBSERVED TIME   RECORD YEAR NORMAL DEPARTURE LAST
                VALUE   (LST)  VALUE       VALUE  FROM      YEAR
                                                  NORMAL
..................................................................
TEMPERATURE (F)
 TODAY
  MAXIMUM         82    356 PM  89    1986  73      9       84
  MINIMUM         52    610 AM  34    1873  50      2       59
  AVERAGE         67                        62      5       72

PRECIPITATION (IN)
  TODAY            0.00          1.45 1973   0.14  -0.14     0.00
  MONTH TO DATE    6.92                      3.46   3.46     1.78
  SINCE MAR 1     12.65                      7.80   4.85     4.72
  SINCE JAN 1     18.59                     16.38   2.21    14.60

SNOWFALL (IN)
  TODAY            0.0                       0.0    0.0      0.0
  MONTH TO DATE    T                         0.5   -0.5      0.0
  SINCE MAR 1      T                         1.4   -1.4      0.0
  SINCE JUL 1      2.3                       6.5   -4.2      5.2
  SNOW DEPTH       0

DEGREE DAYS
 HEATING
  TODAY            0                         5     -5        0
  MONTH TO DATE   81                       202   -121      164
  SINCE MAR 1    480                       663   -183      470
  SINCE JUL 1   2539                      3559  -1020     2903

 COOLING
  TODAY            2                         2      0        7
  MONTH TO DATE   61                        25     36       33
  SINCE MAR 1     64                        30     34       48
  SINCE JAN 1     64                        30     34       48
..................................................................


WIND (MPH)
  HIGHEST WIND SPEED    13   HIGHEST WIND DIRECTION    SW (230)
  HIGHEST GUST SPEED    16   HIGHEST GUST DIRECTION    SW (230)
  AVERAGE WIND SPEED     4.2


SKY COVER
  POSSIBLE SUNSHINE  MM
  AVERAGE SKY COVER 0.3


WEATHER CONDITIONS
 THE FOLLOWING WEATHER WAS RECORDED TODAY.
  FOG


RELATIVE HUMIDITY (PERCENT)
 HIGHEST    96           600 AM
 LOWEST     45           200 PM
 AVERAGE    71

..........................................................


THE KNOXVILLE    ASOS CLIMATE NORMALS FOR TOMORROW
                         NORMAL    RECORD    YEAR
 MAXIMUM TEMPERATURE (F)   73        91      1986
 MINIMUM TEMPERATURE (F)   51        34      1976


SUNRISE AND SUNSET
APRIL 26 2017.........SUNRISE   649 AM EDT   SUNSET   819 PM EDT
APRIL 27 2017.........SUNRISE   648 AM EDT   SUNSET   820 PM EDT


-  INDICATES NEGATIVE NUMBERS.
R  INDICATES RECORD WAS SET OR TIED.
MM INDICATES DATA IS MISSING.
T  INDICATES TRACE AMOUNT.




$$
