000
CDUS44 KMRX 060820
CLITYS


CLIMATE REPORT
NATIONAL WEATHER SERVICE MORRISTOWN TN
420 AM EDT FRI MAY 6 2016


...................................

...THE KNOXVILLE    ASOS CLIMATE SUMMARY FOR MAY 5 2016...

CLIMATE NORMAL PERIOD 1981 TO 2010
CLIMATE RECORD PERIOD 1871 TO 2016


WEATHER ITEM   OBSERVED TIME   RECORD YEAR NORMAL DEPARTURE LAST
                VALUE   (LST)  VALUE       VALUE  FROM      YEAR
                                                  NORMAL
..................................................................
TEMPERATURE (F)
 YESTERDAY
  MAXIMUM         57    223 PM  93    1959  75    -18       84
  MINIMUM         45    535 AM  37    2011  53     -8       55
                                      1954
  AVERAGE         51                        64    -13       70

PRECIPITATION (IN)
  YESTERDAY        0.10          3.04 2003   0.15  -0.05      T
  MONTH TO DATE    0.75                      0.75   0.00      T
  SINCE MAR 1      6.07                      9.10  -3.03     8.58
  SINCE JAN 1     15.95                     17.68  -1.73    15.72

SNOWFALL (IN)
  YESTERDAY       MM                         0.0   MM        0.0
  MONTH TO DATE    0.0                       0.0    0.0      0.0
  SINCE MAR 1      0.0                       1.4   -1.4       T
  SINCE JUL 1      5.2                       6.5   -1.3      9.3
  SNOW DEPTH       0

DEGREE DAYS
 HEATING
  YESTERDAY       14                         3     11        0
  MONTH TO DATE   21                        17      4       22
  SINCE MAR 1    491                       696   -205      572
  SINCE JUL 1   2924                      3592   -668     3837

 COOLING
  YESTERDAY        0                         2     -2        5
  MONTH TO DATE   13                        10      3        7
  SINCE MAR 1     86                        47     39       32
  SINCE JAN 1     86                        47     39       32
..................................................................


WIND (MPH)
  HIGHEST WIND SPEED    20   HIGHEST WIND DIRECTION     N (340)
  HIGHEST GUST SPEED    25   HIGHEST GUST DIRECTION    NW (330)
  AVERAGE WIND SPEED     6.9


SKY COVER
  POSSIBLE SUNSHINE  MM
  AVERAGE SKY COVER 0.8


WEATHER CONDITIONS
 THE FOLLOWING WEATHER WAS RECORDED YESTERDAY.
  LIGHT RAIN
  FOG


RELATIVE HUMIDITY (PERCENT)
 HIGHEST    93          1200 AM
 LOWEST     63           700 PM
 AVERAGE    78

..........................................................


THE KNOXVILLE    ASOS CLIMATE NORMALS FOR TODAY
                         NORMAL    RECORD    YEAR
 MAXIMUM TEMPERATURE (F)   76        89      1949
 MINIMUM TEMPERATURE (F)   53        38      1891


SUNRISE AND SUNSET
MAY  6 2016...........SUNRISE   638 AM EDT   SUNSET   827 PM EDT
MAY  7 2016...........SUNRISE   637 AM EDT   SUNSET   828 PM EDT


-  INDICATES NEGATIVE NUMBERS.
R  INDICATES RECORD WAS SET OR TIED.
MM INDICATES DATA IS MISSING.
T  INDICATES TRACE AMOUNT.




$$
