000
CDUS43 KLOT 280638
CLIUGN


CLIMATE REPORT
NATIONAL WEATHER SERVICE CHICAGO IL
137 AM CDT THU JUL 28 2016


...................................

...THE WAUKEGAN   CLIMATE SUMMARY FOR JULY 27 2016...

CLIMATE NORMAL PERIOD 1981 TO 2010
CLIMATE RECORD PERIOD 2000 TO 2016


WEATHER ITEM   OBSERVED TIME   RECORD YEAR NORMAL DEPARTURE LAST
                VALUE   (LST)  VALUE       VALUE  FROM      YEAR
                                                  NORMAL
..................................................................
TEMPERATURE (F)
 YESTERDAY
  MAXIMUM         88R   118 PM  88    2002  80      8       82
  MINIMUM         66    442 AM  54    2005  62      4       64
  AVERAGE         77

PRECIPITATION (IN)
  YESTERDAY        0.00          3.39 2011   0.11  -0.11     0.00
  MONTH TO DATE    2.92                      3.38  -0.46     4.29
  SINCE JUN 1      4.27                      7.26  -2.99     8.55
  SINCE JAN 1     16.21                     20.12  -3.91    17.95

DEGREE DAYS
 HEATING
  YESTERDAY        0                         0      0        0
  MONTH TO DATE   10                         3      7       45
  SINCE JUN 1     50                        89    -39      148
  SINCE JUL 1     10                         3      7       45

 COOLING
  YESTERDAY       12                         6      6        8
  MONTH TO DATE  242                       184     58      117
  SINCE JUN 1    373                       289     84      171
  SINCE JAN 1    417                       314    103      196
..................................................................


WIND (MPH)
  RESULTANT WIND SPEED   2   RESULTANT WIND DIRECTION   E (110)
  HIGHEST WIND SPEED    12   HIGHEST WIND DIRECTION    SE (130)
  HIGHEST GUST SPEED    14   HIGHEST GUST DIRECTION    SW (230)
  AVERAGE WIND SPEED     4.3


SKY COVER
  POSSIBLE SUNSHINE  MM
  AVERAGE SKY COVER 0.2


WEATHER CONDITIONS
 THE FOLLOWING WEATHER WAS RECORDED YESTERDAY.
  FOG


RELATIVE HUMIDITY (PERCENT)
 HIGHEST    94
 LOWEST     40
 AVERAGE    67

..........................................................


THE WAUKEGAN   CLIMATE NORMALS FOR TODAY
                         NORMAL    RECORD    YEAR
 MAXIMUM TEMPERATURE (F)   80        93      2002
 MINIMUM TEMPERATURE (F)   62        52      2005


SUNRISE AND SUNSET
JULY 28 2016..........SUNRISE   540 AM CDT   SUNSET   815 PM CDT
JULY 29 2016..........SUNRISE   541 AM CDT   SUNSET   814 PM CDT


-  INDICATES NEGATIVE NUMBERS.
R  INDICATES RECORD WAS SET OR TIED.
MM INDICATES DATA IS MISSING.
T  INDICATES TRACE AMOUNT.




$$
