000
CDUS43 KLOT 210633
CLIUGN


CLIMATE REPORT
NATIONAL WEATHER SERVICE CHICAGO IL
1233 AM CST SUN JAN 21 2018


...................................

...THE WAUKEGAN   CLIMATE SUMMARY FOR JANUARY 20 2018...

CLIMATE NORMAL PERIOD 1981 TO 2010
CLIMATE RECORD PERIOD 2000 TO 2018


WEATHER ITEM   OBSERVED TIME   RECORD YEAR NORMAL DEPARTURE LAST
                VALUE   (LST)  VALUE       VALUE  FROM      YEAR
                                                  NORMAL
..................................................................
TEMPERATURE (F)
 YESTERDAY
  MAXIMUM         47R   225 PM  45    2006  30     17       39
  MINIMUM         30    759 PM  -6    2008  15     15       36
  AVERAGE         39                        22     17       38

PRECIPITATION (IN)
  YESTERDAY        0.00          0.30 2017   0.04  -0.04     0.30
  MONTH TO DATE    0.23                      0.86  -0.63     2.17
  SINCE DEC 1      0.69                      2.86  -2.17     3.07
  SINCE JAN 1      0.23                      0.86  -0.63     2.17

DEGREE DAYS
 HEATING
  YESTERDAY       26                        43    -17       27
  MONTH TO DATE  787                       833    -46      807
  SINCE DEC 1   2017                      1997     20     2043
  SINCE JUL 1   3247                      3382   -135     2930

 COOLING
  YESTERDAY        0                         0      0        0
  MONTH TO DATE    0                         0      0        0
  SINCE DEC 1      0                         0      0        0
  SINCE JAN 1      0                         0      0        0
..................................................................


WIND (MPH)
  RESULTANT WIND SPEED   5   RESULTANT WIND DIRECTION  SW (230)
  HIGHEST WIND SPEED    14   HIGHEST WIND DIRECTION    SW (240)
  HIGHEST GUST SPEED    22   HIGHEST GUST DIRECTION    SW (230)
  AVERAGE WIND SPEED     5.8


SKY COVER
  POSSIBLE SUNSHINE  MM
  AVERAGE SKY COVER 0.2


WEATHER CONDITIONS
 THE FOLLOWING WEATHER WAS RECORDED YESTERDAY.
  FOG


RELATIVE HUMIDITY (PERCENT)
 HIGHEST    92
 LOWEST     53
 AVERAGE    73

..........................................................


THE WAUKEGAN   CLIMATE NORMALS FOR TODAY
                         NORMAL    RECORD    YEAR
 MAXIMUM TEMPERATURE (F)   30        58      2017
 MINIMUM TEMPERATURE (F)   15        -7      2011


SUNRISE AND SUNSET
JANUARY 21 2018.......SUNRISE   715 AM CST   SUNSET   451 PM CST
JANUARY 22 2018.......SUNRISE   714 AM CST   SUNSET   453 PM CST


-  INDICATES NEGATIVE NUMBERS.
R  INDICATES RECORD WAS SET OR TIED.
MM INDICATES DATA IS MISSING.
T  INDICATES TRACE AMOUNT.




$$
