000
CDUS43 KLOT 260634
CLIUGN


CLIMATE REPORT
NATIONAL WEATHER SERVICE CHICAGO IL
133 AM CDT FRI AUG 26 2016


...................................

...THE WAUKEGAN   CLIMATE SUMMARY FOR AUGUST 25 2016...

CLIMATE NORMAL PERIOD 1981 TO 2010
CLIMATE RECORD PERIOD 2000 TO 2016


WEATHER ITEM   OBSERVED TIME   RECORD YEAR NORMAL DEPARTURE LAST
                VALUE   (LST)  VALUE       VALUE  FROM      YEAR
                                                  NORMAL
..................................................................
TEMPERATURE (F)
 YESTERDAY
  MAXIMUM         82    244 PM  91    2012  78      4       66
                                      2003
  MINIMUM         65   1159 PM  57    2015  60      5       57
                                      2011
                                      2010
  AVERAGE         74

PRECIPITATION (IN)
  YESTERDAY        0.34R         0.21 2003   0.13   0.21     0.00
                                      2001
  MONTH TO DATE    2.83                      3.15  -0.32     3.09
  SINCE JUN 1      7.15                     10.91  -3.76    11.64
  SINCE JAN 1     19.09                     23.77  -4.68    21.04

DEGREE DAYS
 HEATING
  YESTERDAY        0                         1     -1        3
  MONTH TO DATE    1                         1      0        8
  SINCE JUN 1     51                        99    -48      156
  SINCE JUL 1     11                        13     -2       53

 COOLING
  YESTERDAY        9                         5      4        0
  MONTH TO DATE  229                       142     87      129
  SINCE JUN 1    628                       452    176      337
  SINCE JAN 1    672                       477    195      362
..................................................................


WIND (MPH)
  RESULTANT WIND SPEED   1   RESULTANT WIND DIRECTION   W (260)
  HIGHEST WIND SPEED    12   HIGHEST WIND DIRECTION    SW (220)
  HIGHEST GUST SPEED    14   HIGHEST GUST DIRECTION    SW (220)
  AVERAGE WIND SPEED     2.7


SKY COVER
  POSSIBLE SUNSHINE  MM
  AVERAGE SKY COVER 0.4


WEATHER CONDITIONS
 THE FOLLOWING WEATHER WAS RECORDED YESTERDAY.
  THUNDERSTORM
  LIGHT RAIN
  FOG


RELATIVE HUMIDITY (PERCENT)
 HIGHEST   100
 LOWEST     51
 AVERAGE    76

..........................................................


THE WAUKEGAN   CLIMATE NORMALS FOR TODAY
                         NORMAL    RECORD    YEAR
 MAXIMUM TEMPERATURE (F)   78        91      2013
                                             2003
 MINIMUM TEMPERATURE (F)   60        50      2015


SUNRISE AND SUNSET
AUGUST 26 2016........SUNRISE   611 AM CDT   SUNSET   735 PM CDT
AUGUST 27 2016........SUNRISE   612 AM CDT   SUNSET   733 PM CDT


-  INDICATES NEGATIVE NUMBERS.
R  INDICATES RECORD WAS SET OR TIED.
MM INDICATES DATA IS MISSING.
T  INDICATES TRACE AMOUNT.




$$
