150
CDUS43 KLOT 060643
CLIUGN


CLIMATE REPORT
NATIONAL WEATHER SERVICE CHICAGO IL
1242 AM CST SAT FEB 6 2016


...................................

...THE WAUKEGAN   CLIMATE SUMMARY FOR FEBRUARY 5 2016...

CLIMATE NORMAL PERIOD 1981 TO 2010
CLIMATE RECORD PERIOD 2000 TO 2016


WEATHER ITEM   OBSERVED TIME   RECORD YEAR NORMAL DEPARTURE LAST
                VALUE   (LST)  VALUE       VALUE  FROM      YEAR
                                                  NORMAL
..................................................................
TEMPERATURE (F)
 YESTERDAY
  MAXIMUM         32    321 PM  51    2005  31      1       15
  MINIMUM         22    227 AM -12    2007  16      6       -9
  AVERAGE         27

PRECIPITATION (IN)
  YESTERDAY        T             0.13 2008   0.05  -0.05     0.00
  MONTH TO DATE    0.64                      0.25   0.39      T
  SINCE DEC 1      6.07                      3.64   2.43     1.34
  SINCE JAN 1      1.27                      1.64  -0.37     0.54

DEGREE DAYS
 HEATING
  YESTERDAY       38                        42     -4       62
  MONTH TO DATE  175                       210    -35      268
  SINCE DEC 1   2301                      2676   -375     2666
  SINCE JUL 1   3459                      4061   -602     4329

 COOLING
  YESTERDAY        0                         0      0        0
  MONTH TO DATE    0                         0      0        0
  SINCE DEC 1      0                         0      0        0
  SINCE JAN 1      0                         0      0        0
..................................................................


WIND (MPH)
  RESULTANT WIND SPEED   3   RESULTANT WIND DIRECTION  NW (300)
  HIGHEST WIND SPEED    10   HIGHEST WIND DIRECTION    NW (310)
  HIGHEST GUST SPEED    16   HIGHEST GUST DIRECTION    NW (300)
  AVERAGE WIND SPEED     4.1


SKY COVER
  POSSIBLE SUNSHINE  MM
  AVERAGE SKY COVER 0.5


WEATHER CONDITIONS
 THE FOLLOWING WEATHER WAS RECORDED YESTERDAY.
  LIGHT SNOW
  FOG


RELATIVE HUMIDITY (PERCENT)
 HIGHEST   100
 LOWEST     58
 AVERAGE    79

..........................................................


THE WAUKEGAN   CLIMATE NORMALS FOR TODAY
                         NORMAL    RECORD    YEAR
 MAXIMUM TEMPERATURE (F)   31        45      2005
 MINIMUM TEMPERATURE (F)   16        -8      2007


SUNRISE AND SUNSET
FEBRUARY  6 2016......SUNRISE   700 AM CST   SUNSET   511 PM CST
FEBRUARY  7 2016......SUNRISE   659 AM CST   SUNSET   513 PM CST


-  INDICATES NEGATIVE NUMBERS.
R  INDICATES RECORD WAS SET OR TIED.
MM INDICATES DATA IS MISSING.
T  INDICATES TRACE AMOUNT.




$$
