032
CDUS43 KLOT 290632
CLIUGN


CLIMATE REPORT
NATIONAL WEATHER SERVICE CHICAGO IL
131 AM CDT FRI APR 29 2016


...................................

...THE WAUKEGAN   CLIMATE SUMMARY FOR APRIL 28 2016...

CLIMATE NORMAL PERIOD 1981 TO 2010
CLIMATE RECORD PERIOD 2000 TO 2016


WEATHER ITEM   OBSERVED TIME   RECORD YEAR NORMAL DEPARTURE LAST
                VALUE   (LST)  VALUE       VALUE  FROM      YEAR
                                                  NORMAL
..................................................................
TEMPERATURE (F)
 YESTERDAY
  MAXIMUM         46   1243 AM  78    2004  60    -14       51
  MINIMUM         39    705 AM  29    2010  41     -2       31
  AVERAGE         43

PRECIPITATION (IN)
  YESTERDAY        0.64R         0.55 2014   0.15   0.49     0.00
  MONTH TO DATE    2.51                      3.14  -0.63     4.24
  SINCE MAR 1      5.75                      5.46   0.29     4.88
  SINCE JAN 1      7.26                      8.51  -1.25     5.42

DEGREE DAYS
 HEATING
  YESTERDAY       22                        14      8       24
  MONTH TO DATE  594                       544     50      537
  SINCE MAR 1   1371                      1468    -97     1543
  SINCE JUL 1   5716                      6414   -698     7068

 COOLING
  YESTERDAY        0                         0      0        0
  MONTH TO DATE    0                         0      0        0
  SINCE MAR 1      0                         0      0        0
  SINCE JAN 1      0                         0      0        0
..................................................................


WIND (MPH)
  RESULTANT WIND SPEED  10   RESULTANT WIND DIRECTION  NE (50)
  HIGHEST WIND SPEED    22   HIGHEST WIND DIRECTION     E (90)
  HIGHEST GUST SPEED    27   HIGHEST GUST DIRECTION     E (90)
  AVERAGE WIND SPEED    10.6


SKY COVER
  POSSIBLE SUNSHINE  MM
  AVERAGE SKY COVER 1.0


WEATHER CONDITIONS
 THE FOLLOWING WEATHER WAS RECORDED YESTERDAY.
  THUNDERSTORM
  RAIN
  LIGHT RAIN
  FOG


RELATIVE HUMIDITY (PERCENT)
 HIGHEST   100
 LOWEST     76
 AVERAGE    88

..........................................................


THE WAUKEGAN   CLIMATE NORMALS FOR TODAY
                         NORMAL    RECORD    YEAR
 MAXIMUM TEMPERATURE (F)   61        82      2007
 MINIMUM TEMPERATURE (F)   42        29      2008


SUNRISE AND SUNSET
APRIL 29 2016.........SUNRISE   549 AM CDT   SUNSET   750 PM CDT
APRIL 30 2016.........SUNRISE   547 AM CDT   SUNSET   751 PM CDT


-  INDICATES NEGATIVE NUMBERS.
R  INDICATES RECORD WAS SET OR TIED.
MM INDICATES DATA IS MISSING.
T  INDICATES TRACE AMOUNT.




$$
